Hemel Hempstead (Grovehill) weather

 Latitude N 51° 46' 21"    Longitude W 00° 27' 08"    Elevation 142 m

NOAA Style Reports

Select a Year or Month report
V/Λ2018 > Jan Feb Mar Apr May Jun Jul Aug Sep Oct Nov Dec
V/Λ2017 > Jan Feb Mar Apr May Jun Jul Aug Sep Oct Nov Dec
V/Λ2016 > Jan Feb Mar Apr May Jun Jul Aug Sep Oct Nov Dec
V/Λ2015 > Jan Feb Mar Apr May Jun Jul Aug Sep Oct Nov Dec
V/Λ2014 > Jan Feb Mar Apr May Jun Jul Aug Sep Oct Nov Dec
V/Λ2013 > Jan Feb Mar Apr May Jun Jul Aug Sep Oct Nov Dec
V/Λ2012 > Jan Feb Mar Apr May Jun Jul Aug Sep Oct Nov Dec

Report for 2018 Jan
                   Monthly Climatological Summary for Jan 2018

Name: Grovehill   City: Hemel Hempstead   State: UK
Elevation: 142 m  Lat: N 51° 46' 21"   Lon: W 000° 27' 08"

                  Temperature (°C), Rain (mm), Wind Speed (mph)

                                      Heat  Cool        Avg
    Mean                              Deg   Deg         Wind                 Dom
Day Temp  High   Time   Low    Time   Days  Days  Rain  Speed High   Time    Dir
----------------------------------------------------------------------------------
 1   5.2   6.6   20:03   3.8   06:20  13.1   0.0   0.6   5.5  27.0   20:10   WSW
 2   6.4  11.3   23:00   2.7   05:47  11.9   0.0  10.4   4.6  35.0   23:21    SW
 3   7.7   9.8   00:00   5.2   04:49  10.6   0.0   0.0   9.9  39.0   13:23   WSW
 4   6.8  11.2   12:12   4.3   23:57  11.4   0.0   7.6   5.6  38.0   13:39   WSW
 5   4.4   7.3   12:52   0.1   23:53  13.9   0.0   0.2   2.4  24.0   13:03    SW
 6   1.6   4.4   15:03  -1.4   03:29  16.7   0.0   0.0   3.2  20.0   19:08    NE
 7   1.5   4.3   13:36  -0.8   22:49  16.8   0.0   0.0   7.1  25.0   13:26    NE
 8   2.2   3.4   15:20  -0.7   00:00  16.1   0.0   0.0   6.4  18.0   01:21   ENE
 9   4.2   6.6   23:23   3.1   00:00  14.1   0.0   0.2   2.1  13.0   21:06   ESE
10   6.3   8.8   12:27   3.0   23:58  12.0   0.0   0.0   2.0  15.0   06:40   WSW
11   5.1   6.0   14:25   2.9   00:07  13.2   0.0   0.4   1.6  11.0   12:53    NW
12   5.6   6.2   13:43   4.4   23:14  12.7   0.0   0.0   1.2  11.0   22:27   ESE
13   4.7   6.4   14:02   3.5   23:48  13.6   0.0   0.0   3.3  15.0   02:04   ESE
----------------------------------------------------------------------------------
     4.7  11.3     2    -1.4     6   176.1   0.0  19.4   4.2  39.0     3     WSW

Max >=  25.0:  0
Max <=   0.0:  0
Min <=   0.0:  3
Min <=  -5.0:  0
Max Rain: 10.4 on day 2
Days of Rain: 6 (>= 0.2 mm)  2 (>= 1.0 mm)  1 (>= 10.0 mm)
Heat Base: 18.3  Cool Base: 18.3  Method: Integration
:now: :gauges: :today/yesterday: :month/year: :records: :monthly records: :graphs: :Metar reports: :NOAA reports: :Rain/ET: :GDD MetOffice: :GDD NOAA: :season averages: :data summary: :system info: ::forum:


Page updated 14/01/2018 13:25:01
powered by Cumulus v1.9.4 (1099)