Hemel Hempstead (Grovehill) weather

 Latitude N 51° 46' 21"    Longitude W 00° 27' 08"    Elevation 142 m

NOAA Style Reports

Select a Year or Month report
V/Λ2018 > Jan Feb Mar Apr May Jun Jul Aug Sep Oct Nov Dec
V/Λ2017 > Jan Feb Mar Apr May Jun Jul Aug Sep Oct Nov Dec
V/Λ2016 > Jan Feb Mar Apr May Jun Jul Aug Sep Oct Nov Dec
V/Λ2015 > Jan Feb Mar Apr May Jun Jul Aug Sep Oct Nov Dec
V/Λ2014 > Jan Feb Mar Apr May Jun Jul Aug Sep Oct Nov Dec
V/Λ2013 > Jan Feb Mar Apr May Jun Jul Aug Sep Oct Nov Dec
V/Λ2012 > Jan Feb Mar Apr May Jun Jul Aug Sep Oct Nov Dec

Report for 2017 Nov
                   Monthly Climatological Summary for Nov 2017

Name: Grovehill   City: Hemel Hempstead   State: UK
Elevation: 142 m  Lat: N 51° 46' 21"   Lon: W 000° 27' 08"

                  Temperature (°C), Rain (mm), Wind Speed (mph)

                                      Heat  Cool        Avg
    Mean                              Deg   Deg         Wind                 Dom
Day Temp  High   Time   Low    Time   Days  Days  Rain  Speed High   Time    Dir
----------------------------------------------------------------------------------
 1   9.8  14.8   13:29   5.4   23:49   8.5   0.0   0.0   1.1  13.0   08:56   SSW
 2   8.2  11.2   10:41   4.4   06:01  10.1   0.0   0.0   0.8   8.0   10:08     W
 3  10.0  13.5   12:26   8.1   06:53   8.3   0.0   0.0   0.5  11.0   12:57   SSW
 4   9.8  12.5   09:58   4.7   22:25   8.5   0.0   7.8   2.5  22.0   12:50     W
 5   5.3   9.9   13:21   1.8   23:46  12.9   0.0   0.0   3.5  19.0   10:35     W
 6   4.7  10.8   13:28  -0.4   07:18  13.6   0.0   0.0   1.0  10.0   23:31   SSW
 7   8.3  11.2   11:28   4.7   23:01  10.0   0.0   6.0   3.3  18.0   18:34   SSE
 8   5.0   9.5   13:21   1.3   23:59  13.3   0.0   0.0   2.5  18.0   07:20    NW
 9   7.5  12.9   12:53   0.9   00:34  10.8   0.0   0.0   1.8  16.0   17:47   WSW
10   8.7  11.6   12:24   6.4   17:43   9.6   0.0   0.4   4.0  25.0   14:00     W
11   7.0   8.8   13:50   5.9   21:42  11.3   0.0   6.4   1.0  10.0   08:56   NNW
12   5.5   7.6   13:26   2.8   23:32  12.8   0.0   1.6   6.2  30.0   11:10   WNW
13   3.3   6.4   12:59   1.1   06:38  15.0   0.0   0.0   3.1  15.0   06:50   WNW
14   8.3  10.9   13:43   4.4   00:00  10.0   0.0   0.0   1.7  10.0   04:54    SW
15  10.2  12.3   13:59   9.0   05:50   8.1   0.0   0.0   0.7   6.0   09:19   WSW
16   8.9  13.9   13:10   1.9   23:50   9.4   0.0   0.2   1.5  17.0   11:45   WSW
17   3.4   8.9   13:09  -0.8   07:39  14.9   0.0   0.0   0.9  10.0   13:10     W
18   5.5   6.9   13:56   1.7   04:49  12.8   0.0   3.2   1.5  13.0   09:40   WSW
19   4.4   7.9   13:39   1.3   07:49  13.9   0.0   0.0   1.7  11.0   00:42     W
20   9.5  12.4   20:30   4.7   00:51   8.8   0.0   1.0   3.8  24.0   10:41   WSW
21  11.8  12.7   19:50  10.8   08:26   6.5   0.0   0.2   5.1  23.0   20:45    SW
22  13.0  14.4   20:18  12.1   02:01   5.3   0.0   0.4   6.7  31.0   23:48   SSW
23   9.5  14.4   00:00   5.8   23:51   8.8   0.0  11.6   5.5  31.0   01:29    SW
24   3.4   7.4   12:15  -1.3   23:22  14.9   0.0   0.0   0.6   8.0   10:02     W
25   2.3   6.8   13:26  -1.3   00:08  16.0   0.0   0.0   3.8  20.0   10:54     W
26   3.7   7.2   13:29   1.6   06:31  14.6   0.0   0.6   4.8  18.0   12:15     W
27   7.1   9.6   12:18   3.7   23:46  11.2   0.0   3.4   5.4  25.0   10:19   WSW
28   3.6   5.7   11:37   1.4   23:28  14.7   0.0   0.8   4.0  16.0   22:27   WNW
29   2.6   5.1   13:36   0.4   23:54  15.7   0.0   0.0   5.7  20.0   11:35   WNW
30   0.7   3.2   13:37  -1.6   08:36  17.6   0.0   0.0   6.7  25.0   22:08   WNW
----------------------------------------------------------------------------------
     6.7  14.8     1    -1.6    30   347.9   0.0  43.6   3.0  31.0    22       W

Max >=  25.0:  0
Max <=   0.0:  0
Min <=   0.0:  5
Min <=  -5.0:  0
Max Rain: 11.6 on day 23
Days of Rain: 14 (>= 0.2 mm)  8 (>= 1.0 mm)  1 (>= 10.0 mm)
Heat Base: 18.3  Cool Base: 18.3  Method: Integration
:now: :gauges: :today/yesterday: :month/year: :records: :monthly records: :graphs: :Metar reports: :NOAA reports: :Rain/ET: :GDD MetOffice: :GDD NOAA: :season averages: :data summary: :system info: ::forum:


Page updated 14/01/2018 13:25:01
powered by Cumulus v1.9.4 (1099)