Hemel Hempstead (Grovehill) weather

 Latitude N 51° 46' 21"    Longitude W 00° 27' 08"    Elevation 142 m

NOAA Style Reports

Select a Year or Month report
V/Λ2018 > Jan Feb Mar Apr May Jun Jul Aug Sep Oct Nov Dec
V/Λ2017 > Jan Feb Mar Apr May Jun Jul Aug Sep Oct Nov Dec
V/Λ2016 > Jan Feb Mar Apr May Jun Jul Aug Sep Oct Nov Dec
V/Λ2015 > Jan Feb Mar Apr May Jun Jul Aug Sep Oct Nov Dec
V/Λ2014 > Jan Feb Mar Apr May Jun Jul Aug Sep Oct Nov Dec
V/Λ2013 > Jan Feb Mar Apr May Jun Jul Aug Sep Oct Nov Dec
V/Λ2012 > Jan Feb Mar Apr May Jun Jul Aug Sep Oct Nov Dec

Report for 2017 Oct
                   Monthly Climatological Summary for Oct 2017

Name: Grovehill   City: Hemel Hempstead   State: UK
Elevation: 142 m  Lat: N 51° 46' 21"   Lon: W 000° 27' 08"

                  Temperature (°C), Rain (mm), Wind Speed (mph)

                                      Heat  Cool        Avg
    Mean                              Deg   Deg         Wind                 Dom
Day Temp  High   Time   Low    Time   Days  Days  Rain  Speed High   Time    Dir
----------------------------------------------------------------------------------
 1  14.9  16.7   13:36  12.9   02:11   3.4   0.0   1.6   3.2  20.0   18:48   SSW
 2  13.8  17.1   13:58  10.3   23:31   4.5   0.0   0.0   5.1  25.0   12:23   WSW
 3  11.0  16.3   14:27   7.6   07:13   7.3   0.0   0.0   3.0  19.0   10:19     W
 4  11.4  14.9   15:58   7.9   02:25   6.9   0.0   0.0   3.9  23.0   22:38   WSW
 5  12.9  16.3   14:16   9.0   23:57   5.4   0.0   2.2   6.2  27.0   04:16     W
 6  10.2  15.0   14:47   5.7   07:09   8.1   0.0   0.0   2.6  15.0   11:15   WNW
 7  12.6  16.7   13:48   9.1   00:00   5.7   0.0   1.6   3.3  20.0   11:52   WSW
 8  12.1  17.4   15:37   9.2   22:38   6.2   0.0   0.0   1.6  14.0   00:40     W
 9  12.5  15.6   10:50   9.9   00:00   5.8   0.0   0.2   1.0  13.0   10:54   WSW
10  13.6  16.8   13:18  10.1   00:49   4.7   0.0   0.2   2.4  15.0   14:18    SW
11  13.9  16.7   14:41  10.7   23:46   4.4   0.0   2.0   4.5  24.0   15:15    SW
12  12.0  17.4   14:37   8.5   06:14   6.3   0.0   0.0   2.2  17.0   13:43   WSW
13  15.1  18.2   13:49   9.9   00:36   3.2   0.0   0.0   3.3  19.0   13:33    SW
14  16.2  19.0   13:35  13.1   22:07   2.2   0.1   0.0   2.0  17.0   01:26    SW
15  14.4  18.9   15:29  11.4   07:05   3.9   0.0   0.0   1.7  16.0   15:37   SSW
16  15.3  21.4   12:17  11.4   00:53   3.4   0.4   0.0   3.5  25.0   18:57   SSW
17  11.2  13.8   12:33   8.6   07:58   7.1   0.0   0.2   2.1  24.0   01:02    SW
18  11.1  14.3   23:53   9.1   06:14   7.2   0.0   3.0   2.0  15.0   04:59   ENE
19  14.5  15.8   12:20  12.5   23:00   3.8   0.0   1.2   2.3  22.0   21:49    SE
20  12.0  14.9   14:27  10.4   19:08   6.3   0.0   2.6   4.3  23.0   06:52    SW
21  12.4  14.5   12:37  11.1   20:24   5.9   0.0   3.4   5.4  31.0   14:34   SSW
22   9.9  13.5   15:04   7.9   21:05   8.4   0.0   0.0   5.6  28.0   15:35     W
23  12.1  14.8   15:46   8.9   03:47   6.2   0.0   0.0   1.4  11.0   00:08    SW
24  15.5  18.3   14:49  13.2   01:38   2.8   0.0   0.0   3.5  23.0   15:29    SW
25  13.9  18.3   14:45   8.2   22:56   4.4   0.0   0.2   2.7  18.0   00:51   WSW
26  10.5  14.3   14:08   6.3   05:07   7.8   0.0   0.4   0.7   9.0   14:41     W
27   9.8  14.3   14:38   4.9   23:03   8.5   0.0   0.2   1.6  16.0   01:44    NW
28  10.3  15.9   15:22   4.7   00:43   8.0   0.0   0.0   5.0  23.0   15:39     W
29  10.6  13.8   03:50   4.4   23:44   8.0   0.0   0.2   3.7  23.0   06:15    NW
30   5.8  11.3   13:27   1.8   06:22  12.5   0.0   0.0   0.8   8.0   09:06    NW
31   9.0  12.4   12:54   5.3   00:00   9.3   0.0   0.0   2.2  15.0   13:03    SW
----------------------------------------------------------------------------------
    12.3  21.4    16     1.8    30   187.6   0.5  19.2   3.0  31.0    21     WSW

Max >=  25.0:  0
Max <=   0.0:  0
Min <=   0.0:  0
Min <=  -5.0:  0
Max Rain: 3.4 on day 21
Days of Rain: 15 (>= 0.2 mm)  8 (>= 1.0 mm)  0 (>= 10.0 mm)
Heat Base: 18.3  Cool Base: 18.3  Method: Integration
:now: :gauges: :today/yesterday: :month/year: :records: :monthly records: :graphs: :Metar reports: :NOAA reports: :Rain/ET: :GDD MetOffice: :GDD NOAA: :season averages: :data summary: :system info: ::forum:


Page updated 14/01/2018 13:25:01
powered by Cumulus v1.9.4 (1099)