Hemel Hempstead (Grovehill) weather

 Latitude N 51° 46' 21"    Longitude W 00° 27' 08"    Elevation 142 m

NOAA Style Reports

Select a Year or Month report
V/Λ2018 > Jan Feb Mar Apr May Jun Jul Aug Sep Oct Nov Dec
V/Λ2017 > Jan Feb Mar Apr May Jun Jul Aug Sep Oct Nov Dec
V/Λ2016 > Jan Feb Mar Apr May Jun Jul Aug Sep Oct Nov Dec
V/Λ2015 > Jan Feb Mar Apr May Jun Jul Aug Sep Oct Nov Dec
V/Λ2014 > Jan Feb Mar Apr May Jun Jul Aug Sep Oct Nov Dec
V/Λ2013 > Jan Feb Mar Apr May Jun Jul Aug Sep Oct Nov Dec
V/Λ2012 > Jan Feb Mar Apr May Jun Jul Aug Sep Oct Nov Dec

Report for 2017 Aug
                   Monthly Climatological Summary for Aug 2017

Name: Grovehill   City: Hemel Hempstead   State: UK
Elevation: 142 m  Lat: N 51° 46' 21"   Lon: W 000° 27' 08"

                  Temperature (°C), Rain (mm), Wind Speed (mph)

                                      Heat  Cool        Avg
    Mean                              Deg   Deg         Wind                 Dom
Day Temp  High   Time   Low    Time   Days  Days  Rain  Speed High   Time    Dir
----------------------------------------------------------------------------------
 1  16.5  22.3   15:44  11.4   03:05   2.4   0.7   0.0   2.4  20.0   13:15    SW
 2  15.8  17.8   09:35  13.5   03:57   2.5   0.0   4.6   2.9  19.0   09:40     S
 3  17.3  20.3   16:07  14.3   04:34   1.4   0.4   1.2   5.2  34.0   14:24    SW
 4  17.1  22.3   15:12  13.8   06:04   1.7   0.6   0.0   3.5  18.0   13:34   WSW
 5  15.3  19.7   11:58  11.5   23:27   3.1   0.1   1.4   1.7  20.0   14:23     W
 6  15.7  22.3   15:03   8.1   05:38   3.2   0.6   0.0   2.5  18.0   13:20    SW
 7  15.4  20.8   15:05  11.7   03:44   3.0   0.1   4.4   1.5  14.0   10:27    SW
 8  13.5  14.8   00:00  12.0   21:56   4.8   0.0   1.2   2.3  15.0   15:02   WNW
 9  12.8  14.3   12:41  11.9   01:17   5.5   0.0  13.8   2.9  23.0   15:59   NNW
10  14.6  21.3   16:34  10.1   04:42   4.0   0.3   0.2   2.1  16.0   00:17     N
11  15.2  22.2   15:00   8.3   05:41   3.5   0.4   0.0   2.9  20.0   14:49   WSW
12  18.0  22.7   16:01  15.0   23:58   1.0   0.7   0.0   3.3  18.0   13:41     W
13  16.0  22.9   15:19   9.1   06:26   3.0   0.8   0.0   1.3  11.0   11:39   WNW
14  16.4  23.5   13:42   8.8   05:24   3.0   1.1   0.0   1.1  11.0   13:44     S
15  17.7  23.6   16:49  13.3   23:57   1.8   1.2   0.4   2.1  16.0   13:43     W
16  16.1  22.8   16:06  10.2   05:45   2.9   0.7   0.0   1.9  14.0   14:27   SSW
17  18.6  24.8   15:07  14.3   01:42   1.3   1.5   4.2   3.3  22.0   12:51    SW
18  15.3  19.7   12:36  12.8   21:41   3.0   0.0   2.2   3.8  20.0   23:52   WSW
19  15.3  20.3   15:32  11.8   23:41   3.1   0.1   0.0   4.7  27.0   16:43   WSW
20  14.9  21.3   14:31   9.4   04:25   3.7   0.4   6.0   2.1  16.0   14:31   WSW
21  15.5  18.0   17:09  13.1   00:00   2.8   0.0   1.8   1.3  11.0   04:58   ESE
22  18.2  22.4   15:16  16.0   23:58   0.9   0.9   0.6   1.7  14.0   23:06     E
23  17.5  21.0   16:42  14.3   23:57   1.4   0.5   0.0   2.2  17.0   16:52   WSW
24  15.7  20.1   16:06  10.9   06:03   2.9   0.3   0.0   1.7  17.0   11:03   WSW
25  16.9  24.5   15:27   9.9   06:02   2.9   1.5   0.0   0.9   9.0   11:44   SSW
26  18.0  24.6   14:55  12.3   02:59   1.9   1.6   0.0   0.8  11.0   14:26   WNW
27  18.9  26.2   16:34  14.2   01:42   1.6   2.2   0.0   0.9  10.0   14:14   NNE
28  20.0  27.6   14:06  13.2   03:23   1.5   3.2   0.0   0.8  10.0   11:40    SW
29  18.7  25.7   15:15  13.4   23:59   1.3   1.8   0.0   1.8  14.0   18:42   WNW
30  12.6  13.9   11:06  10.3   23:56   5.7   0.0   2.0   1.6  13.0   03:14   NNW
31  13.7  20.8   15:16   7.3   06:13   4.7   0.2   0.2   0.9  11.0   14:43    SW
----------------------------------------------------------------------------------
    16.2  27.6    28     7.3    31    85.5  21.9  44.2   2.2  34.0     3     WSW

Max >=  25.0:  3
Max <=   0.0:  0
Min <=   0.0:  0
Min <=  -5.0:  0
Max Rain: 13.8 on day 9
Days of Rain: 15 (>= 0.2 mm)  11 (>= 1.0 mm)  1 (>= 10.0 mm)
Heat Base: 18.3  Cool Base: 18.3  Method: Integration
:now: :gauges: :today/yesterday: :month/year: :records: :monthly records: :graphs: :Metar reports: :NOAA reports: :Rain/ET: :GDD MetOffice: :GDD NOAA: :season averages: :data summary: :system info: ::forum:


Page updated 14/01/2018 13:25:01
powered by Cumulus v1.9.4 (1099)