Hemel Hempstead (Grovehill) weather

 Latitude N 51° 46' 21"    Longitude W 00° 27' 08"    Elevation 142 m

NOAA Style Reports

Select a Year or Month report
V/Λ2018 > Jan Feb Mar Apr May Jun Jul Aug Sep Oct Nov Dec
V/Λ2017 > Jan Feb Mar Apr May Jun Jul Aug Sep Oct Nov Dec
V/Λ2016 > Jan Feb Mar Apr May Jun Jul Aug Sep Oct Nov Dec
V/Λ2015 > Jan Feb Mar Apr May Jun Jul Aug Sep Oct Nov Dec
V/Λ2014 > Jan Feb Mar Apr May Jun Jul Aug Sep Oct Nov Dec
V/Λ2013 > Jan Feb Mar Apr May Jun Jul Aug Sep Oct Nov Dec
V/Λ2012 > Jan Feb Mar Apr May Jun Jul Aug Sep Oct Nov Dec

Report for 2017 Jul
                   Monthly Climatological Summary for Jul 2017

Name: Grovehill   City: Hemel Hempstead   State: UK
Elevation: 142 m  Lat: N 51° 46' 21"   Lon: W 000° 27' 08"

                  Temperature (°C), Rain (mm), Wind Speed (mph)

                                      Heat  Cool        Avg
    Mean                              Deg   Deg         Wind                 Dom
Day Temp  High   Time   Low    Time   Days  Days  Rain  Speed High   Time    Dir
----------------------------------------------------------------------------------
 1  16.7  22.3   17:28  12.8   04:40   2.2   0.6   0.2   3.6  16.0   00:20     W
 2  17.7  23.1   16:34  13.2   06:35   1.7   1.1   0.0   3.5  19.0   08:32   WNW
 3  18.0  23.6   17:26  12.7   03:46   1.6   1.3   0.0   3.0  17.0   11:09   WSW
 4  18.5  24.1   15:51  11.8   05:10   1.6   1.8   0.0   1.3  11.0   15:09   WSW
 5  21.1  29.3   17:27  12.2   05:21   1.4   4.2   0.0   1.5  14.0   19:43   ENE
 6  22.9  32.9   16:03  15.6   04:34   0.6   5.2   0.0   2.7  16.0   11:13     E
 7  21.9  28.0   14:39  16.2   05:09   0.2   3.9   0.0   2.7  15.0   16:24     W
 8  20.4  26.4   15:51  16.3   05:17   0.5   2.6   0.0   2.4  13.0   17:06   WNW
 9  21.5  27.2   15:35  16.3   03:31   0.5   3.7   0.0   1.6  13.0   14:45     S
10  19.8  25.4   16:28  15.4   05:31   0.6   2.1   0.0   2.5  16.0   15:58     W
11  15.0  18.8   11:05  13.1   03:16   3.3   0.0  12.8   1.8  15.0   17:01   SSW
12  15.6  21.8   16:52  12.7   22:50   3.1   0.5   2.2   3.2  22.0   12:36   NNE
13  17.2  22.1   17:30  11.4   05:45   1.8   0.7   0.0   1.4  13.0   17:45    SW
14  16.5  20.7   16:50  13.7   23:30   2.1   0.3   0.0   3.2  18.0   10:40     W
15  16.6  20.4   18:28  13.9   00:00   2.0   0.3   0.0   2.4  16.0   17:36   WSW
16  20.0  24.1   13:40  16.2   05:00   0.3   2.0   0.0   3.3  17.0   02:07     W
17  19.7  26.5   14:51  11.7   05:38   1.4   2.8   0.0   2.0  14.0   10:06    NE
18  20.4  27.6   14:40  15.1   05:37   0.9   3.0   9.0   4.9  23.0   15:42   ENE
19  18.4  20.9   10:53  16.2   00:38   0.6   0.7   1.8   3.0  18.0   03:28    SE
20  16.8  20.3   16:25  13.6   23:55   1.7   0.2   0.8   3.4  20.0   17:08   WSW
21  16.9  22.8   14:21  11.7   05:10   2.2   0.9   5.2   3.6  20.0   08:39    SE
22  13.9  18.9   13:17  11.9   21:31   4.4   0.0   9.4   1.2  15.0   14:19     S
23  15.3  21.2   15:30  11.0   05:33   3.1   0.1   0.2   2.5  19.0   14:23   WSW
24  14.8  18.4   15:55  12.7   03:24   3.5   0.0   0.8   3.8  24.0   08:34    NW
25  16.6  22.6   17:34  12.3   04:44   2.3   0.6   0.0   2.2  13.0   12:45    NW
26  16.5  20.9   14:29  14.0   23:54   2.0   0.2   0.8   2.8  20.0   20:53   SSW
27  15.7  20.7   14:57  12.5   05:53   2.7   0.1   3.2   3.4  19.0   17:38   WSW
28  15.9  21.2   12:45  12.3   03:56   2.6   0.2   1.4   4.4  23.0   20:22    SW
29  16.0  19.7   11:04  13.1   06:02   2.3   0.1   4.8   2.3  16.0   03:53    SW
30  16.2  20.2   15:09  13.0   06:11   2.2   0.1  10.4   3.3  19.0   17:22   WSW
31  16.6  22.3   15:10  12.6   05:39   2.4   0.6   0.0   2.8  16.0   10:57    SW
----------------------------------------------------------------------------------
    17.7  32.9     6    11.0    23    57.8  39.9  63.0   2.8  24.0    24     WSW

Max >=  25.0:  8
Max <=   0.0:  0
Min <=   0.0:  0
Min <=  -5.0:  0
Max Rain: 12.8 on day 11
Days of Rain: 15 (>= 0.2 mm)  10 (>= 1.0 mm)  2 (>= 10.0 mm)
Heat Base: 18.3  Cool Base: 18.3  Method: Integration
:now: :gauges: :today/yesterday: :month/year: :records: :monthly records: :graphs: :Metar reports: :NOAA reports: :Rain/ET: :GDD MetOffice: :GDD NOAA: :season averages: :data summary: :system info: ::forum:


Page updated 14/01/2018 13:25:01
powered by Cumulus v1.9.4 (1099)