Hemel Hempstead (Grovehill) weather

 Latitude N 51° 46' 21"    Longitude W 00° 27' 08"    Elevation 142 m

NOAA Style Reports

Select a Year or Month report
V/Λ2018 > Jan Feb Mar Apr May Jun Jul Aug Sep Oct Nov Dec
V/Λ2017 > Jan Feb Mar Apr May Jun Jul Aug Sep Oct Nov Dec
V/Λ2016 > Jan Feb Mar Apr May Jun Jul Aug Sep Oct Nov Dec
V/Λ2015 > Jan Feb Mar Apr May Jun Jul Aug Sep Oct Nov Dec
V/Λ2014 > Jan Feb Mar Apr May Jun Jul Aug Sep Oct Nov Dec
V/Λ2013 > Jan Feb Mar Apr May Jun Jul Aug Sep Oct Nov Dec
V/Λ2012 > Jan Feb Mar Apr May Jun Jul Aug Sep Oct Nov Dec

Report for 2017 Jun
                   Monthly Climatological Summary for Jun 2017

Name: Grovehill   City: Hemel Hempstead   State: UK
Elevation: 142 m  Lat: N 51° 46' 21"   Lon: W 000° 27' 08"

                  Temperature (°C), Rain (mm), Wind Speed (mph)

                                      Heat  Cool        Avg
    Mean                              Deg   Deg         Wind                 Dom
Day Temp  High   Time   Low    Time   Days  Days  Rain  Speed High   Time    Dir
----------------------------------------------------------------------------------
 1  18.3  24.8   16:27  12.1   04:39   1.9   1.8   0.0   1.4  14.0   15:27    SW
 2  17.6  22.6   15:44  12.3   04:23   1.7   1.1   2.2   1.1  11.0   16:15     W
 3  16.3  20.2   15:56  13.0   23:59   2.2   0.2   0.0   3.2  20.0   13:00     W
 4  13.9  18.9   14:19   8.5   04:55   4.4   0.0   0.2   3.1  17.0   17:22    SW
 5  13.0  16.6   13:09  10.7   04:23   5.3   0.0   4.8   3.4  24.0   22:24     S
 6  11.8  16.3   16:23   9.2   07:51   6.5   0.0  12.8   6.9  32.0   15:45   WSW
 7  13.8  19.3   17:34   9.8   04:20   4.5   0.0   0.6   6.3  31.0   14:37   WSW
 8  14.2  16.5   17:28  11.8   00:00   4.1   0.0   1.6   4.0  19.0   10:07    SW
 9  15.5  20.7   17:08  11.3   05:36   3.1   0.2   0.8   3.6  19.0   17:00   WSW
10  17.7  23.4   14:07  12.6   04:10   1.9   1.3   0.0   3.8  24.0   10:13   SSW
11  17.8  21.9   16:10  12.8   23:09   1.4   0.9   0.0   4.6  27.0   15:53    SW
12  15.1  19.6   15:46  12.1   04:49   3.2   0.0   0.0   4.0  18.0   05:27   WSW
13  16.6  23.9   16:13   9.4   04:51   2.7   1.0   0.0   1.3  10.0   11:48     W
14  19.7  26.7   13:18  11.5   05:30   1.7   3.0   0.0   1.9  15.0   13:44   ESE
15  17.7  22.6   14:48  12.8   05:32   1.9   1.3   0.0   4.0  22.0   18:23   WSW
16  17.2  23.2   16:45  10.9   04:53   2.2   1.1   0.0   3.3  16.0   11:06     W
17  22.0  28.8   16:09  14.3   04:37   0.9   4.5   0.0   1.7  11.0   13:35   WSW
18  24.0  31.1   16:36  15.7   05:02   0.4   6.1   0.0   1.1   9.0   11:59     W
19  24.9  32.3   15:38  16.7   05:13   0.1   6.8   0.0   1.5  14.0   19:34   ENE
20  23.4  31.3   15:41  16.7   04:58   0.2   5.2   0.0   2.8  15.0   16:32   ENE
21  23.8  33.2   16:27  13.4   04:42   1.1   6.6   0.0   2.8  14.0   12:09     E
22  19.7  23.1   00:00  15.9   23:59   0.1   1.5   0.0   3.3  19.0   09:36   WSW
23  17.4  22.4   15:16  12.1   05:08   1.8   0.9   0.0   5.0  26.0   13:05   WSW
24  18.7  23.3   12:54  14.7   23:53   0.9   1.3   0.0   4.7  22.0   17:48   WSW
25  17.2  22.9   16:21  13.4   01:32   1.9   0.8   0.0   4.4  22.0   15:52   WSW
26  17.4  24.6   15:49  10.3   05:07   2.4   1.5   0.0   2.2  15.0   22:04   ENE
27  15.7  20.3   12:34  13.7   00:56   2.6   0.1   8.0   3.7  15.0   07:45   ENE
28  13.5  14.9   08:50  11.3   23:11   4.8   0.0   2.8   2.3  17.0   17:24   NNW
29  13.1  16.2   14:22  10.6   04:07   5.2   0.0   0.0   2.1  13.0   13:57   WSW
30  16.1  20.5   13:11  10.7   05:10   2.6   0.4   0.2   2.1  13.0   21:59   WNW
----------------------------------------------------------------------------------
    17.4  33.2    21     8.5     4    73.7  47.6  34.0   3.2  32.0     6     WSW

Max >=  25.0:  6
Max <=   0.0:  0
Min <=   0.0:  0
Min <=  -5.0:  0
Max Rain: 12.8 on day 6
Days of Rain: 10 (>= 0.2 mm)  6 (>= 1.0 mm)  1 (>= 10.0 mm)
Heat Base: 18.3  Cool Base: 18.3  Method: Integration
:now: :gauges: :today/yesterday: :month/year: :records: :monthly records: :graphs: :Metar reports: :NOAA reports: :Rain/ET: :GDD MetOffice: :GDD NOAA: :season averages: :data summary: :system info: ::forum:


Page updated 14/01/2018 13:25:01
powered by Cumulus v1.9.4 (1099)