Hemel Hempstead (Grovehill) weather

 Latitude N 51° 46' 21"    Longitude W 00° 27' 08"    Elevation 142 m

NOAA Style Reports

Select a Year or Month report
V/Λ2018 > Jan Feb Mar Apr May Jun Jul Aug Sep Oct Nov Dec
V/Λ2017 > Jan Feb Mar Apr May Jun Jul Aug Sep Oct Nov Dec
V/Λ2016 > Jan Feb Mar Apr May Jun Jul Aug Sep Oct Nov Dec
V/Λ2015 > Jan Feb Mar Apr May Jun Jul Aug Sep Oct Nov Dec
V/Λ2014 > Jan Feb Mar Apr May Jun Jul Aug Sep Oct Nov Dec
V/Λ2013 > Jan Feb Mar Apr May Jun Jul Aug Sep Oct Nov Dec
V/Λ2012 > Jan Feb Mar Apr May Jun Jul Aug Sep Oct Nov Dec

Report for 2017 Apr
                   Monthly Climatological Summary for Apr 2017

Name: Grovehill   City: Hemel Hempstead   State: UK
Elevation: 142 m  Lat: N 51° 46' 21"   Lon: W 000° 27' 08"

                  Temperature (°C), Rain (mm), Wind Speed (mph)

                                      Heat  Cool        Avg
    Mean                              Deg   Deg         Wind                 Dom
Day Temp  High   Time   Low    Time   Days  Days  Rain  Speed High   Time    Dir
----------------------------------------------------------------------------------
 1  10.9  16.6   15:06   7.7   23:19   7.4   0.0   0.4   2.9  18.0   11:24   SSW
 2   9.7  15.7   16:23   5.9   06:25   8.6   0.0   0.0   2.0  14.0   12:47   WNW
 3   9.6  17.2   15:32   2.5   04:36   8.7   0.0   0.2   2.1  16.0   15:36   SSW
 4  10.5  14.0   14:36   8.3   00:22   7.8   0.0   0.2   2.1  17.0   14:51   WNW
 5   8.8  13.8   15:16   4.0   06:55   9.5   0.0   0.2   3.1  18.0   15:16   WNW
 6  10.1  16.7   15:40   3.3   06:48   8.2   0.0   0.0   1.8  11.0   16:03   WNW
 7   9.2  15.0   16:02   3.5   06:35   9.1   0.0   0.0   1.8  13.0   11:37   WNW
 8  12.1  20.9   16:18   2.4   06:17   6.6   0.4   0.0   1.2  13.0   12:36     S
 9  15.4  25.4   15:11   7.3   04:23   4.5   1.6   0.0   3.3  23.0   15:40   SSW
10   9.8  14.3   16:30   6.4   07:04   8.5   0.0   0.0   4.3  17.0   10:34   WNW
11   9.9  16.1   16:50   4.1   06:26   8.4   0.0   0.0   3.6  16.0   17:37     W
12  10.4  15.8   15:54   5.7   03:44   7.9   0.0   0.0   5.0  19.0   12:54     W
13   9.0  13.4   14:35   4.4   06:08   9.2   0.0   0.0   3.2  18.0   09:29     W
14  10.0  14.4   17:06   6.0   06:27   8.3   0.0   0.4   3.2  18.0   16:03   WSW
15  10.1  14.4   15:55   6.4   23:55   8.2   0.0   0.4   5.2  24.0   12:51   WNW
16   9.8  14.3   17:16   5.9   02:34   8.5   0.0   0.4   4.3  18.0   09:33     W
17   8.4  11.5   14:54   4.7   23:54   9.9   0.0   0.6   2.2  16.0   12:22     N
18   7.6  13.3   14:18   3.9   06:56  10.7   0.0   0.0   3.2  20.0   10:58    NE
19   8.3  15.1   15:05   0.2   06:32  10.0   0.0   0.0   1.8  11.0   11:30     E
20   9.5  15.3   16:55   4.8   05:11   8.7   0.0   0.0   2.2  16.0   08:51    SW
21  11.1  13.9   14:22   7.5   04:28   7.2   0.0   0.0   2.5  15.0   14:59     W
22  10.5  16.4   15:41   5.6   23:56   7.8   0.0   0.0   2.7  15.0   05:20    NW
23  10.0  15.8   15:29   5.1   00:46   8.3   0.0   0.0   2.1  16.0   17:10   WSW
24   8.4  13.7   15:21   3.5   23:57   9.9   0.0   0.0   3.5  20.0   22:24     W
25   4.9  10.9   15:20   0.7   05:56  13.4   0.0   0.2   4.2  22.0   15:55   WNW
26   4.7  10.4   14:30   1.2   02:36  13.6   0.0   1.4   3.8  23.0   18:42   NNW
27   5.9  10.4   14:45   0.2   04:07  12.4   0.0   0.8   2.7  18.0   14:45     W
28   9.3  14.2   15:29   6.4   06:19   9.0   0.0   0.4   1.7  11.0   10:02   WNW
29   9.9  15.3   16:57   4.1   05:16   8.4   0.0   0.0   2.1  15.0   21:39   SSE
30  12.4  17.5   15:29   6.9   06:14   5.9   0.0   1.6   5.6  25.0   11:48     E
----------------------------------------------------------------------------------
     9.5  25.4     9     0.2    19   264.6   2.0   7.2   3.0  25.0    30       W

Max >=  25.0:  1
Max <=   0.0:  0
Min <=   0.0:  0
Min <=  -5.0:  0
Max Rain: 1.6 on day 30
Days of Rain: 13 (>= 0.2 mm)  2 (>= 1.0 mm)  0 (>= 10.0 mm)
Heat Base: 18.3  Cool Base: 18.3  Method: Integration
:now: :gauges: :today/yesterday: :month/year: :records: :monthly records: :graphs: :Metar reports: :NOAA reports: :Rain/ET: :GDD MetOffice: :GDD NOAA: :season averages: :data summary: :system info: ::forum:


Page updated 14/01/2018 13:25:01
powered by Cumulus v1.9.4 (1099)