Hemel Hempstead (Grovehill) weather

 Latitude N 51° 46' 21"    Longitude W 00° 27' 08"    Elevation 142 m

NOAA Style Reports

Select a Year or Month report
V/Λ2018 > Jan Feb Mar Apr May Jun Jul Aug Sep Oct Nov Dec
V/Λ2017 > Jan Feb Mar Apr May Jun Jul Aug Sep Oct Nov Dec
V/Λ2016 > Jan Feb Mar Apr May Jun Jul Aug Sep Oct Nov Dec
V/Λ2015 > Jan Feb Mar Apr May Jun Jul Aug Sep Oct Nov Dec
V/Λ2014 > Jan Feb Mar Apr May Jun Jul Aug Sep Oct Nov Dec
V/Λ2013 > Jan Feb Mar Apr May Jun Jul Aug Sep Oct Nov Dec
V/Λ2012 > Jan Feb Mar Apr May Jun Jul Aug Sep Oct Nov Dec

Report for 2017 Mar
                   Monthly Climatological Summary for Mar 2017

Name: Grovehill   City: Hemel Hempstead   State: UK
Elevation: 142 m  Lat: N 51° 46' 21"   Lon: W 000° 27' 08"

                  Temperature (°C), Rain (mm), Wind Speed (mph)

                                      Heat  Cool        Avg
    Mean                              Deg   Deg         Wind                 Dom
Day Temp  High   Time   Low    Time   Days  Days  Rain  Speed High   Time    Dir
----------------------------------------------------------------------------------
 1   5.9   8.4   12:47   3.1   06:40  12.4   0.0   1.8   3.6  32.0   00:14   WSW
 2   6.7  10.9   12:46   4.3   23:27  11.6   0.0   0.0   7.2  32.0   02:21   WSW
 3   7.1  10.1   15:20   4.2   00:15  11.2   0.0   7.4   2.6  15.0   13:14    SE
 4   7.8  11.8   13:47   5.9   07:08  10.4   0.0   1.4   3.4  30.0   13:28   SSW
 5   6.0  10.0   13:12   4.3   03:48  12.3   0.0   6.8   5.8  27.0   22:31    SW
 6   6.0   9.4   14:19   2.2   06:54  12.3   0.0   0.0   4.0  22.0   00:30     W
 7   6.6  10.9   15:02   2.8   06:28  11.7   0.0   0.0   3.5  18.0   03:04   WSW
 8   9.6  13.3   12:11   6.4   00:02   8.7   0.0   3.6   3.5  19.0   00:21   WSW
 9  11.0  15.6   14:25   7.2   23:04   7.3   0.0   0.2   4.2  22.0   12:04     W
10   8.6  11.4   15:22   5.2   02:33   9.7   0.0   0.0   1.9  13.0   09:47   SSE
11  11.7  15.6   14:07   9.4   00:37   6.6   0.0   0.0   1.6  11.0   14:30   SSE
12  10.0  11.4   16:04   8.2   23:54   8.3   0.0   2.4   1.6  14.0   21:24   WNW
13   9.5  15.1   15:11   4.6   06:20   8.8   0.0   0.0   2.9  15.0   12:36     W
14  10.2  14.3   13:07   6.4   02:55   8.1   0.0   0.0   3.4  16.0   09:01   WSW
15  10.8  17.5   15:03   6.8   04:21   7.5   0.0   0.2   1.5  13.0   14:17   WSW
16   7.8  10.7   15:51   5.6   06:45  10.5   0.0   0.2   3.1  18.0   23:39   WSW
17   7.2  10.1   14:30   2.1   06:21  11.1   0.0   0.2   5.8  35.0   21:39   WSW
18  11.3  13.6   12:05   9.7   00:00   7.0   0.0   1.0   5.7  22.0   00:10   WSW
19  11.4  14.2   14:02  10.4   07:10   6.9   0.0   0.0   7.9  32.0   13:09   WSW
20   9.4  11.8   12:36   5.9   23:49   8.9   0.0   4.4   4.9  26.0   11:17    SW
21   6.4  10.9   13:28   3.0   06:19  11.9   0.0   1.8   5.0  24.0   10:48   WSW
22   6.3  10.3   16:08   4.7   22:31  12.0   0.0   4.8   3.9  27.0   10:31    SE
23   7.4  11.5   15:12   4.8   00:00  10.9   0.0   2.4   7.9  30.0   16:59   ENE
24   7.6  13.4   15:15   4.1   23:50  10.6   0.0   0.0   7.5  23.0   16:00    NE
25   7.8  15.1   13:35   1.8   05:33  10.5   0.0   0.0   6.2  26.0   16:20    NE
26   8.9  15.4   14:35   3.7   05:24   9.0   0.0   0.0   7.6  23.0   13:35   ENE
27   8.7  15.6   16:35   4.3   02:00   9.6   0.0   0.0   3.7  15.0   12:35   ENE
28   9.7  16.6   13:35   3.3   05:10   8.6   0.0   0.4   3.0  19.0   16:05     S
29  12.0  13.9   13:19  10.0   01:05   6.3   0.0   0.2   3.9  18.0   13:44   SSW
30  15.3  21.4   15:20  10.5   02:21   3.4   0.4   0.0   3.2  19.0   14:26   SSE
31  12.4  16.7   15:13   8.9   23:55   5.9   0.0   0.0   3.0  19.0   13:37   SSW
----------------------------------------------------------------------------------
     8.9  21.4    30     1.8    25   290.0   0.4  39.2   4.3  35.0    17      SW

Max >=  25.0:  0
Max <=   0.0:  0
Min <=   0.0:  0
Min <=  -5.0:  0
Max Rain: 7.4 on day 3
Days of Rain: 17 (>= 0.2 mm)  11 (>= 1.0 mm)  0 (>= 10.0 mm)
Heat Base: 18.3  Cool Base: 18.3  Method: Integration
:now: :gauges: :today/yesterday: :month/year: :records: :monthly records: :graphs: :Metar reports: :NOAA reports: :Rain/ET: :GDD MetOffice: :GDD NOAA: :season averages: :data summary: :system info: ::forum:


Page updated 14/01/2018 13:25:01
powered by Cumulus v1.9.4 (1099)