Hemel Hempstead (Grovehill) weather

 Latitude N 51° 46' 21"    Longitude W 00° 27' 08"    Elevation 142 m

NOAA Style Reports

Select a Year or Month report
V/Λ2018 > Jan Feb Mar Apr May Jun Jul Aug Sep Oct Nov Dec
V/Λ2017 > Jan Feb Mar Apr May Jun Jul Aug Sep Oct Nov Dec
V/Λ2016 > Jan Feb Mar Apr May Jun Jul Aug Sep Oct Nov Dec
V/Λ2015 > Jan Feb Mar Apr May Jun Jul Aug Sep Oct Nov Dec
V/Λ2014 > Jan Feb Mar Apr May Jun Jul Aug Sep Oct Nov Dec
V/Λ2013 > Jan Feb Mar Apr May Jun Jul Aug Sep Oct Nov Dec
V/Λ2012 > Jan Feb Mar Apr May Jun Jul Aug Sep Oct Nov Dec

Report for 2017 Feb
                   Monthly Climatological Summary for Feb 2017

Name: Grovehill   City: Hemel Hempstead   State: UK
Elevation: 142 m  Lat: N 51° 46' 21"   Lon: W 000° 27' 08"

                  Temperature (°C), Rain (mm), Wind Speed (mph)

                                      Heat  Cool        Avg
    Mean                              Deg   Deg         Wind                 Dom
Day Temp  High   Time   Low    Time   Days  Days  Rain  Speed High   Time    Dir
----------------------------------------------------------------------------------
 1   9.4  10.2   14:33   8.5   00:00   8.9   0.0   1.8   2.9  17.0   23:39   SSE
 2   9.5  10.2   15:50   8.3   07:41   8.8   0.0   1.8   5.9  32.0   19:33   SSE
 3   7.3   9.8   12:18   3.7   23:03  11.0   0.0   2.6   5.2  30.0   21:08   SSE
 4   4.1   8.8   14:59   1.2   06:00  14.2   0.0   0.8   0.9  14.0   00:03     S
 5   3.5   5.1   10:18   1.2   06:43  14.7   0.0   0.0   1.5  13.0   14:23   NNE
 6   3.3   6.4   11:44  -0.8   07:35  15.0   0.0   7.4   2.3  16.0   19:23    SE
 7   5.8  10.5   13:45   2.5   22:41  12.5   0.0   1.4   1.8  14.0   12:55     W
 8   3.0   4.3   01:26   1.3   23:13  15.3   0.0   0.0   1.6  14.0   12:05    NE
 9   0.8   1.4   13:31   0.4   20:08  17.5   0.0   0.0   4.2  16.0   19:13   ENE
10   0.4   0.9   14:55  -0.1   17:15  17.8   0.0   0.4   3.3  17.0   06:54    NE
11   0.7   1.8   22:02  -0.3   06:25  17.6   0.0   2.4   2.7  16.0   22:11   NNE
12   1.8   4.2   22:11   0.3   06:16  16.4   0.0   1.8   6.6  23.0   21:44   ENE
13   4.8  10.1   13:28   2.8   06:11  13.5   0.0   0.0   9.1  26.0   14:55   ENE
14   6.1  11.3   14:25   1.7   05:39  12.2   0.0   0.0   3.1  16.0   13:15     E
15   8.5  11.3   12:37   7.2   06:13   9.8   0.0   3.2   2.4  16.0   14:03     S
16   8.0  11.4   14:40   5.7   04:33  10.3   0.0   0.0   2.6  14.0   12:57    SW
17   8.1  12.5   14:45   5.0   23:46  10.2   0.0   0.0   1.1  10.0   23:54   WSW
18   6.1  10.0   15:43   3.5   23:48  12.2   0.0   0.0   1.8  13.0   01:12   SSW
19   8.0  10.8   13:24   3.5   00:00  10.3   0.0   0.0   2.2  13.0   13:40   WSW
20  11.6  16.9   11:46   9.0   02:34   6.7   0.0   0.0   4.9  23.0   14:13   WSW
21  10.4  12.3   12:44   9.1   06:41   7.9   0.0   1.0   5.2  30.0   23:43   WSW
22  11.0  12.5   13:51  10.1   22:56   7.3   0.0   0.6   7.9  33.0   01:54   WSW
23   8.0  10.1   00:00   3.6   23:45  10.3   0.0   2.2  10.8  49.0   13:02   WSW
24   4.8   9.2   14:35   1.6   06:45  13.5   0.0   0.0   4.0  18.0   00:35     W
25   7.5   9.6   13:15   4.2   00:45  10.8   0.0   2.6   5.1  24.0   12:05    SW
26   9.2  10.6   12:10   7.4   23:44   9.1   0.0   2.0   5.5  25.0   12:50    SW
27   5.9   8.8   11:29   2.2   23:55  12.4   0.0   1.4   4.0  25.0   13:24   SSW
28   4.0   7.2   13:20   0.8   07:19  14.3   0.0   3.0   5.0  30.0   13:51   WSW
----------------------------------------------------------------------------------
     6.1  16.9    20    -0.8     6   340.5   0.0  36.4   4.1  49.0    23     SSW

Max >=  25.0:  0
Max <=   0.0:  0
Min <=   0.0:  3
Min <=  -5.0:  0
Max Rain: 7.4 on day 6
Days of Rain: 17 (>= 0.2 mm)  14 (>= 1.0 mm)  0 (>= 10.0 mm)
Heat Base: 18.3  Cool Base: 18.3  Method: Integration
:now: :gauges: :today/yesterday: :month/year: :records: :monthly records: :graphs: :Metar reports: :NOAA reports: :Rain/ET: :GDD MetOffice: :GDD NOAA: :season averages: :data summary: :system info: ::forum:


Page updated 14/01/2018 13:25:01
powered by Cumulus v1.9.4 (1099)