Hemel Hempstead (Grovehill) weather

 Latitude N 51° 46' 21"    Longitude W 00° 27' 08"    Elevation 142 m

NOAA Style Reports

Select a Year or Month report
V/Λ2018 > Jan Feb Mar Apr May Jun Jul Aug Sep Oct Nov Dec
V/Λ2017 > Jan Feb Mar Apr May Jun Jul Aug Sep Oct Nov Dec
V/Λ2016 > Jan Feb Mar Apr May Jun Jul Aug Sep Oct Nov Dec
V/Λ2015 > Jan Feb Mar Apr May Jun Jul Aug Sep Oct Nov Dec
V/Λ2014 > Jan Feb Mar Apr May Jun Jul Aug Sep Oct Nov Dec
V/Λ2013 > Jan Feb Mar Apr May Jun Jul Aug Sep Oct Nov Dec
V/Λ2012 > Jan Feb Mar Apr May Jun Jul Aug Sep Oct Nov Dec

Report for 2016 Dec
                   Monthly Climatological Summary for Dec 2016

Name: Grovehill   City: Hemel Hempstead   State: UK
Elevation: 142 m  Lat: N 51° 46' 21"   Lon: W 000° 27' 08"

                  Temperature (°C), Rain (mm), Wind Speed (mph)

                                      Heat  Cool        Avg
    Mean                              Deg   Deg         Wind                 Dom
Day Temp  High   Time   Low    Time   Days  Days  Rain  Speed High   Time    Dir
----------------------------------------------------------------------------------
 1   2.9   7.6   13:32  -1.2   03:46  15.4   0.0   0.0   2.2  15.0   12:54     W
 2   5.5   7.0   13:36   4.3   06:42  12.8   0.0   0.4   0.8   7.0   23:37   NNW
 3   4.0   7.7   12:26   0.5   20:53  14.3   0.0   0.2   3.0  19.0   13:35   ENE
 4   1.9   6.8   13:24  -1.8   06:46  16.4   0.0   0.2   3.3  23.0   14:22   ENE
 5   0.7   5.5   13:44  -2.8   04:41  17.5   0.0   0.0   0.8   7.0   11:09   ENE
 6   5.7   8.9   20:08   1.5   00:00  12.6   0.0   0.2   0.9  10.0   19:42     S
 7   9.8  11.6   14:14   8.7   00:38   8.5   0.0   0.0   2.9  16.0   08:30     S
 8  11.1  12.4   14:52   9.0   00:14   7.2   0.0   0.0   2.8  19.0   10:29   SSW
 9  11.5  13.1   11:47  10.0   19:44   6.8   0.0   0.2   3.5  20.0   12:09   SSW
10  10.5  11.8   14:44   6.3   23:42   7.8   0.0   8.0   3.0  24.0   20:51   WSW
11   6.2   9.8   13:27   4.2   23:59  12.1   0.0   0.4   2.4  15.0   02:56     W
12   6.2  10.0   21:13   1.3   05:51  12.1   0.0   1.0   1.5  10.0   16:13   SSE
13   9.7  11.5   15:37   6.7   04:01   8.6   0.0   0.2   1.5  11.0   11:45     S
14   9.0  13.0   13:28   4.1   21:55   9.2   0.0   0.2   1.7  15.0   14:24   SSE
15   7.7   9.8   13:52   4.3   00:59  10.6   0.0   0.0   2.0  11.0   13:28   ESE
16   7.9   9.2   10:50   5.1   23:59  10.4   0.0   0.0   0.9   9.0   10:36     E
17   5.2   7.1   17:26   2.9   02:03  13.1   0.0   0.2   0.8   8.0   13:40    SW
18   5.5   6.5   03:30   3.1   23:55  12.8   0.0   0.0   1.0   8.0   10:20     W
19   4.5   6.1   13:25   2.8   01:25  13.8   0.0   0.2   1.1  10.0   19:04    NE
20   4.1   6.3   13:29   2.9   21:13  14.2   0.0   0.0   1.9  11.0   23:44   ESE
21   7.7  10.1   13:16   3.4   00:00  10.6   0.0   1.0   2.7  23.0   05:23   SSW
22   4.3   8.3   13:25   0.9   08:13  14.0   0.0   0.2   1.3  15.0   13:06    SW
23   7.4  10.5   18:52   3.6   03:14  10.9   0.0   3.4   4.1  43.0   15:41   SSW
24   7.1   9.3   23:43   4.2   06:19  11.2   0.0   0.2   5.1  23.0   12:48    SW
25  10.8  12.2   14:29   9.2   00:20   7.5   0.0   0.2   6.8  30.0   03:53    SW
26   5.8  11.4   00:03   2.7   19:53  12.5   0.0   1.4   4.3  22.0   11:02     W
27   1.9   6.4   13:32  -1.6   22:43  16.4   0.0   0.0   0.8  11.0   00:01   WSW
28  -0.7   3.8   12:52  -3.7   07:57  19.0   0.0   0.2   0.5   7.0   12:49     E
29   0.5   6.3   13:35  -3.1   05:08  17.8   0.0   0.4   0.4   8.0   13:54   SSW
30   1.8   4.9   23:53  -0.7   08:35  16.5   0.0   0.2   1.0   8.0   11:54    SW
31   5.7   7.1   15:19   4.1   09:03  12.6   0.0   0.2   1.8  13.0   21:05    SW
----------------------------------------------------------------------------------
     5.9  13.1     9    -3.7    28   385.2   0.0  18.8   2.2  43.0    23     SSW

Max >=  25.0:  0
Max <=   0.0:  0
Min <=   0.0:  7
Min <=  -5.0:  0
Max Rain: 8.0 on day 10
Days of Rain: 22 (>= 0.2 mm)  5 (>= 1.0 mm)  0 (>= 10.0 mm)
Heat Base: 18.3  Cool Base: 18.3  Method: Integration
:now: :gauges: :today/yesterday: :month/year: :records: :monthly records: :graphs: :Metar reports: :NOAA reports: :Rain/ET: :GDD MetOffice: :GDD NOAA: :season averages: :data summary: :system info: ::forum:


Page updated 14/01/2018 13:25:01
powered by Cumulus v1.9.4 (1099)