Hemel Hempstead (Grovehill) weather

 Latitude N 51° 46' 21"    Longitude W 00° 27' 08"    Elevation 142 m

NOAA Style Reports

Select a Year or Month report
V/Λ2018 > Jan Feb Mar Apr May Jun Jul Aug Sep Oct Nov Dec
V/Λ2017 > Jan Feb Mar Apr May Jun Jul Aug Sep Oct Nov Dec
V/Λ2016 > Jan Feb Mar Apr May Jun Jul Aug Sep Oct Nov Dec
V/Λ2015 > Jan Feb Mar Apr May Jun Jul Aug Sep Oct Nov Dec
V/Λ2014 > Jan Feb Mar Apr May Jun Jul Aug Sep Oct Nov Dec
V/Λ2013 > Jan Feb Mar Apr May Jun Jul Aug Sep Oct Nov Dec
V/Λ2012 > Jan Feb Mar Apr May Jun Jul Aug Sep Oct Nov Dec

Report for 2016 Nov
                   Monthly Climatological Summary for Nov 2016

Name: Grovehill   City: Hemel Hempstead   State: UK
Elevation: 142 m  Lat: N 51° 46' 21"   Lon: W 000° 27' 08"

                  Temperature (°C), Rain (mm), Wind Speed (mph)

                                      Heat  Cool        Avg
    Mean                              Deg   Deg         Wind                 Dom
Day Temp  High   Time   Low    Time   Days  Days  Rain  Speed High   Time    Dir
----------------------------------------------------------------------------------
 1   8.2  10.8   12:04   3.3   23:56  10.1   0.0   0.2   1.4  16.0   16:25   NNE
 2   5.0  10.4   13:39   1.7   23:35  13.3   0.0   0.2   2.0  15.0   13:48   WNW
 3   5.8  11.2   13:36   1.4   02:00  12.5   0.0   0.0   1.3  11.0   13:26    SW
 4   7.0   8.8   10:45   3.1   23:59  11.3   0.0   4.8   0.8   8.0   00:34   WSW
 5   4.5   8.8   12:45   1.4   02:51  13.8   0.0   0.2   4.3  23.0   13:28   WNW
 6   3.3   7.2   12:35  -0.1   06:05  15.0   0.0   1.8   5.7  22.0   19:09   WNW
 7   4.7   8.0   13:41   1.3   23:45  13.6   0.0   0.0   4.1  22.0   00:17    NW
 8   2.2   4.4   13:52  -1.3   07:09  16.1   0.0   1.8   1.4  10.0   13:24   WSW
 9   5.1   7.2   15:05   3.1   00:00  13.2   0.0  16.0   4.1  27.0   12:42   WNW
10   5.6  10.7   13:47   2.2   05:19  12.6   0.0   2.6   3.4  23.0   19:41     W
11   5.3  10.2   13:48   2.8   03:48  13.0   0.0   0.0   1.6  17.0   00:28     W
12   8.0   9.7   18:43   5.2   00:00  10.3   0.0   7.6   2.4  16.0   09:47    SE
13   6.8  10.1   13:28   4.7   20:27  11.5   0.0   0.2   2.5  16.0   06:03   WNW
14   9.1  12.1   23:57   5.0   00:20   9.2   0.0   0.6   2.1  15.0   16:09   WSW
15  12.7  14.3   11:50  11.7   02:06   5.6   0.0   0.6   2.8  15.0   00:48   WSW
16  10.8  13.1   13:02   7.5   23:57   7.5   0.0   2.8   4.4  26.0   15:15   WSW
17   7.2  10.8   12:03   5.3   23:52  11.1   0.0   3.4   4.2  35.0   13:47    SW
18   3.8   6.3   12:51   1.6   22:59  14.5   0.0   0.6   3.1  18.0   13:48    SW
19   3.2   6.7   12:56  -0.3   07:37  15.1   0.0   4.4   1.7  13.0   12:46   SSE
20   5.5   7.4   05:11   4.3   21:29  12.8   0.0  11.4   4.6  24.0   03:37   NNE
21   7.6  11.0   14:14   4.4   00:00  10.7   0.0  15.6   5.0  20.0   14:21     E
22   8.0   9.7   13:08   3.6   23:39  10.3   0.0   3.0   3.8  26.0   04:09     S
23   6.1   7.8   13:53   3.7   00:00  12.2   0.0   0.2   3.3  18.0   21:54    NE
24   7.6   8.6   13:43   5.0   23:56  10.7   0.0   0.2   7.6  25.0   14:24    NE
25   5.5   9.3   13:39   3.5   07:28  12.8   0.0   0.0   7.0  24.0   11:15    NE
26   5.2   7.2   13:41   3.9   04:43  13.1   0.0   0.2   2.3  15.0   12:22    NE
27   5.8   7.3   13:17   3.8   00:19  12.5   0.0   0.2   2.7  18.0   12:11    NE
28   4.6   8.2   13:34  -0.1   23:58  13.7   0.0   0.0   3.7  18.0   13:06   ENE
29   0.0   5.8   13:36  -3.0   07:33  18.3   0.0   0.0   0.8   8.0   00:43   ENE
30   0.1   6.7   13:34  -3.9   04:04  18.2   0.0   0.4   1.1   9.0   15:03   WSW
----------------------------------------------------------------------------------
     5.8  14.3    15    -3.9    30   374.6   0.0  79.0   3.2  35.0    17      NW

Max >=  25.0:  0
Max <=   0.0:  0
Min <=   0.0:  6
Min <=  -5.0:  0
Max Rain: 16.0 on day 9
Days of Rain: 24 (>= 0.2 mm)  12 (>= 1.0 mm)  3 (>= 10.0 mm)
Heat Base: 18.3  Cool Base: 18.3  Method: Integration
:now: :gauges: :today/yesterday: :month/year: :records: :monthly records: :graphs: :Metar reports: :NOAA reports: :Rain/ET: :GDD MetOffice: :GDD NOAA: :season averages: :data summary: :system info: ::forum:


Page updated 14/01/2018 13:25:01
powered by Cumulus v1.9.4 (1099)