Hemel Hempstead (Grovehill) weather

 Latitude N 51° 46' 21"    Longitude W 00° 27' 08"    Elevation 142 m

NOAA Style Reports

Select a Year or Month report
V/Λ2018 > Jan Feb Mar Apr May Jun Jul Aug Sep Oct Nov Dec
V/Λ2017 > Jan Feb Mar Apr May Jun Jul Aug Sep Oct Nov Dec
V/Λ2016 > Jan Feb Mar Apr May Jun Jul Aug Sep Oct Nov Dec
V/Λ2015 > Jan Feb Mar Apr May Jun Jul Aug Sep Oct Nov Dec
V/Λ2014 > Jan Feb Mar Apr May Jun Jul Aug Sep Oct Nov Dec
V/Λ2013 > Jan Feb Mar Apr May Jun Jul Aug Sep Oct Nov Dec
V/Λ2012 > Jan Feb Mar Apr May Jun Jul Aug Sep Oct Nov Dec

Report for 2016 Oct
                   Monthly Climatological Summary for Oct 2016

Name: Grovehill   City: Hemel Hempstead   State: UK
Elevation: 142 m  Lat: N 51° 46' 21"   Lon: W 000° 27' 08"

                  Temperature (°C), Rain (mm), Wind Speed (mph)

                                      Heat  Cool        Avg
    Mean                              Deg   Deg         Wind                 Dom
Day Temp  High   Time   Low    Time   Days  Days  Rain  Speed High   Time    Dir
----------------------------------------------------------------------------------
 1  10.4  15.8   15:29   7.2   07:33   7.9   0.0   5.0   1.0  13.0   14:43    SW
 2  10.8  16.5   14:56   6.4   23:55   7.5   0.0   0.4   2.7  15.0   04:08   WNW
 3  10.1  17.9   15:19   3.7   06:34   8.2   0.0   0.0   1.2  14.0   15:11   ENE
 4  13.1  18.9   15:11   8.2   01:07   5.2   0.0   0.2   4.5  26.0   17:29     E
 5  12.3  17.3   13:44   7.9   23:54   6.0   0.0   0.0   6.4  30.0   13:49   ENE
 6  10.7  15.9   13:35   7.3   01:17   7.6   0.0   0.0   4.9  24.0   11:25   ENE
 7  11.6  15.0   13:37  10.1   19:50   6.7   0.0   0.2   2.6  17.0   14:03   ENE
 8  12.0  15.9   14:27  10.1   23:59   6.3   0.0   0.4   2.0  15.0   12:42   NNE
 9  10.3  15.9   13:53   6.8   07:20   8.0   0.0   0.2   2.1  17.0   13:56     N
10   8.5  14.0   14:31   5.2   06:48   9.8   0.0   0.0   1.7  16.0   11:14   NNW
11   9.3  15.9   15:16   4.2   06:15   9.0   0.0   0.0   1.3  15.0   14:00    NE
12  10.8  14.7   13:20   8.6   01:59   7.5   0.0   0.0   2.9  15.0   10:59    NE
13   9.0  13.6   13:55   5.9   04:34   9.3   0.0   0.2   4.0  26.0   13:56   ENE
14  10.4  14.6   12:23   6.4   07:34   7.9   0.0   0.0   2.9  16.0   12:04   ENE
15  11.2  17.0   14:20   7.5   05:49   7.1   0.0   3.2   1.3  10.0   19:19    SE
16  11.4  17.4   15:01   7.4   01:58   6.9   0.0   9.8   1.7  16.0   16:35   SSE
17  11.8  17.1   15:03   8.5   23:59   6.5   0.0   0.2   2.0  18.0   15:50    SW
18   9.7  13.4   15:43   7.6   02:45   8.6   0.0   0.8   4.1  20.0   14:52   WSW
19  10.0  13.2   14:25   7.4   00:19   8.3   0.0   0.0   4.0  15.0   05:12   WNW
20   9.9  13.6   12:14   8.0   23:44   8.4   0.0   0.2   2.5  17.0   12:40   NNW
21   9.2  12.7   13:48   7.0   23:49   9.1   0.0   0.0   2.2  14.0   08:45    NW
22   8.8  13.4   13:13   6.1   02:43   9.5   0.0   0.2   1.7  14.0   12:33   NNE
23   8.6  12.9   12:26   5.6   08:08   9.7   0.0   0.0   4.1  22.0   14:58   ENE
24   9.4  12.5   13:03   7.0   04:24   8.9   0.0   1.0   2.8  14.0   12:46    NE
25   9.6  12.4   16:05   7.2   07:21   8.7   0.0   0.2   0.4   6.0   14:50     E
26  11.0  15.4   15:25   8.6   23:23   7.3   0.0   0.0   1.7  14.0   11:31    SW
27  10.6  13.8   13:55   7.8   07:25   7.7   0.0   0.2   2.5  22.0   23:10    SW
28  12.9  15.9   11:38   9.7   07:45   5.4   0.0   0.0   2.1  14.0   01:41   WSW
29  12.9  14.3   14:29   9.4   23:36   5.4   0.0   0.0   0.2   6.0   13:07   SSW
30   9.7  11.1   23:48   7.3   03:43   9.0   0.0   0.2   0.6   7.0   14:45     E
31  12.0  18.7   13:53   7.8   23:53   6.3   0.0   0.0   0.9   9.0   00:46     E
----------------------------------------------------------------------------------
    10.6  18.9     4     3.7     3   239.7   0.0  22.6   2.4  30.0     5      NE

Max >=  25.0:  0
Max <=   0.0:  0
Min <=   0.0:  0
Min <=  -5.0:  0
Max Rain: 9.8 on day 16
Days of Rain: 17 (>= 0.2 mm)  4 (>= 1.0 mm)  0 (>= 10.0 mm)
Heat Base: 18.3  Cool Base: 18.3  Method: Integration
:now: :gauges: :today/yesterday: :month/year: :records: :monthly records: :graphs: :Metar reports: :NOAA reports: :Rain/ET: :GDD MetOffice: :GDD NOAA: :season averages: :data summary: :system info: ::forum:


Page updated 14/01/2018 13:25:01
powered by Cumulus v1.9.4 (1099)