Hemel Hempstead (Grovehill) weather

 Latitude N 51° 46' 21"    Longitude W 00° 27' 08"    Elevation 142 m

NOAA Style Reports

Select a Year or Month report
V/Λ2018 > Jan Feb Mar Apr May Jun Jul Aug Sep Oct Nov Dec
V/Λ2017 > Jan Feb Mar Apr May Jun Jul Aug Sep Oct Nov Dec
V/Λ2016 > Jan Feb Mar Apr May Jun Jul Aug Sep Oct Nov Dec
V/Λ2015 > Jan Feb Mar Apr May Jun Jul Aug Sep Oct Nov Dec
V/Λ2014 > Jan Feb Mar Apr May Jun Jul Aug Sep Oct Nov Dec
V/Λ2013 > Jan Feb Mar Apr May Jun Jul Aug Sep Oct Nov Dec
V/Λ2012 > Jan Feb Mar Apr May Jun Jul Aug Sep Oct Nov Dec

Report for 2016 Sep
                   Monthly Climatological Summary for Sep 2016

Name: Grovehill   City: Hemel Hempstead   State: UK
Elevation: 142 m  Lat: N 51° 46' 21"   Lon: W 000° 27' 08"

                  Temperature (°C), Rain (mm), Wind Speed (mph)

                                      Heat  Cool        Avg
    Mean                              Deg   Deg         Wind                 Dom
Day Temp  High   Time   Low    Time   Days  Days  Rain  Speed High   Time    Dir
----------------------------------------------------------------------------------
 1  17.2  24.4   16:05  11.6   06:41   2.4   1.3   0.0   1.8  14.0   14:56   WSW
 2  15.9  20.5   14:53  12.8   05:33   2.6   0.2   1.0   1.9  15.0   11:16    SW
 3  15.2  20.1   14:45  10.4   06:44   3.1   0.1   7.0   2.3  20.0   16:49    SW
 4  16.9  19.3   15:11  14.6   06:56   1.5   0.1   0.4   4.0  23.0   12:05   WSW
 5  17.0  21.3   15:24  13.9   06:27   2.0   0.8   3.4   1.2  10.0   08:47   SSW
 6  20.5  22.2   15:04  19.0   06:15   0.0   2.2   0.0   1.4  10.0   05:29    SW
 7  20.1  25.9   17:29  17.2   07:06   0.2   2.0   0.0   0.9   8.0   09:39    SE
 8  17.5  22.4   13:25  12.8   06:19   1.7   0.9   0.0   3.1  23.0   09:11   WSW
 9  18.1  22.8   12:03  14.4   01:17   1.1   0.9   0.0   3.2  23.0   16:11   SSW
10  16.6  17.8   00:00  11.9   23:49   1.7   0.0   9.2   1.9  15.0   00:32   SSW
11  14.3  21.3   15:09   7.9   06:31   4.4   0.4   0.0   1.2  11.0   13:31   SSW
12  16.9  23.3   16:06   9.8   05:59   2.7   1.3   0.0   1.3  13.0   11:12   SSE
13  21.9  31.7   13:33  13.2   06:31   1.1   4.7   0.0   1.6  16.0   13:04   ENE
14  21.8  28.8   13:30  16.4   23:57   0.2   3.7   0.0   1.9  14.0   09:45     E
15  20.1  26.8   15:47  16.0   01:24   0.7   2.5   0.0   1.4  13.0   11:41   NNE
16  15.2  17.9   00:00  12.6   22:13   3.1   0.0  34.0   4.4  24.0   09:55   WNW
17  13.0  14.4   15:11  11.4   08:46   5.3   0.0   1.0   4.6  19.0   01:45    NW
18  15.3  19.2   14:43  12.9   05:59   3.0   0.0   0.0   1.1  10.0   00:34    NW
19  14.9  18.4   11:12  12.4   04:12   3.3   0.0   1.2   1.1   8.0   13:38   WNW
20  15.0  18.0   15:04  13.0   08:06   3.3   0.0   1.4   1.1   9.0   12:20   NNE
21  16.3  21.6   14:14  12.7   06:58   2.5   0.5   0.0   0.9  13.0   13:32   SSE
22  15.4  21.2   15:42  10.7   22:21   3.2   0.2   0.0   1.7  14.0   10:17    SW
23  13.2  19.8   14:17   6.9   06:47   5.2   0.1   0.0   1.3  14.0   16:44   SSW
24  16.0  21.8   14:04   9.5   01:57   2.8   0.6   0.0   2.5  20.0   14:06   SSE
25  15.0  18.7   12:56  10.1   23:52   3.3   0.0   4.0   2.8  18.0   14:16    SW
26  12.1  16.3   12:24   7.8   04:21   6.2   0.0   1.0   1.0  17.0   12:43     S
27  14.6  17.7   14:21   9.8   02:48   3.7   0.0   0.0   1.8  17.0   09:37   SSW
28  15.7  21.1   16:01  11.4   03:26   2.9   0.3   0.2   3.8  18.0   10:11    SW
29  15.5  18.3   13:25  11.3   23:45   2.8   0.0   0.8   4.8  22.0   02:32   WSW
30  13.0  18.8   16:00   9.1   06:28   5.3   0.0   0.2   2.0  20.0   14:02    SW
----------------------------------------------------------------------------------
    16.3  31.7    13     6.9    23    81.3  22.8  64.8   2.1  24.0    16      SW

Max >=  25.0:  4
Max <=   0.0:  0
Min <=   0.0:  0
Min <=  -5.0:  0
Max Rain: 34.0 on day 16
Days of Rain: 14 (>= 0.2 mm)  10 (>= 1.0 mm)  1 (>= 10.0 mm)
Heat Base: 18.3  Cool Base: 18.3  Method: Integration
:now: :gauges: :today/yesterday: :month/year: :records: :monthly records: :graphs: :Metar reports: :NOAA reports: :Rain/ET: :GDD MetOffice: :GDD NOAA: :season averages: :data summary: :system info: ::forum:


Page updated 14/01/2018 13:25:01
powered by Cumulus v1.9.4 (1099)