Hemel Hempstead (Grovehill) weather

 Latitude N 51° 46' 21"    Longitude W 00° 27' 08"    Elevation 142 m

NOAA Style Reports

Select a Year or Month report
V/Λ2018 > Jan Feb Mar Apr May Jun Jul Aug Sep Oct Nov Dec
V/Λ2017 > Jan Feb Mar Apr May Jun Jul Aug Sep Oct Nov Dec
V/Λ2016 > Jan Feb Mar Apr May Jun Jul Aug Sep Oct Nov Dec
V/Λ2015 > Jan Feb Mar Apr May Jun Jul Aug Sep Oct Nov Dec
V/Λ2014 > Jan Feb Mar Apr May Jun Jul Aug Sep Oct Nov Dec
V/Λ2013 > Jan Feb Mar Apr May Jun Jul Aug Sep Oct Nov Dec
V/Λ2012 > Jan Feb Mar Apr May Jun Jul Aug Sep Oct Nov Dec

Report for 2016 Aug
                   Monthly Climatological Summary for Aug 2016

Name: Grovehill   City: Hemel Hempstead   State: UK
Elevation: 142 m  Lat: N 51° 46' 21"   Lon: W 000° 27' 08"

                  Temperature (°C), Rain (mm), Wind Speed (mph)

                                      Heat  Cool        Avg
    Mean                              Deg   Deg         Wind                 Dom
Day Temp  High   Time   Low    Time   Days  Days  Rain  Speed High   Time    Dir
----------------------------------------------------------------------------------
 1  14.5  18.7   12:21  10.8   03:53   3.8   0.0   5.2   2.0  15.0   13:51    SW
 2  17.2  21.1   14:53  13.3   00:00   1.5   0.4   5.0   2.1  14.0   00:09    SW
 3  19.1  24.1   16:02  16.0   23:59   0.5   1.3   0.4   5.3  26.0   14:06   WSW
 4  17.1  21.7   15:32  14.6   04:26   1.6   0.5   1.0   4.4  19.0   14:34   WSW
 5  17.8  24.4   16:17  12.2   05:24   1.9   1.4   0.0   2.6  14.0   12:49     W
 6  19.0  26.3   16:26  11.5   05:40   1.7   2.4   0.0   2.6  18.0   16:31   WSW
 7  19.4  24.4   15:35  15.1   23:34   0.6   1.7   0.0   5.1  26.0   16:39   WSW
 8  16.5  21.2   15:40  12.5   23:59   2.1   0.3   0.0   4.5  18.0   14:45     W
 9  14.4  20.8   16:03   9.3   05:31   4.0   0.1   0.0   3.7  17.0   18:18   WNW
10  14.2  20.3   15:41   9.2   03:42   4.2   0.1   0.0   2.6  16.0   17:05     W
11  16.9  22.3   13:51  13.3   06:05   2.1   0.7   0.0   3.5  19.0   13:08   WSW
12  19.1  26.7   15:06  13.7   06:07   1.4   2.2   0.0   4.1  20.0   17:13   WSW
13  18.7  24.6   16:51  14.4   06:30   1.3   1.6   0.0   3.2  18.0   10:52   WSW
14  17.1  23.2   16:13  12.4   06:25   2.0   0.8   0.0   1.1  11.0   14:01   NNW
15  17.2  25.2   15:58   9.1   05:47   3.0   1.8   0.0   2.9  17.0   11:08   ENE
16  17.1  25.3   16:21  10.3   04:24   2.9   1.7   0.0   2.6  15.0   11:17   ENE
17  18.6  26.9   15:35  11.8   03:54   2.2   2.6   0.0   2.7  15.0   16:16   ENE
18  18.5  26.1   14:46  13.2   04:01   1.6   1.8   0.0   2.1  13.0   12:02   ENE
19  16.1  18.7   13:28  14.4   23:55   2.2   0.0   4.0   2.0  16.0   14:22    SE
20  15.7  20.1   14:41  13.6   06:12   2.7   0.1   3.2   4.3  27.0   11:36    SW
21  16.6  21.4   16:59  14.5   00:00   2.1   0.4   1.6   5.0  22.0   18:01   WSW
22  18.7  23.0   15:25  15.8   00:00   0.9   1.3   0.4   3.1  19.0   13:17    SW
23  21.7  30.1   14:49  13.3   04:49   1.3   4.6   0.0   1.6  16.0   13:47   SSE
24  23.2  32.2   15:22  16.3   05:50   0.4   5.3   0.2   1.5  11.0   18:51   NNE
25  21.1  26.8   14:42  17.0   06:57   0.2   3.0   0.2   1.7  11.0   00:01    NE
26  20.2  26.6   16:20  14.7   23:53   0.5   2.4   0.2   1.9  13.0   14:21     W
27  19.4  25.4   14:54  13.4   02:30   1.3   2.4   0.2   3.4  20.0   13:35   ENE
28  18.1  21.6   16:32  15.4   06:20   0.7   0.5   6.2   2.4  16.0   04:25    SW
29  17.4  23.3   17:05  13.3   06:38   1.9   1.1   0.0   1.8  15.0   14:46   WNW
30  18.7  26.4   15:06  11.1   06:05   2.3   2.7   0.0   1.3  11.0   12:58   SSW
31  17.0  23.2   13:10  11.3   05:57   2.3   1.0   0.0   2.0  14.0   12:33   WSW
----------------------------------------------------------------------------------
    17.9  32.2    24     9.1    15    57.2  46.2  27.8   2.9  27.0    20     WSW

Max >=  25.0: 12
Max <=   0.0:  0
Min <=   0.0:  0
Min <=  -5.0:  0
Max Rain: 6.2 on day 28
Days of Rain: 13 (>= 0.2 mm)  7 (>= 1.0 mm)  0 (>= 10.0 mm)
Heat Base: 18.3  Cool Base: 18.3  Method: Integration
:now: :gauges: :today/yesterday: :month/year: :records: :monthly records: :graphs: :Metar reports: :NOAA reports: :Rain/ET: :GDD MetOffice: :GDD NOAA: :season averages: :data summary: :system info: ::forum:


Page updated 14/01/2018 13:25:01
powered by Cumulus v1.9.4 (1099)