Hemel Hempstead (Grovehill) weather

 Latitude N 51° 46' 21"    Longitude W 00° 27' 08"    Elevation 142 m

NOAA Style Reports

Select a Year or Month report
V/Λ2018 > Jan Feb Mar Apr May Jun Jul Aug Sep Oct Nov Dec
V/Λ2017 > Jan Feb Mar Apr May Jun Jul Aug Sep Oct Nov Dec
V/Λ2016 > Jan Feb Mar Apr May Jun Jul Aug Sep Oct Nov Dec
V/Λ2015 > Jan Feb Mar Apr May Jun Jul Aug Sep Oct Nov Dec
V/Λ2014 > Jan Feb Mar Apr May Jun Jul Aug Sep Oct Nov Dec
V/Λ2013 > Jan Feb Mar Apr May Jun Jul Aug Sep Oct Nov Dec
V/Λ2012 > Jan Feb Mar Apr May Jun Jul Aug Sep Oct Nov Dec

Report for 2016 Jul
                   Monthly Climatological Summary for Jul 2016

Name: Grovehill   City: Hemel Hempstead   State: UK
Elevation: 142 m  Lat: N 51° 46' 21"   Lon: W 000° 27' 08"

                  Temperature (°C), Rain (mm), Wind Speed (mph)

                                      Heat  Cool        Avg
    Mean                              Deg   Deg         Wind                 Dom
Day Temp  High   Time   Low    Time   Days  Days  Rain  Speed High   Time    Dir
----------------------------------------------------------------------------------
 1  15.3  18.7   14:02  11.3   23:30   3.0   0.0   0.0   4.8  23.0   17:46   WSW
 2  13.7  18.9   16:01   9.0   04:35   4.6   0.0   0.8   4.1  26.0   17:44   WSW
 3  15.7  21.6   14:05   8.5   04:40   3.2   0.6   0.0   2.1  14.0   16:37    SW
 4  16.1  21.1   12:31   9.4   05:26   2.7   0.5   0.0   2.5  19.0   17:30    SW
 5  16.3  21.0   14:32  12.3   23:56   2.3   0.2   0.0   4.0  18.0   11:54     W
 6  15.8  21.5   16:40   9.4   03:54   3.1   0.5   0.0   1.5  13.0   11:36   WNW
 7  17.9  22.8   17:11  13.7   04:57   1.6   1.2   0.0   2.1  15.0   15:04    SW
 8  17.7  22.9   14:25  14.0   03:48   1.6   1.0   0.0   4.0  23.0   12:33   WSW
 9  18.1  22.4   11:53  14.2   05:09   1.3   1.1   0.0   3.3  23.0   13:49    SW
10  18.0  22.7   15:37  15.1   23:59   1.0   0.7   1.2   4.2  27.0   16:17    SW
11  17.4  22.9   16:48  13.7   23:54   1.8   0.9   0.0   5.1  26.0   14:42   WSW
12  13.9  17.4   12:07  11.3   05:37   4.4   0.0  11.0   1.9  14.0   08:12     W
13  14.1  18.8   14:44  10.2   05:42   4.2   0.0   0.0   3.0  18.0   15:28   WNW
14  15.3  21.4   14:19   9.7   05:22   3.4   0.4   0.2   2.7  14.0   11:14   WNW
15  15.0  19.5   12:15   9.6   05:17   3.3   0.0   0.0   3.0  17.0   16:23   WSW
16  20.1  25.8   15:10  16.0   03:28   0.7   2.5   0.0   4.3  20.0   15:42   WSW
17  21.1  27.6   15:33  17.2   03:52   0.3   3.1   0.0   3.1  17.0   14:48   WSW
18  21.9  29.7   15:42  13.5   05:39   0.9   4.5   0.0   1.1   9.0   15:40     W
19  24.7  33.2   15:04  14.7   05:40   0.5   7.0   0.0   2.0  16.0   15:47   ESE
20  23.0  29.7   15:18  16.0   23:57   0.1   4.8   0.0   3.8  20.0   09:28    SW
21  19.2  25.2   15:27  13.8   03:06   1.3   2.2   0.0   2.1  10.0   00:43     W
22  19.5  24.0   12:48  16.1   04:43   0.6   1.8   0.2   1.1  10.0   12:44   ENE
23  21.4  28.6   14:41  13.4   05:52   1.0   4.1   0.0   1.4  14.0   14:08    SW
24  19.1  24.3   14:04  13.4   05:45   1.0   1.8   0.0   2.6  17.0   16:01    SW
25  18.1  22.8   14:58  12.9   05:08   1.4   1.2   0.0   3.1  15.0   14:39   WSW
26  17.5  21.2   11:24  12.1   05:19   1.6   0.8   0.0   2.0  11.0   11:28   WSW
27  18.9  24.6   16:11  15.8   04:52   0.9   1.5   1.2   2.6  14.0   07:38   WSW
28  17.2  20.8   12:24  13.1   05:47   1.5   0.3   0.2   2.1  16.0   11:42    SW
29  17.6  22.7   17:21  15.1   03:50   1.3   0.6   2.2   2.2  14.0   10:48   WSW
30  17.5  22.7   16:34  14.4   06:32   1.6   0.8   0.0   2.3  14.0   17:12   WNW
31  16.6  21.6   13:47  11.3   05:33   2.2   0.5   0.0   2.1  15.0   13:04   WNW
----------------------------------------------------------------------------------
    17.9  33.2    19     8.5     3    58.4  44.6  17.0   2.8  27.0    10     WSW

Max >=  25.0:  7
Max <=   0.0:  0
Min <=   0.0:  0
Min <=  -5.0:  0
Max Rain: 11.0 on day 12
Days of Rain: 8 (>= 0.2 mm)  4 (>= 1.0 mm)  1 (>= 10.0 mm)
Heat Base: 18.3  Cool Base: 18.3  Method: Integration
:now: :gauges: :today/yesterday: :month/year: :records: :monthly records: :graphs: :Metar reports: :NOAA reports: :Rain/ET: :GDD MetOffice: :GDD NOAA: :season averages: :data summary: :system info: ::forum:


Page updated 14/01/2018 13:25:01
powered by Cumulus v1.9.4 (1099)