Hemel Hempstead (Grovehill) weather

 Latitude N 51° 46' 21"    Longitude W 00° 27' 08"    Elevation 142 m

NOAA Style Reports

Select a Year or Month report
V/Λ2018 > Jan Feb Mar Apr May Jun Jul Aug Sep Oct Nov Dec
V/Λ2017 > Jan Feb Mar Apr May Jun Jul Aug Sep Oct Nov Dec
V/Λ2016 > Jan Feb Mar Apr May Jun Jul Aug Sep Oct Nov Dec
V/Λ2015 > Jan Feb Mar Apr May Jun Jul Aug Sep Oct Nov Dec
V/Λ2014 > Jan Feb Mar Apr May Jun Jul Aug Sep Oct Nov Dec
V/Λ2013 > Jan Feb Mar Apr May Jun Jul Aug Sep Oct Nov Dec
V/Λ2012 > Jan Feb Mar Apr May Jun Jul Aug Sep Oct Nov Dec

Report for 2016 Jun
                   Monthly Climatological Summary for Jun 2016

Name: Grovehill   City: Hemel Hempstead   State: UK
Elevation: 142 m  Lat: N 51° 46' 21"   Lon: W 000° 27' 08"

                  Temperature (°C), Rain (mm), Wind Speed (mph)

                                      Heat  Cool        Avg
    Mean                              Deg   Deg         Wind                 Dom
Day Temp  High   Time   Low    Time   Days  Days  Rain  Speed High   Time    Dir
----------------------------------------------------------------------------------
 1  11.2  12.7   12:38   9.8   23:36   7.1   0.0   1.4   4.3  20.0   07:19     N
 2   9.8  12.8   14:25   8.6   06:25   8.5   0.0   0.2   4.7  22.0   10:03   NNE
 3  10.1  13.6   15:26   7.8   05:06   8.2   0.0   0.0   2.0  16.0   06:04     N
 4  14.2  17.9   18:47  11.1   00:00   4.1   0.0   0.0   1.4  13.0   14:31     N
 5  15.4  22.8   15:52  10.6   05:00   3.8   0.9   0.0   2.5  17.0   13:40    NE
 6  17.5  25.6   15:28   9.6   05:20   2.8   2.0   0.0   3.4  15.0   13:05   ENE
 7  17.4  24.1   13:23  10.3   04:42   2.4   1.5   0.0   1.2  13.0   16:00   ENE
 8  18.5  24.8   14:54  12.6   23:53   1.6   1.7   4.8   1.7  15.0   20:36     N
 9  16.1  23.3   15:40  10.1   06:33   3.3   1.1   0.0   2.1  11.0   10:56   ENE
10  18.1  24.6   15:53  12.8   04:28   1.7   1.6   2.0   1.2  13.0   15:13     S
11  17.6  21.3   14:19  15.2   04:51   1.2   0.5   2.2   1.2  10.0   09:39     W
12  15.5  20.6   17:35  13.3   04:30   3.0   0.2   6.2   1.6  17.0   17:46    SW
13  15.0  17.1   15:18  12.7   04:17   3.3   0.0   0.8   2.4  14.0   10:31   WSW
14  14.9  18.2   13:31  12.2   03:50   3.4   0.0   1.0   2.5  17.0   13:10    SW
15  14.8  21.1   12:40  11.1   03:53   3.6   0.1   2.0   1.9  16.0   13:35    SW
16  15.0  20.2   16:11  11.8   03:41   3.4   0.1   1.4   1.4  11.0   10:10   ESE
17  14.5  20.6   16:27  12.0   04:31   3.9   0.1   9.8   2.1  15.0   16:44   NNE
18  13.4  16.3   11:42  10.9   03:34   4.9   0.0   0.0   2.2  13.0   09:14    NW
19  15.4  19.7   13:19  11.2   05:20   3.0   0.1   2.0   2.7  17.0   18:25    SW
20  16.5  22.0   17:50  14.3   04:28   2.3   0.5  11.6   3.6  22.0   16:33    SW
21  16.8  20.2   11:42  12.8   05:27   1.7   0.2   0.0   2.3  14.0   11:13   WSW
22  17.0  20.8   18:01  13.8   03:49   1.8   0.6   0.8   1.3  13.0   15:22   SSW
23  18.3  21.3   13:15  15.3   23:55   0.6   0.6  16.2   0.8   9.0   15:35     W
24  15.6  20.7   13:24  11.3   04:47   2.9   0.3   2.0   2.5  17.0   14:56    SW
25  14.5  19.6   12:45   9.8   05:06   3.9   0.1   0.6   2.4  16.0   13:15     W
26  14.7  20.8   14:56  11.0   00:58   3.7   0.1   0.8   3.5  17.0   15:59     W
27  16.4  20.9   14:36  12.8   23:54   2.2   0.3   1.8   3.2  17.0   13:51     W
28  14.1  20.3   12:50   8.6   05:19   4.4   0.2   4.0   1.7  15.0   20:15   SSW
29  13.3  15.3   09:10   9.6   04:44   5.0   0.0   0.8   4.0  23.0   14:35    SW
30  15.9  20.6   15:55  13.1   03:25   2.5   0.1   0.6   2.7  16.0   22:52    SW
----------------------------------------------------------------------------------
    15.2  25.6     6     7.8     3   104.2  12.9  73.0   2.4  23.0    29       W

Max >=  25.0:  1
Max <=   0.0:  0
Min <=   0.0:  0
Min <=  -5.0:  0
Max Rain: 16.2 on day 23
Days of Rain: 22 (>= 0.2 mm)  15 (>= 1.0 mm)  2 (>= 10.0 mm)
Heat Base: 18.3  Cool Base: 18.3  Method: Integration
:now: :gauges: :today/yesterday: :month/year: :records: :monthly records: :graphs: :Metar reports: :NOAA reports: :Rain/ET: :GDD MetOffice: :GDD NOAA: :season averages: :data summary: :system info: ::forum:


Page updated 14/01/2018 13:25:01
powered by Cumulus v1.9.4 (1099)