Hemel Hempstead (Grovehill) weather

 Latitude N 51° 46' 21"    Longitude W 00° 27' 08"    Elevation 142 m

NOAA Style Reports

Select a Year or Month report
V/Λ2018 > Jan Feb Mar Apr May Jun Jul Aug Sep Oct Nov Dec
V/Λ2017 > Jan Feb Mar Apr May Jun Jul Aug Sep Oct Nov Dec
V/Λ2016 > Jan Feb Mar Apr May Jun Jul Aug Sep Oct Nov Dec
V/Λ2015 > Jan Feb Mar Apr May Jun Jul Aug Sep Oct Nov Dec
V/Λ2014 > Jan Feb Mar Apr May Jun Jul Aug Sep Oct Nov Dec
V/Λ2013 > Jan Feb Mar Apr May Jun Jul Aug Sep Oct Nov Dec
V/Λ2012 > Jan Feb Mar Apr May Jun Jul Aug Sep Oct Nov Dec

Report for 2016 May
                   Monthly Climatological Summary for May 2016

Name: Grovehill   City: Hemel Hempstead   State: UK
Elevation: 142 m  Lat: N 51° 46' 21"   Lon: W 000° 27' 08"

                  Temperature (°C), Rain (mm), Wind Speed (mph)

                                      Heat  Cool        Avg
    Mean                              Deg   Deg         Wind                 Dom
Day Temp  High   Time   Low    Time   Days  Days  Rain  Speed High   Time    Dir
----------------------------------------------------------------------------------
 1   9.0  16.7   15:45   0.8   04:06   9.3   0.0   0.0   3.0  19.0   16:24    SW
 2  11.5  17.7   13:39   6.8   23:59   6.8   0.0   1.4   4.0  25.0   13:35    SW
 3   9.7  14.9   13:17   4.9   04:43   8.6   0.0   0.0   3.2  16.0   12:57     W
 4  11.6  18.3   14:52   3.4   05:48   6.7   0.0   0.0   2.0  16.0   12:50     S
 5  13.3  21.5   15:34   3.9   05:48   5.5   0.5   0.0   2.9  20.0   18:34   ESE
 6  14.4  22.9   15:57   5.9   04:52   4.8   0.9   0.0   3.0  17.0   11:25   ENE
 7  16.6  24.1   13:31   9.8   05:42   3.1   1.4   0.0   2.4  19.0   16:20     E
 8  18.7  27.1   14:04  10.1   06:00   2.4   2.8   0.0   4.2  26.0   13:48     E
 9  17.6  24.3   14:09  12.5   05:48   2.1   1.4   1.4   4.9  24.0   15:17   ENE
10  14.9  16.0   12:59  14.1   06:31   3.4   0.0   6.8   4.0  18.0   14:50   ENE
11  15.4  18.3   17:07  13.7   23:52   2.9   0.0   6.0   2.9  15.0   08:36   ENE
12  15.9  23.9   15:37  10.3   06:21   3.5   1.1   0.0   3.8  24.0   13:40    NE
13  10.8  14.7   14:36   7.7   23:57   7.5   0.0   0.0   5.1  22.0   05:41   NNE
14   9.0  13.6   17:13   5.3   05:42   9.3   0.0   0.0   2.5  15.0   12:21     N
15  10.1  16.2   14:10   2.4   05:21   8.2   0.0   0.0   2.1  14.0   10:29   WNW
16  11.9  17.1   14:35   6.2   05:30   6.4   0.0   0.0   2.0  14.0   15:20   WNW
17  12.4  18.4   15:24   5.8   05:28   5.9   0.0   0.0   2.8  18.0   18:53   WSW
18  11.3  13.6   14:47   9.9   23:49   7.0   0.0   8.8   2.6  17.0   06:35   SSW
19  12.6  17.9   16:35   8.9   05:32   5.7   0.0   0.0   3.6  20.0   18:03   WSW
20  14.4  18.3   15:18  11.9   06:09   3.9   0.0   0.4   3.8  20.0   10:04    SW
21  13.5  16.4   15:11  11.6   01:44   4.8   0.0   1.4   3.5  25.0   11:20   SSW
22  13.5  17.9   13:52   9.7   05:06   4.8   0.0   0.0   2.0  15.0   17:14     W
23  13.0  20.1   16:30   8.1   05:41   5.3   0.1   2.6   3.5  17.0   19:32   WNW
24  11.1  16.8   16:05   6.1   04:01   7.2   0.0   0.0   3.4  26.0   15:43    NE
25   9.3  12.2   15:08   6.9   00:00   9.0   0.0   0.0   1.6  15.0   08:56     N
26  13.7  21.1   16:05   9.0   04:20   4.8   0.2   0.0   1.8  11.0   12:10   ENE
27  14.1  21.2   16:04   7.9   04:15   4.5   0.3   0.0   3.5  15.0   11:49   ENE
28  13.7  20.1   15:45   8.3   05:10   4.8   0.1   0.0   2.8  14.0   17:11    NE
29  12.2  18.8   15:47   7.8   04:07   6.2   0.0   0.0   2.8  20.0   18:18   NNE
30  13.0  17.4   15:53  10.3   03:59   5.3   0.0   0.0   4.3  23.0   21:45   NNW
31  10.7  11.9   00:00  10.0   08:17   7.6   0.0   8.8   5.8  25.0   05:30   NNW
----------------------------------------------------------------------------------
    12.9  27.1     8     0.8     1   177.3   8.8  37.6   3.2  26.0     8     NNE

Max >=  25.0:  1
Max <=   0.0:  0
Min <=   0.0:  0
Min <=  -5.0:  0
Max Rain: 8.8 on day 18
Days of Rain: 9 (>= 0.2 mm)  8 (>= 1.0 mm)  0 (>= 10.0 mm)
Heat Base: 18.3  Cool Base: 18.3  Method: Integration
:now: :gauges: :today/yesterday: :month/year: :records: :monthly records: :graphs: :Metar reports: :NOAA reports: :Rain/ET: :GDD MetOffice: :GDD NOAA: :season averages: :data summary: :system info: ::forum:


Page updated 14/01/2018 13:25:01
powered by Cumulus v1.9.4 (1099)