Hemel Hempstead (Grovehill) weather

 Latitude N 51° 46' 21"    Longitude W 00° 27' 08"    Elevation 142 m

NOAA Style Reports

Select a Year or Month report
V/Λ2018 > Jan Feb Mar Apr May Jun Jul Aug Sep Oct Nov Dec
V/Λ2017 > Jan Feb Mar Apr May Jun Jul Aug Sep Oct Nov Dec
V/Λ2016 > Jan Feb Mar Apr May Jun Jul Aug Sep Oct Nov Dec
V/Λ2015 > Jan Feb Mar Apr May Jun Jul Aug Sep Oct Nov Dec
V/Λ2014 > Jan Feb Mar Apr May Jun Jul Aug Sep Oct Nov Dec
V/Λ2013 > Jan Feb Mar Apr May Jun Jul Aug Sep Oct Nov Dec
V/Λ2012 > Jan Feb Mar Apr May Jun Jul Aug Sep Oct Nov Dec

Report for 2016 Apr
                   Monthly Climatological Summary for Apr 2016

Name: Grovehill   City: Hemel Hempstead   State: UK
Elevation: 142 m  Lat: N 51° 46' 21"   Lon: W 000° 27' 08"

                  Temperature (°C), Rain (mm), Wind Speed (mph)

                                      Heat  Cool        Avg
    Mean                              Deg   Deg         Wind                 Dom
Day Temp  High   Time   Low    Time   Days  Days  Rain  Speed High   Time    Dir
----------------------------------------------------------------------------------
 1   7.1  12.7   12:28   0.3   04:58  11.2   0.0   0.2   2.8  22.0   19:19     S
 2  10.0  15.6   14:14   6.8   22:23   8.3   0.0   2.8   3.3  20.0   12:54    SE
 3  10.2  15.9   14:11   6.6   06:23   8.0   0.0   2.8   2.6  15.0   19:48    SE
 4   9.8  13.8   13:59   7.4   23:04   8.5   0.0   0.4   2.4  19.0   13:32   SSE
 5   9.9  14.7   15:51   5.9   06:53   8.4   0.0   0.0   3.7  20.0   14:58     W
 6   7.8  12.7   16:01   4.7   04:48  10.5   0.0   2.2   6.0  28.0   17:16   WSW
 7   6.7  11.4   16:27   4.3   03:20  11.6   0.0   1.0   5.4  20.0   10:27   WSW
 8   8.3  13.7   15:35   4.2   04:05  10.0   0.0   0.0   2.1  11.0   15:51   WSW
 9   6.9  11.2   13:00   2.4   21:59  11.4   0.0   3.0   2.6  20.0   05:46   SSW
10   6.5  13.2   13:14  -1.1   06:14  11.8   0.0   0.4   5.2  25.0   16:15     E
11  10.2  14.5   13:12   7.2   00:00   8.1   0.0   2.4   4.2  20.0   09:54   ENE
12   9.7  15.3   13:29   6.7   23:54   8.6   0.0   7.4   1.7  16.0   14:23   WSW
13  10.5  17.3   13:56   2.4   06:05   7.7   0.0   0.0   1.7  15.0   15:05     W
14  11.5  17.3   14:42   7.4   06:29   6.7   0.0   0.2   1.6  11.0   18:01     E
15   8.6  11.6   12:38   6.9   23:21   9.7   0.0  15.4   1.3  11.0   19:14   NNE
16   5.0   9.5   16:47   1.9   23:58  13.3   0.0   2.0   3.6  16.0   11:04   WNW
17   5.7  12.2   15:58   0.1   06:13  12.6   0.0   0.4   1.8  16.0   12:18   WNW
18   7.7  11.3   16:12   2.8   06:08  10.6   0.0   0.0   3.2  18.0   12:28   WSW
19  10.5  15.4   15:36   6.0   23:57   7.8   0.0   0.0   2.9  15.0   22:37   NNE
20   8.5  15.8   15:53   1.6   05:58   9.8   0.0   0.0   5.4  22.0   13:57   ENE
21   9.2  15.6   13:39   4.1   03:59   9.1   0.0   0.0   6.3  20.0   12:04   ENE
22   7.7  11.1   13:03   4.7   23:25  10.6   0.0   6.0   5.6  19.0   01:41   ENE
23   6.2  10.9   14:23   2.6   05:38  12.1   0.0   0.0   2.3  16.0   12:13     N
24   6.0   9.7   12:10   1.7   06:32  12.3   0.0   1.6   2.9  18.0   12:12    NW
25   6.6  11.6   17:00   2.4   21:21  11.7   0.0   1.0   3.9  22.0   13:48   WNW
26   4.3   9.5   17:00   0.6   05:59  14.0   0.0   0.8   5.6  24.0   12:59   WNW
27   5.4  12.2   14:38   0.2   06:10  12.9   0.0   1.0   3.7  18.0   16:49   WNW
28   5.8  11.3   14:04  -0.3   05:32  12.5   0.0   4.2   3.9  23.0   12:52    SW
29   6.6  11.2   14:03   2.8   06:10  11.7   0.0   2.0   5.3  24.0   10:00   WSW
30   6.8  13.0   14:11   0.9   05:52  11.5   0.0   0.2   3.2  23.0   14:26   WNW
----------------------------------------------------------------------------------
     7.9  17.3    13    -1.1    10   313.0   0.0  57.4   3.5  28.0     6       W

Max >=  25.0:  0
Max <=   0.0:  0
Min <=   0.0:  2
Min <=  -5.0:  0
Max Rain: 15.4 on day 15
Days of Rain: 22 (>= 0.2 mm)  15 (>= 1.0 mm)  1 (>= 10.0 mm)
Heat Base: 18.3  Cool Base: 18.3  Method: Integration
:now: :gauges: :today/yesterday: :month/year: :records: :monthly records: :graphs: :Metar reports: :NOAA reports: :Rain/ET: :GDD MetOffice: :GDD NOAA: :season averages: :data summary: :system info: ::forum:


Page updated 14/01/2018 13:25:01
powered by Cumulus v1.9.4 (1099)