Hemel Hempstead (Grovehill) weather

 Latitude N 51° 46' 21"    Longitude W 00° 27' 08"    Elevation 142 m

NOAA Style Reports

Select a Year or Month report
V/Λ2018 > Jan Feb Mar Apr May Jun Jul Aug Sep Oct Nov Dec
V/Λ2017 > Jan Feb Mar Apr May Jun Jul Aug Sep Oct Nov Dec
V/Λ2016 > Jan Feb Mar Apr May Jun Jul Aug Sep Oct Nov Dec
V/Λ2015 > Jan Feb Mar Apr May Jun Jul Aug Sep Oct Nov Dec
V/Λ2014 > Jan Feb Mar Apr May Jun Jul Aug Sep Oct Nov Dec
V/Λ2013 > Jan Feb Mar Apr May Jun Jul Aug Sep Oct Nov Dec
V/Λ2012 > Jan Feb Mar Apr May Jun Jul Aug Sep Oct Nov Dec

Report for 2016 Mar
                   Monthly Climatological Summary for Mar 2016

Name: Grovehill   City: Hemel Hempstead   State: UK
Elevation: 142 m  Lat: N 51° 46' 21"   Lon: W 000° 27' 08"

                  Temperature (°C), Rain (mm), Wind Speed (mph)

                                      Heat  Cool        Avg
    Mean                              Deg   Deg         Wind                 Dom
Day Temp  High   Time   Low    Time   Days  Days  Rain  Speed High   Time    Dir
----------------------------------------------------------------------------------
 1   7.7  11.9   15:21   3.3   00:52  10.6   0.0   6.4   6.0  25.0   15:30    SW
 2   4.6   7.2   00:00   2.6   06:41  13.7   0.0   4.0   8.6  35.0   12:33     W
 3   5.3   8.8   12:56   1.6   07:22  13.0   0.0   3.0   5.7  39.0   02:57     W
 4   3.8   8.5   14:02  -0.8   23:29  14.5   0.0   1.4   4.0  22.0   01:43   WSW
 5   1.8   5.4   12:25  -1.2   00:43  16.5   0.0   2.8   3.4  19.0   13:04    NW
 6   2.5   6.3   12:38  -0.4   06:35  15.8   0.0   0.4   3.8  16.0   09:08   WNW
 7   3.0   8.0   15:03  -1.2   06:39  15.3   0.0   0.0   3.3  20.0   09:48    NW
 8   3.1   8.1   14:12  -2.1   04:22  15.2   0.0   0.2   2.6  19.0   22:24   SSW
 9   6.8  10.4   12:47   5.1   22:44  11.5   0.0  19.8   3.8  20.0   04:21     E
10   5.3   8.7   15:22   2.1   23:49  13.0   0.0   1.2   1.2  11.0   02:19   NNW
11   3.9  10.6   15:14  -1.1   05:37  14.4   0.0   0.2   1.0  10.0   10:29   ENE
12   5.9  11.7   14:26   1.9   00:40  12.4   0.0   0.0   1.0   9.0   12:16    SE
13   4.6  11.1   13:43   1.1   04:52  13.7   0.0   0.0   4.6  20.0   14:56   ENE
14   5.6  11.3   14:30   2.0   00:00  12.7   0.0   0.0   7.8  31.0   16:16   ENE
15   4.7   6.9   10:49   0.5   03:55  13.6   0.0   0.0   3.2  18.0   22:52    NE
16   6.1   9.3   15:29   4.0   23:59  12.2   0.0   0.6   6.8  25.0   16:12    NE
17   5.4  11.6   14:31   1.0   06:06  12.9   0.0   0.0   2.9  15.0   10:03    NE
18   4.3   6.4   13:26   1.0   00:43  14.0   0.0   0.2   3.0  19.0   13:08    NE
19   5.4   7.3   12:27   4.3   05:54  12.9   0.0   0.2   4.5  19.0   13:30    NE
20   6.6  11.3   13:58   3.8   06:12  11.7   0.0   0.2   2.7  17.0   01:00    NE
21   7.0  11.3   12:24   3.0   23:58  11.3   0.0   0.0   2.9  16.0   10:48   WNW
22   6.6  12.6   13:27   0.8   06:27  11.7   0.0   0.0   1.4  11.0   13:33   WNW
23   6.8   9.2   13:25   3.1   01:35  11.5   0.0   0.0   0.9   9.0   13:56     W
24   7.2  10.5   12:38   4.4   04:27  11.1   0.0   4.8   3.2  18.0   13:21    SW
25   9.6  14.6   14:29   5.8   06:46   8.7   0.0   2.0   3.3  17.0   04:31     W
26   8.4  12.2   16:35   6.0   01:33   9.8   0.0   5.0   5.7  34.0   12:22     S
27   6.9  10.1   16:38   4.3   05:02  11.0   0.0   8.0   4.9  30.0   17:44   SSW
28   7.3  11.4   16:48   2.2   08:19  11.0   0.0  16.0   8.3  41.0   07:48    SW
29   6.4  11.4   14:48   3.5   02:08  11.9   0.0   3.2   4.5  26.0   11:00    SW
30   7.2  12.3   15:33   3.3   06:37  11.1   0.0   0.2   3.3  17.0   12:20   WSW
31   7.1  13.3   15:50   2.7   07:42  11.2   0.0   0.0   1.5  15.0   16:30   NNW
----------------------------------------------------------------------------------
     5.7  14.6    25    -2.1     8   389.9   0.0  79.8   3.9  41.0    28       W

Max >=  25.0:  0
Max <=   0.0:  0
Min <=   0.0:  6
Min <=  -5.0:  0
Max Rain: 19.8 on day 9
Days of Rain: 21 (>= 0.2 mm)  13 (>= 1.0 mm)  2 (>= 10.0 mm)
Heat Base: 18.3  Cool Base: 18.3  Method: Integration
:now: :gauges: :today/yesterday: :month/year: :records: :monthly records: :graphs: :Metar reports: :NOAA reports: :Rain/ET: :GDD MetOffice: :GDD NOAA: :season averages: :data summary: :system info: ::forum:


Page updated 14/01/2018 13:25:01
powered by Cumulus v1.9.4 (1099)