Hemel Hempstead (Grovehill) weather

 Latitude N 51° 46' 21"    Longitude W 00° 27' 08"    Elevation 142 m

NOAA Style Reports

Select a Year or Month report
V/Λ2018 > Jan Feb Mar Apr May Jun Jul Aug Sep Oct Nov Dec
V/Λ2017 > Jan Feb Mar Apr May Jun Jul Aug Sep Oct Nov Dec
V/Λ2016 > Jan Feb Mar Apr May Jun Jul Aug Sep Oct Nov Dec
V/Λ2015 > Jan Feb Mar Apr May Jun Jul Aug Sep Oct Nov Dec
V/Λ2014 > Jan Feb Mar Apr May Jun Jul Aug Sep Oct Nov Dec
V/Λ2013 > Jan Feb Mar Apr May Jun Jul Aug Sep Oct Nov Dec
V/Λ2012 > Jan Feb Mar Apr May Jun Jul Aug Sep Oct Nov Dec

Report for 2016 Feb
                   Monthly Climatological Summary for Feb 2016

Name: Grovehill   City: Hemel Hempstead   State: UK
Elevation: 142 m  Lat: N 51° 46' 21"   Lon: W 000° 27' 08"

                  Temperature (°C), Rain (mm), Wind Speed (mph)

                                      Heat  Cool        Avg
    Mean                              Deg   Deg         Wind                 Dom
Day Temp  High   Time   Low    Time   Days  Days  Rain  Speed High   Time    Dir
----------------------------------------------------------------------------------
 1  11.0  13.0   14:35   8.4   23:30   7.3   0.0   0.0  10.1  43.0   19:37   WSW
 2   7.0   9.3   13:54   3.8   23:54  11.3   0.0   0.4   7.4  36.0   14:20   WSW
 3   4.3   8.3   14:22   2.2   06:14  14.0   0.0   0.0   6.2  28.0   11:47     W
 4   8.7  12.7   14:33   3.8   02:49   9.6   0.0   0.4   5.1  22.0   11:05     W
 5   9.0  10.4   11:20   8.3   09:02   9.3   0.0   2.2   5.0  23.0   18:17   SSW
 6   9.2  11.2   15:42   5.3   23:31   9.1   0.0   8.8   7.1  34.0   16:54     S
 7   6.1   8.8   13:43   3.4   07:35  12.2   0.0   7.2   5.8  31.0   20:43   SSW
 8   6.8   8.7   00:00   4.9   07:19  11.5   0.0   2.8  10.1  41.0   12:03   WSW
 9   4.1   7.2   13:39   2.3   05:13  14.2   0.0   0.2   4.8  24.0   02:09   WSW
10   4.4   8.8   13:09   0.6   23:21  13.8   0.0   0.2   4.4  18.0   02:13     W
11   2.5   8.3   12:36  -1.6   07:54  15.8   0.0   0.2   1.0   9.0   12:33    SW
12   2.8   6.4   14:39  -0.3   07:06  15.5   0.0   0.0   2.8  16.0   12:10     E
13   2.2   3.5   16:22  -0.1   03:11  16.1   0.0   3.0   4.6  23.0   13:01   ENE
14   2.5   5.8   12:26   0.4   23:29  15.8   0.0   0.0   3.6  22.0   12:23   NNE
15   2.2   6.4   13:43  -0.4   03:16  16.1   0.0   0.4   3.5  19.0   13:44    NW
16   2.1   7.4   13:35  -3.2   05:57  16.2   0.0   0.2   2.0  17.0   13:58     S
17   3.5   5.4   10:50   2.2   01:12  14.8   0.0   7.6   2.9  20.0   11:01   SSE
18   3.5   7.4   13:55   0.7   23:11  14.8   0.0   0.8   2.9  15.0   12:58   WNW
19   4.4   9.7   13:28  -1.2   04:44  13.9   0.0   3.2   3.5  25.0   16:13   SSW
20   9.5  11.2   18:38   7.3   06:48   8.8   0.0   4.6   7.9  35.0   17:44   WSW
21  11.7  13.7   13:35  10.4   23:26   6.6   0.0   0.2   9.9  39.0   17:01   WSW
22   7.1  10.7   00:28   2.9   22:04  11.2   0.0   3.6   4.4  26.0   00:21     W
23   4.3   9.1   14:44  -1.0   23:58  14.0   0.0   0.0   2.6  15.0   09:21   WNW
24   1.6   7.7   14:18  -3.2   05:58  16.7   0.0   0.0   0.8  10.0   14:44    NW
25   1.6   6.1   14:37  -1.0   02:15  16.7   0.0   0.0   2.0  14.0   13:56     W
26   3.0   8.6   14:21  -0.4   05:35  15.3   0.0   0.0   2.4  15.0   16:17     E
27   3.3   6.9   11:56   1.6   05:44  15.0   0.0   0.0   6.0  25.0   12:57   ENE
28   3.3   7.4   12:36   0.7   03:00  15.0   0.0   0.0   5.0  24.0   15:57    NE
29   4.0   8.7   13:18  -1.1   06:27  14.3   0.0   0.0   1.5  20.0   23:48   ESE
----------------------------------------------------------------------------------
     5.0  13.7    21    -3.2    16   384.9   0.0  46.0   4.7  43.0     1     WSW

Max >=  25.0:  0
Max <=   0.0:  0
Min <=   0.0: 11
Min <=  -5.0:  0
Max Rain: 8.8 on day 6
Days of Rain: 18 (>= 0.2 mm)  9 (>= 1.0 mm)  0 (>= 10.0 mm)
Heat Base: 18.3  Cool Base: 18.3  Method: Integration
:now: :gauges: :today/yesterday: :month/year: :records: :monthly records: :graphs: :Metar reports: :NOAA reports: :Rain/ET: :GDD MetOffice: :GDD NOAA: :season averages: :data summary: :system info: ::forum:


Page updated 14/01/2018 13:25:01
powered by Cumulus v1.9.4 (1099)