Hemel Hempstead (Grovehill) weather

 Latitude N 51° 46' 21"    Longitude W 00° 27' 08"    Elevation 142 m

NOAA Style Reports

Select a Year or Month report
V/Λ2018 > Jan Feb Mar Apr May Jun Jul Aug Sep Oct Nov Dec
V/Λ2017 > Jan Feb Mar Apr May Jun Jul Aug Sep Oct Nov Dec
V/Λ2016 > Jan Feb Mar Apr May Jun Jul Aug Sep Oct Nov Dec
V/Λ2015 > Jan Feb Mar Apr May Jun Jul Aug Sep Oct Nov Dec
V/Λ2014 > Jan Feb Mar Apr May Jun Jul Aug Sep Oct Nov Dec
V/Λ2013 > Jan Feb Mar Apr May Jun Jul Aug Sep Oct Nov Dec
V/Λ2012 > Jan Feb Mar Apr May Jun Jul Aug Sep Oct Nov Dec

Report for 2016 Jan
                   Monthly Climatological Summary for Jan 2016

Name: Grovehill   City: Hemel Hempstead   State: UK
Elevation: 142 m  Lat: N 51° 46' 21"   Lon: W 000° 27' 08"

                  Temperature (°C), Rain (mm), Wind Speed (mph)

                                      Heat  Cool        Avg
    Mean                              Deg   Deg         Wind                 Dom
Day Temp  High   Time   Low    Time   Days  Days  Rain  Speed High   Time    Dir
----------------------------------------------------------------------------------
 1   4.0   7.1   22:08  -0.1   08:06  14.3   0.0   2.2   3.8  19.0   18:40   ESE
 2   8.6   9.8   17:06   6.9   00:00   9.7   0.0   6.6   5.9  22.0   01:24    SE
 3   6.9   8.9   00:57   4.1   06:37  11.4   0.0   8.2   4.0  25.0   11:25     S
 4   6.2   8.3   14:27   4.6   04:09  12.1   0.0   0.8   1.6  15.0   23:53   SSE
 5   7.1   8.2   13:43   5.8   22:47  11.2   0.0   2.2   1.1  11.0   00:13   SSE
 6   5.6   7.1   13:15   2.3   07:58  12.7   0.0   0.2   1.0  11.0   23:50    SE
 7   5.9   9.8   10:49   2.9   23:57  12.4   0.0   8.2   6.8  33.0   13:37   WSW
 8   4.4   8.3   13:40   0.8   06:39  13.9   0.0   2.0   1.6  14.0   13:01     S
 9   7.3   9.2   12:59   5.4   04:25  11.0   0.0   3.6   4.0  28.0   20:30   SSE
10   5.3   8.7   13:57   3.5   22:19  13.0   0.0   0.4   3.2  19.0   07:20   SSW
11   4.5   5.3   14:44   3.1   21:08  13.8   0.0   9.4   2.4  17.0   11:47   WSW
12   4.5   5.9   12:29   3.3   02:45  13.8   0.0   1.0   7.2  27.0   18:47     W
13   3.7   6.0   12:28   2.0   08:19  14.6   0.0   1.4   4.1  19.0   01:06   WSW
14   2.3   4.1   13:40   0.7   23:31  15.9   0.0   1.8   7.8  33.0   14:01     W
15   1.9   4.9   12:55   0.5   02:40  16.4   0.0   0.0   6.9  24.0   05:25   WNW
16   0.8   3.5   12:10  -1.2   08:25  17.5   0.0   0.2   1.9  11.0   01:15     W
17   1.2   2.6   20:09  -0.3   07:48  17.1   0.0   3.8   1.9  13.0   20:23   ESE
18   1.8   4.1   13:39  -3.0   23:56  16.5   0.0   0.2   3.0  15.0   06:15   ESE
19  -1.5   4.6   14:07  -4.8   05:48  19.8   0.0   0.0   0.5   5.0   12:45     W
20  -0.6   6.1   13:48  -3.8   07:10  18.9   0.0   0.2   0.6   7.0   14:43    SW
21   2.5   7.0   14:13  -3.1   00:28  15.8   0.0   0.0   2.5  16.0   20:10    SE
22   6.4   9.3   15:37   3.9   00:00  11.9   0.0   3.4   4.2  20.0   09:06     S
23   6.2   8.7   15:22   2.9   02:26  12.1   0.0   1.2   2.4  19.0   20:55     S
24  11.2  14.2   12:59   7.8   00:00   7.1   0.0   0.6   3.2  19.0   21:01   SSW
25  10.0  12.4   15:52   6.7   23:58   8.3   0.0   0.2   4.6  25.0   16:43   SSW
26   8.4  10.8   22:53   4.7   03:32   9.9   0.0   3.8   5.9  33.0   18:11   SSW
27  10.4  12.0   12:53   5.0   23:57   7.9   0.0   4.6   7.4  33.0   09:43    SW
28   5.4   9.1   14:18   1.1   07:10  12.9   0.0   0.0   4.3  26.0   21:59    SW
29  10.2  11.4   15:35   8.3   00:00   8.0   0.0   1.6   8.0  32.0   08:45    SW
30   6.1  10.2   01:23   3.1   23:57  12.2   0.0   6.2   6.1  31.0   02:16   WSW
31   7.8  12.5   14:40   2.6   01:01  10.5   0.0   1.6   4.9  30.0   17:10   WSW
----------------------------------------------------------------------------------
     5.3  14.2    24    -4.8    19   402.6   0.0  75.6   4.0  33.0     7      SW

Max >=  25.0:  0
Max <=   0.0:  0
Min <=   0.0:  7
Min <=  -5.0:  0
Max Rain: 9.4 on day 11
Days of Rain: 27 (>= 0.2 mm)  19 (>= 1.0 mm)  0 (>= 10.0 mm)
Heat Base: 18.3  Cool Base: 18.3  Method: Integration
:now: :gauges: :today/yesterday: :month/year: :records: :monthly records: :graphs: :Metar reports: :NOAA reports: :Rain/ET: :GDD MetOffice: :GDD NOAA: :season averages: :data summary: :system info: ::forum:


Page updated 14/01/2018 13:25:01
powered by Cumulus v1.9.4 (1099)