Hemel Hempstead (Grovehill) weather

 Latitude N 51° 46' 21"    Longitude W 00° 27' 08"    Elevation 142 m

NOAA Style Reports

Select a Year or Month report
V/Λ2018 > Jan Feb Mar Apr May Jun Jul Aug Sep Oct Nov Dec
V/Λ2017 > Jan Feb Mar Apr May Jun Jul Aug Sep Oct Nov Dec
V/Λ2016 > Jan Feb Mar Apr May Jun Jul Aug Sep Oct Nov Dec
V/Λ2015 > Jan Feb Mar Apr May Jun Jul Aug Sep Oct Nov Dec
V/Λ2014 > Jan Feb Mar Apr May Jun Jul Aug Sep Oct Nov Dec
V/Λ2013 > Jan Feb Mar Apr May Jun Jul Aug Sep Oct Nov Dec
V/Λ2012 > Jan Feb Mar Apr May Jun Jul Aug Sep Oct Nov Dec

Report for 2016
                   Annual Climatological Summary for 2016

Name: Grovehill   City: Hemel Hempstead   State: UK
Elevation: 142 m  Lat: N 51° 46' 21"   Lon: W 000° 27' 08"

                  Temperature (°C), Heat Base: 18.3  Cool Base: 18.3
                          Dep.  Heat  Cool                       Max  Max  Min  Min
        Mean  Mean        From  Deg   Deg                        >=   <=   <=   <=
 YR MO  Max   Min   Mean  Norm  Days  Days  Hi  Date  Low  Date 25.0  0.0  0.0  -5.0
------------------------------------------------------------------------------------
 16  1   8.1   2.4   5.3   1.3   402     0  14.2  24  -4.8   19    0    0    7    0
 16  2   8.6   1.9   5.0   1.0   384     0  13.7  21  -3.2   16    0    0   11    0
 16  3  10.0   2.1   5.7  -0.6   389     0  14.6  25  -2.1    8    0    0    6    0
 16  4  13.0   3.5   7.9  -0.5   313     0  17.3  13  -1.1   10    0    0    2    0
 16  5  18.4   8.1  12.9   1.4   177     8  27.1   8   0.8    1    1    0    0    0
 16  6  20.0  11.5  15.2   0.7   104    12  25.6   6   7.8    3    1    0    0    0
 16  7  23.2  12.9  17.9   1.0    58    44  33.2  19   8.5    3    7    0    0    0
 16  8  23.9  13.1  17.9   1.2    57    46  32.2  24   9.1   15   12    0    0    0
 16  9  21.1  12.1  16.3   2.2    81    22  31.7  13   6.9   23    4    0    0    0
 16 10  15.1   7.4  10.6   0.0   239     0  18.9   4   3.7    3    0    0    0    0
 16 11   9.0   2.8   5.8  -1.0   374     0  14.3  15  -3.9   30    0    0    6    0
 16 12   8.8   2.9   5.9   1.6   385     0  13.1   9  -3.7   28    0    0    7    0
------------------------------------------------------------------------------------
        14.9   6.7  10.5   0.7  2968   135  33.2 Jul  -4.8  Jan   25    0   39    0

                                Precipitation (mm)

              Dep.   Max        Days of Rain
              From   Obs.           >=
 YR MO Total  Norm   Day Date  0.2  1.0 10.0
---------------------------------------------
 16  1  75.6   8.6   9.4  11    27   19    0
 16  2  46.0  -1.7   8.8   6    18    9    0
 16  3  79.8  30.7  19.8   9    21   13    2
 16  4  57.4   3.3  15.4  15    22   15    1
 16  5  37.6 -14.4   8.8  18     9    8    0
 16  6  73.0  20.3  16.2  23    22   15    2
 16  7  17.0 -31.8  11.0  12     8    4    1
 16  8  27.8 -34.7   6.2  28    13    7    0
 16  9  64.8   7.6  34.0  16    14   10    1
 16 10  22.6 -58.5   9.8  16    17    4    0
 16 11  79.0   4.0  16.0   9    24   12    3
 16 12  18.8 -46.3   8.0  10    22    5    0
---------------------------------------------
       599.4-112.9  34.0  Sep  217  121   10

                                Wind Speed (mph)
                          Dom
 YR MO   Avg.  Hi   Date  Dir
------------------------------
 16  1   4.0  33.0    7    SW
 16  2   4.7  43.0    1   WSW
 16  3   3.9  41.0   28     W
 16  4   3.5  28.0    6     W
 16  5   3.2  26.0    8   NNE
 16  6   2.4  23.0   29     W
 16  7   2.8  27.0   10   WSW
 16  8   2.9  27.0   20   WSW
 16  9   2.1  24.0   16    SW
 16 10   2.4  30.0    5    NE
 16 11   3.2  35.0   17    NW
 16 12   2.2  43.0   23   SSW
------------------------------
         3.1  43.0  Feb     W
:now: :gauges: :today/yesterday: :month/year: :records: :monthly records: :graphs: :Metar reports: :NOAA reports: :Rain/ET: :GDD MetOffice: :GDD NOAA: :season averages: :data summary: :system info: ::forum:


Page updated 14/01/2018 13:25:01
powered by Cumulus v1.9.4 (1099)