Hemel Hempstead (Grovehill) weather

 Latitude N 51° 46' 21"    Longitude W 00° 27' 08"    Elevation 142 m

NOAA Style Reports

Select a Year or Month report
V/Λ2018 > Jan Feb Mar Apr May Jun Jul Aug Sep Oct Nov Dec
V/Λ2017 > Jan Feb Mar Apr May Jun Jul Aug Sep Oct Nov Dec
V/Λ2016 > Jan Feb Mar Apr May Jun Jul Aug Sep Oct Nov Dec
V/Λ2015 > Jan Feb Mar Apr May Jun Jul Aug Sep Oct Nov Dec
V/Λ2014 > Jan Feb Mar Apr May Jun Jul Aug Sep Oct Nov Dec
V/Λ2013 > Jan Feb Mar Apr May Jun Jul Aug Sep Oct Nov Dec
V/Λ2012 > Jan Feb Mar Apr May Jun Jul Aug Sep Oct Nov Dec

Report for 2015 Dec
                   Monthly Climatological Summary for Dec 2015

Name: Grovehill   City: Hemel Hempstead   State: UK
Elevation: 142 m  Lat: N 51° 46' 21"   Lon: W 000° 27' 08"

                  Temperature (°C), Rain (mm), Wind Speed (mph)

                                      Heat  Cool        Avg
    Mean                              Deg   Deg         Wind                 Dom
Day Temp  High   Time   Low    Time   Days  Days  Rain  Speed High   Time    Dir
----------------------------------------------------------------------------------
 1  11.2  13.7   11:52   7.9   00:00   7.1   0.0   0.4   4.9  26.0   08:38   WSW
 2  11.5  13.4   12:54  10.4   07:32   6.8   0.0   0.0   4.6  23.0   13:47   SSW
 3  11.6  12.2   03:53  10.6   23:57   6.7   0.0   5.0   4.9  25.0   20:32     S
 4   8.7  11.3   13:21   4.8   08:49   9.6   0.0   0.2   5.9  33.0   22:09    SW
 5  11.0  11.8   15:05  10.3   04:37   7.3   0.0   0.0   9.1  40.0   12:28    SW
 6  11.9  13.3   09:07  11.3   13:35   6.4   0.0   2.4   5.3  28.0   05:22    SW
 7  11.4  12.4   12:48  10.1   19:51   6.9   0.0   0.6   2.9  15.0   08:56   SSE
 8  10.1  12.8   13:31   5.8   23:39   8.2   0.0   3.0   4.5  23.0   12:44   SSW
 9   7.1  10.1   13:22   3.2   03:25  11.2   0.0   0.2   3.9  24.0   23:31    SW
10   9.6  11.8   11:23   7.1   21:44   8.7   0.0   5.2   5.4  28.0   11:17    SW
11   7.0   8.6   04:34   2.8   23:52  11.3   0.0   1.0   3.6  18.0   03:35   WSW
12   8.1  12.3   18:47   2.7   00:03  10.2   0.0   3.2   4.6  32.0   13:34    SW
13   6.5   8.9   20:41   4.7   04:18  11.8   0.0   4.4   1.7  10.0   08:44     E
14   7.7   8.9   13:59   6.5   02:49  10.6   0.0   0.2   1.9  14.0   19:33    SE
15  10.2  12.3   00:00   8.2   00:00   8.1   0.0   2.6   2.4  16.0   16:35    SE
16  12.6  13.7   12:25  11.7   17:59   5.7   0.0   1.6   4.6  22.0   11:28    SW
17  12.3  14.1   14:59  10.7   23:58   6.0   0.0   0.4   3.5  18.0   01:00   SSW
18  11.4  12.7   11:15  10.2   04:17   6.9   0.0   0.0   3.7  19.0   11:54   SSW
19  13.6  15.2   12:50  12.2   00:00   4.7   0.0   0.0   5.3  22.0   03:23     S
20  11.0  14.1   01:35   7.6   23:38   7.3   0.0   0.0   4.6  26.0   05:05   SSW
21   8.4  11.7   15:49   5.7   07:53   9.9   0.0   1.8   4.3  32.0   14:04    SW
22  12.1  13.6   10:08   9.1   00:00   6.2   0.0  11.6   7.2  33.0   07:39    SW
23   9.0  10.7   13:35   7.2   08:58   9.3   0.0   1.4   5.0  24.0   05:29    SW
24   8.5  11.8   09:57   4.4   23:55   9.8   0.0   3.8   5.9  34.0   11:38   SSW
25   8.5  13.4   23:53   3.6   02:15   9.8   0.0   2.2   3.9  27.0   23:59   SSW
26  13.3  13.9   12:50  12.6   16:29   5.0   0.0   0.4   7.2  31.0   23:38   SSW
27  12.8  13.7   13:01  10.9   23:57   5.5   0.0   3.8   4.4  28.0   00:14   SSW
28   9.9  12.6   12:14   7.2   08:09   8.4   0.0   0.2   4.0  19.0   13:07    SE
29   9.9  11.2   00:00   8.5   17:33   8.4   0.0   0.0   3.7  22.0   04:12     S
30  10.8  12.8   10:14   8.7   19:10   7.5   0.0  13.6   7.1  36.0   09:47   SSE
31   7.1  10.3   13:33   2.7   23:57  11.2   0.0   6.4   5.1  25.0   06:03   SSW
----------------------------------------------------------------------------------
    10.2  15.2    19     2.7    12   252.5   0.0  75.6   4.7  40.0     5     SSW

Max >=  25.0:  0
Max <=   0.0:  0
Min <=   0.0:  0
Min <=  -5.0:  0
Max Rain: 13.6 on day 30
Days of Rain: 25 (>= 0.2 mm)  17 (>= 1.0 mm)  2 (>= 10.0 mm)
Heat Base: 18.3  Cool Base: 18.3  Method: Integration
:now: :gauges: :today/yesterday: :month/year: :records: :monthly records: :graphs: :Metar reports: :NOAA reports: :Rain/ET: :GDD MetOffice: :GDD NOAA: :season averages: :data summary: :system info: ::forum:


Page updated 14/01/2018 13:25:01
powered by Cumulus v1.9.4 (1099)