Hemel Hempstead (Grovehill) weather

 Latitude N 51° 46' 21"    Longitude W 00° 27' 08"    Elevation 142 m

NOAA Style Reports

Select a Year or Month report
V/Λ2018 > Jan Feb Mar Apr May Jun Jul Aug Sep Oct Nov Dec
V/Λ2017 > Jan Feb Mar Apr May Jun Jul Aug Sep Oct Nov Dec
V/Λ2016 > Jan Feb Mar Apr May Jun Jul Aug Sep Oct Nov Dec
V/Λ2015 > Jan Feb Mar Apr May Jun Jul Aug Sep Oct Nov Dec
V/Λ2014 > Jan Feb Mar Apr May Jun Jul Aug Sep Oct Nov Dec
V/Λ2013 > Jan Feb Mar Apr May Jun Jul Aug Sep Oct Nov Dec
V/Λ2012 > Jan Feb Mar Apr May Jun Jul Aug Sep Oct Nov Dec

Report for 2015 Nov
                   Monthly Climatological Summary for Nov 2015

Name: Grovehill   City: Hemel Hempstead   State: UK
Elevation: 142 m  Lat: N 51° 46' 21"   Lon: W 000° 27' 08"

                  Temperature (°C), Rain (mm), Wind Speed (mph)

                                      Heat  Cool        Avg
    Mean                              Deg   Deg         Wind                 Dom
Day Temp  High   Time   Low    Time   Days  Days  Rain  Speed High   Time    Dir
----------------------------------------------------------------------------------
 1  10.1  17.1   13:34   5.0   07:36   8.2   0.0   0.2   0.5   8.0   14:10     E
 2   9.1  11.3   14:37   7.1   02:07   9.2   0.0   0.4   1.2  13.0   20:13     E
 3  10.3  11.9   15:30   8.6   02:19   8.0   0.0   0.0   1.6  11.0   00:49     E
 4  11.8  13.0   15:15  10.3   00:00   6.5   0.0   7.4   0.8   9.0   20:05   SSW
 5  13.2  14.2   21:16  12.2   00:00   5.1   0.0   6.0   2.9  19.0   16:51     S
 6  14.0  15.9   14:36  12.6   05:51   4.3   0.0   2.0   3.4  17.0   07:33   SSW
 7  13.6  15.5   14:10   8.7   23:43   4.7   0.0   8.6   5.0  36.0   15:37    SW
 8  11.8  14.8   19:29   7.5   01:58   6.5   0.0   0.2   3.6  25.0   22:06   SSW
 9  11.6  14.3   23:13   7.8   04:57   6.7   0.0   0.0   6.3  31.0   16:24    SW
10  14.0  15.2   12:13  12.6   23:45   4.2   0.0   0.8   5.6  25.0   13:11    SW
11  12.7  15.0   12:04  11.5   20:46   5.6   0.0   0.0   4.1  24.0   15:27    SW
12  11.5  15.1   12:56   6.6   06:30   6.8   0.0   0.6   3.3  20.0   22:17   SSW
13   8.2  12.6   00:00   5.3   21:20  10.1   0.0   1.6   6.1  30.0   10:38   WSW
14   9.0  14.0   23:55   5.4   05:09   9.3   0.0   5.0   4.6  30.0   23:42    SW
15  14.0  15.3   11:56  12.2   21:38   4.3   0.0   0.2   9.6  38.0   02:21   WSW
16  11.3  12.6   00:53  10.0   21:28   7.0   0.0   4.6   5.2  26.0   02:42    SW
17  12.3  14.6   15:30  10.7   00:00   6.0   0.0   7.2   7.9  49.0   20:18   WSW
18  11.7  14.8   12:07   9.1   07:42   6.6   0.0   0.2   7.9  35.0   00:01    SW
19   9.4  11.6   00:00   7.6   22:33   8.9   0.0   3.2   4.8  28.0   00:58   WSW
20   6.4   9.1   12:48   1.6   23:57  11.9   0.0   0.2   4.4  23.0   22:38     W
21   1.9   5.1   12:29  -1.4   22:40  16.4   0.0   5.0   8.0  34.0   10:19   WNW
22   1.2   4.4   12:08  -2.1   03:12  17.1   0.0   0.0   1.9  13.0   17:37   WNW
23   2.7   6.7   13:24  -1.1   03:19  15.6   0.0   1.2   1.9  15.0   19:46    SW
24   7.1   8.6   07:22   5.0   00:00  11.2   0.0   7.0   4.0  19.0   04:27   WSW
25   7.3  10.2   13:36   5.7   23:22  11.0   0.0   1.0   4.9  22.0   12:09   WNW
26   8.3   9.6   11:29   6.3   00:00  10.0   0.0   0.4   2.0  11.0   11:16     W
27   9.4  12.8   12:57   4.2   23:53   8.9   0.0   3.6   4.8  31.0   21:24   WSW
28   5.3   8.7   22:14   1.3   07:20  13.0   0.0   3.2   5.1  27.0   15:45    SW
29   9.9  12.2   13:27   7.8   23:59   8.4   0.0   5.4   9.3  40.0   13:15   WSW
30   9.8  12.8   19:10   6.7   05:38   8.5   0.0   4.2   6.6  34.0   12:06   WSW
----------------------------------------------------------------------------------
     9.6  17.1     1    -2.1    22   260.0   0.0  79.4   4.6  49.0    17     WSW

Max >=  25.0:  0
Max <=   0.0:  0
Min <=   0.0:  3
Min <=  -5.0:  0
Max Rain: 8.6 on day 7
Days of Rain: 26 (>= 0.2 mm)  17 (>= 1.0 mm)  0 (>= 10.0 mm)
Heat Base: 18.3  Cool Base: 18.3  Method: Integration
:now: :gauges: :today/yesterday: :month/year: :records: :monthly records: :graphs: :Metar reports: :NOAA reports: :Rain/ET: :GDD MetOffice: :GDD NOAA: :season averages: :data summary: :system info: ::forum:


Page updated 14/01/2018 13:25:01
powered by Cumulus v1.9.4 (1099)