Hemel Hempstead (Grovehill) weather

 Latitude N 51° 46' 21"    Longitude W 00° 27' 08"    Elevation 142 m

NOAA Style Reports

Select a Year or Month report
V/Λ2018 > Jan Feb Mar Apr May Jun Jul Aug Sep Oct Nov Dec
V/Λ2017 > Jan Feb Mar Apr May Jun Jul Aug Sep Oct Nov Dec
V/Λ2016 > Jan Feb Mar Apr May Jun Jul Aug Sep Oct Nov Dec
V/Λ2015 > Jan Feb Mar Apr May Jun Jul Aug Sep Oct Nov Dec
V/Λ2014 > Jan Feb Mar Apr May Jun Jul Aug Sep Oct Nov Dec
V/Λ2013 > Jan Feb Mar Apr May Jun Jul Aug Sep Oct Nov Dec
V/Λ2012 > Jan Feb Mar Apr May Jun Jul Aug Sep Oct Nov Dec

Report for 2015 Oct
                   Monthly Climatological Summary for Oct 2015

Name: Grovehill   City: Hemel Hempstead   State: UK
Elevation: 142 m  Lat: N 51° 46' 21"   Lon: W 000° 27' 08"

                  Temperature (°C), Rain (mm), Wind Speed (mph)

                                      Heat  Cool        Avg
    Mean                              Deg   Deg         Wind                 Dom
Day Temp  High   Time   Low    Time   Days  Days  Rain  Speed High   Time    Dir
----------------------------------------------------------------------------------
 1  12.5  18.4   15:01   8.0   06:55   5.8   0.0   0.0   4.4  20.0   16:32   ENE
 2  11.8  18.2   15:09   6.7   07:22   6.5   0.0   0.0   1.7  15.0   11:32   ENE
 3  10.7  16.3   14:48   6.3   05:11   7.6   0.0   0.2   0.9   8.0   11:37   NNW
 4  11.1  17.7   15:40   5.4   03:53   7.1   0.0   0.0   1.3  11.0   14:57   SSE
 5  14.2  16.2   15:32  11.4   00:00   4.1   0.0   6.4   2.7  17.0   13:35    SE
 6  15.4  19.2   14:54  13.6   23:47   2.9   0.0   3.8   2.0  19.0   14:18    SE
 7  12.7  13.9   09:19   8.7   23:55   5.6   0.0   1.6   2.8  17.0   13:03     W
 8  10.6  17.1   14:01   5.3   04:49   7.7   0.0   0.0   1.2  10.0   12:32     W
 9  10.0  16.8   16:13   4.3   07:12   8.3   0.0   0.0   0.9  11.0   16:29     E
10  10.4  15.1   14:38   6.6   00:00   7.9   0.0   0.0   2.5  14.0   11:21    NE
11  10.5  14.6   13:38   7.5   23:51   7.8   0.0   0.0   3.2  19.0   11:28   ENE
12   9.6  14.1   15:05   6.7   03:11   8.7   0.0   0.0   1.8  17.0   16:02   NNW
13   8.7  12.4   12:18   6.3   06:00   9.6   0.0   0.2   2.9  19.0   13:49     N
14   8.4  13.2   13:05   5.1   07:21   9.9   0.0   1.4   2.4  18.0   17:17   NNW
15   9.5  12.1   11:13   8.0   07:23   8.8   0.0   0.4   2.3  15.0   09:42     N
16  10.5  12.7   15:10   9.4   00:22   7.8   0.0   0.4   3.1  20.0   15:41     N
17  10.0  11.4   14:06   8.9   07:58   8.3   0.0   0.2   2.4  15.0   08:56     N
18  10.9  12.8   15:28   9.7   00:00   7.4   0.0   0.0   1.3  11.0   21:03   NNE
19  10.5  11.9   14:09   8.6   19:46   7.8   0.0   0.2   1.1   8.0   00:50     N
20   9.5  15.3   14:44   5.5   06:05   8.8   0.0   0.0   1.2  11.0   12:08   WNW
21  10.9  13.7   20:56   7.1   00:00   7.4   0.0   5.0   1.5  14.0   23:59    SW
22  11.6  13.3   00:00   7.6   23:57   6.7   0.0   0.0   3.3  20.0   01:49     W
23   9.7  12.2   11:55   5.4   02:47   8.6   0.0   0.0   0.8  11.0   14:29   SSW
24  10.2  12.6   15:14   5.5   23:58   8.1   0.0   2.0   1.7  22.0   17:18    SW
25   6.0  11.7   12:32   2.6   06:00  12.9   0.0   0.2   0.9   8.0   00:56    SW
26  10.9  16.4   13:57   4.4   00:00   7.4   0.0   0.0   2.9  18.0   12:04   ESE
27  13.1  17.6   13:02  11.0   03:08   5.2   0.0   0.0   2.8  14.0   13:25     E
28  11.6  15.2   13:31   9.3   21:11   6.7   0.0   9.8   1.4   9.0   12:25   WSW
29  11.8  13.8   13:00   9.3   01:01   6.5   0.0   5.4   2.7  19.0   12:01    SE
30  12.9  14.5   14:41  10.9   00:00   5.4   0.0   5.4   2.8  18.0   07:10    SE
31  11.3  16.3   13:54   8.1   23:15   6.9   0.0   0.0   1.1  10.0   01:01    SE
----------------------------------------------------------------------------------
    10.9  19.2     6     2.6    25   230.2   0.0  42.6   2.1  22.0    24      NE

Max >=  25.0:  0
Max <=   0.0:  0
Min <=   0.0:  0
Min <=  -5.0:  0
Max Rain: 9.8 on day 28
Days of Rain: 16 (>= 0.2 mm)  9 (>= 1.0 mm)  0 (>= 10.0 mm)
Heat Base: 18.3  Cool Base: 18.3  Method: Integration
:now: :gauges: :today/yesterday: :month/year: :records: :monthly records: :graphs: :Metar reports: :NOAA reports: :Rain/ET: :GDD MetOffice: :GDD NOAA: :season averages: :data summary: :system info: ::forum:


Page updated 14/01/2018 13:25:01
powered by Cumulus v1.9.4 (1099)