Hemel Hempstead (Grovehill) weather

 Latitude N 51° 46' 21"    Longitude W 00° 27' 08"    Elevation 142 m

NOAA Style Reports

Select a Year or Month report
V/Λ2018 > Jan Feb Mar Apr May Jun Jul Aug Sep Oct Nov Dec
V/Λ2017 > Jan Feb Mar Apr May Jun Jul Aug Sep Oct Nov Dec
V/Λ2016 > Jan Feb Mar Apr May Jun Jul Aug Sep Oct Nov Dec
V/Λ2015 > Jan Feb Mar Apr May Jun Jul Aug Sep Oct Nov Dec
V/Λ2014 > Jan Feb Mar Apr May Jun Jul Aug Sep Oct Nov Dec
V/Λ2013 > Jan Feb Mar Apr May Jun Jul Aug Sep Oct Nov Dec
V/Λ2012 > Jan Feb Mar Apr May Jun Jul Aug Sep Oct Nov Dec

Report for 2015 Aug
                   Monthly Climatological Summary for Aug 2015

Name: Grovehill   City: Hemel Hempstead   State: UK
Elevation: 142 m  Lat: N 51° 46' 21"   Lon: W 000° 27' 08"

                  Temperature (°C), Rain (mm), Wind Speed (mph)

                                      Heat  Cool        Avg
    Mean                              Deg   Deg         Wind                 Dom
Day Temp  High   Time   Low    Time   Days  Days  Rain  Speed High   Time    Dir
----------------------------------------------------------------------------------
 1  14.8  20.2   16:41   8.7   05:41   3.6   0.1   0.0   1.0  14.0   16:40    SW
 2  17.6  25.7   16:53   9.7   05:58   2.6   1.9   0.0   1.2  17.0   16:16     S
 3  18.3  22.7   12:20  13.7   02:55   1.3   1.3   0.0   2.0  20.0   12:15   SSW
 4  16.5  20.5   13:40  11.9   05:55   2.0   0.3   0.0   2.8  21.0   10:40    SW
 5  15.8  19.8   13:50  13.2   21:25   2.7   0.2   0.4   0.7  13.0   11:10    SE
 6  17.6  23.2   16:05  12.9   02:05   1.8   1.1   0.2   1.7  16.0   13:00   SSW
 7  17.4  24.2   16:04  11.0   05:55   2.3   1.5   0.0   0.7   8.0   10:16   SSW
 8  19.0  26.6   15:58  11.9   04:50   1.8   2.5   0.0   0.9  13.0   12:32   ESE
 9  18.8  25.8   16:38  10.9   05:55   1.8   2.3   0.0   1.3  15.0   17:17   SSW
10  18.1  22.0   15:25  14.1   00:00   0.9   0.7   0.4   1.6  17.0   15:05    SW
11  16.3  22.4   14:20  11.9   06:05   2.6   0.6   0.4   0.3   8.0   08:50     S
12  17.4  23.1   17:00  13.4   05:40   1.8   0.9   0.4   2.9  16.0   10:45     E
13  16.6  19.3   12:15  13.6   02:40   1.8   0.1   7.8   3.0  16.0   14:45   ENE
14  16.3  18.1   10:27  14.1   23:55   2.0   0.0   2.0   1.0  12.0   00:05     W
15  15.3  20.3   14:18  11.9   06:15   3.1   0.1   0.0   1.8  15.0   12:44   WNW
16  15.2  20.8   14:45   9.3   04:55   3.3   0.2   0.0   0.4  12.0   10:30   NNW
17  16.1  20.7   14:50  11.6   04:15   2.6   0.4   0.0   0.9  20.0   13:25   NNW
18  15.2  18.3   14:40  12.0   06:55   3.1   0.0   0.0   1.7  15.0   10:45     W
19  15.7  20.5   12:40  12.4   06:15   2.8   0.1   2.6   1.2  15.0   11:30    SW
20  17.5  20.4   13:45  14.6   00:00   1.3   0.5   1.6   1.0  10.0   12:20   SSW
21  20.0  26.1   15:59  15.7   00:00   0.4   2.1   0.0   1.6  14.0   13:36     S
22  21.6  30.4   14:46  14.0   04:35   1.1   4.4   0.0   1.6  16.0   14:22   SSE
23  17.9  22.5   10:27  12.8   00:00   1.1   0.7   3.8   1.9  14.0   09:12    SE
24  13.4  15.7   17:55  11.3   05:25   4.9   0.0   9.2   1.6  17.0   18:54   NNW
25  14.1  16.8   18:36  10.3   06:35   4.2   0.0   2.8   2.0  15.0   09:50   WSW
26  16.1  20.1   16:50  13.5   23:17   2.3   0.1  13.0   2.1  19.0   16:05    SW
27  14.4  19.3   13:55  11.2   23:57   3.9   0.0   1.0   1.4  17.0   12:25    SW
28  14.4  21.2   15:01   8.1   04:57   4.1   0.2   0.2   1.2  17.0   14:45    SW
29  16.3  21.3   12:14  12.6   06:28   2.5   0.5   0.8   0.5  12.0   11:27   SSW
30  15.8  19.2   12:27  13.8   06:15   2.5   0.1   0.8   1.1  12.0   12:54   ESE
31  13.7  14.7   12:53  12.8   23:51   4.6   0.0   6.2   1.3  16.0   13:21   NNE
----------------------------------------------------------------------------------
    16.6  30.4    22     8.1    28    76.8  22.9  53.6   1.4  21.0     4     SSW

Max >=  25.0:  5
Max <=   0.0:  0
Min <=   0.0:  0
Min <=  -5.0:  0
Max Rain: 13.0 on day 26
Days of Rain: 18 (>= 0.2 mm)  10 (>= 1.0 mm)  1 (>= 10.0 mm)
Heat Base: 18.3  Cool Base: 18.3  Method: Integration
:now: :gauges: :today/yesterday: :month/year: :records: :monthly records: :graphs: :Metar reports: :NOAA reports: :Rain/ET: :GDD MetOffice: :GDD NOAA: :season averages: :data summary: :system info: ::forum:


Page updated 14/01/2018 13:25:01
powered by Cumulus v1.9.4 (1099)