Hemel Hempstead (Grovehill) weather

 Latitude N 51° 46' 21"    Longitude W 00° 27' 08"    Elevation 142 m

NOAA Style Reports

Select a Year or Month report
V/Λ2018 > Jan Feb Mar Apr May Jun Jul Aug Sep Oct Nov Dec
V/Λ2017 > Jan Feb Mar Apr May Jun Jul Aug Sep Oct Nov Dec
V/Λ2016 > Jan Feb Mar Apr May Jun Jul Aug Sep Oct Nov Dec
V/Λ2015 > Jan Feb Mar Apr May Jun Jul Aug Sep Oct Nov Dec
V/Λ2014 > Jan Feb Mar Apr May Jun Jul Aug Sep Oct Nov Dec
V/Λ2013 > Jan Feb Mar Apr May Jun Jul Aug Sep Oct Nov Dec
V/Λ2012 > Jan Feb Mar Apr May Jun Jul Aug Sep Oct Nov Dec

Report for 2015 Jul
                   Monthly Climatological Summary for Jul 2015

Name: Grovehill   City: Hemel Hempstead   State: UK
Elevation: 142 m  Lat: N 51° 46' 21"   Lon: W 000° 27' 08"

                  Temperature (°C), Rain (mm), Wind Speed (mph)

                                      Heat  Cool        Avg
    Mean                              Deg   Deg         Wind                 Dom
Day Temp  High   Time   Low    Time   Days  Days  Rain  Speed High   Time    Dir
----------------------------------------------------------------------------------
 1  26.4  35.5   15:54  16.4   05:00   0.2   8.3   0.0   2.2  17.0   12:08   ESE
 2  19.4  25.8   16:07  13.4   23:54   0.7   1.8   0.2   1.9  19.0   18:09     W
 3  18.9  27.1   14:20  10.1   04:59   2.2   2.8   0.0   2.9  19.0   18:45   ENE
 4  20.6  26.2   15:31  16.6   00:42   0.3   2.6  17.4   2.6  16.0   13:53    SW
 5  16.5  22.1   15:16  12.3   05:38   2.2   0.4   0.0   1.7  20.0   17:07    SW
 6  16.7  23.2   16:55  10.4   04:08   2.5   0.9   0.0   1.7  17.0   12:29    SW
 7  16.7  21.6   16:12  13.3   23:06   2.1   0.5   4.4   3.4  27.0   16:27   WSW
 8  15.4  19.9   14:56  12.0   23:54   3.0   0.1   0.6   3.7  22.0   15:13     W
 9  15.5  21.9   17:33   9.6   05:08   3.5   0.7   0.0   1.8  22.0   04:16    NW
10  19.0  27.1   16:05  11.4   04:08   2.0   2.7   0.0   1.1  14.0   14:31     S
11  19.0  24.4   14:45  13.8   05:26   1.1   1.8   0.0   2.5  19.0   17:47   WSW
12  17.2  21.9   16:45  13.9   05:25   1.7   0.5   1.0   2.5  20.0   15:51    SW
13  16.6  18.5   14:50  15.3   06:37   1.7   0.0   2.4   2.2  20.0   20:12   WSW
14  17.4  20.7   17:08  15.6   05:05   1.2   0.3   1.2   1.6  16.0   00:56   WSW
15  17.4  22.0   16:11  13.8   23:56   1.4   0.5   1.4   1.2  14.0   10:04     W
16  18.0  25.7   16:25  12.2   01:35   1.9   1.6   2.8   2.9  17.0   17:05   ENE
17  18.0  23.6   12:55  13.9   23:57   1.5   1.2   6.2   2.7  22.0   15:48    SW
18  16.8  22.6   16:32  10.2   05:03   2.5   1.0   0.0   2.0  17.0   10:24   WSW
19  17.7  23.7   16:20  12.8   06:36   2.0   1.4   1.0   2.5  23.0   14:37   WSW
20  16.9  23.5   16:43  10.5   03:45   2.4   1.0   0.0   1.8  23.0   22:49   SSW
21  18.1  24.9   14:58  11.8   05:08   1.8   1.7   0.0   2.9  22.0   15:36   WSW
22  17.0  21.6   13:03  12.7   23:58   1.9   0.5   0.0   1.9  19.0   16:12   WSW
23  15.2  20.9   16:24   9.7   04:45   3.3   0.1   0.0   1.1  13.0   15:19     W
24  13.3  15.7   09:03  11.4   23:57   5.0   0.0  24.8   1.3  17.0   18:14   NNE
25  14.7  19.9   15:28   9.9   06:50   3.7   0.1   0.6   4.0  22.0   04:25   WNW
26  12.8  15.4   20:13  11.1   05:08   5.5   0.0   9.6   1.5  17.0   12:35   SSW
27  15.4  19.4   13:11  13.6   23:28   2.9   0.0   2.6   4.5  21.0   13:02   WSW
28  14.8  18.3   14:16  11.9   23:57   3.5   0.0   0.0   3.8  23.0   15:13   WSW
29  13.9  19.6   16:42   9.2   04:55   4.4   0.0   0.0   2.1  15.0   06:49     W
30  14.2  19.8   17:35  10.0   05:03   4.2   0.1   0.0   2.3  15.0   08:34   WNW
31  15.0  21.8   16:00   6.7   05:25   3.8   0.5   0.0   0.5  13.0   12:15   WNW
----------------------------------------------------------------------------------
    16.9  35.5     1     6.7    31    76.1  33.1  76.2   2.3  27.0     7     WSW

Max >=  25.0:  6
Max <=   0.0:  0
Min <=   0.0:  0
Min <=  -5.0:  0
Max Rain: 24.8 on day 24
Days of Rain: 15 (>= 0.2 mm)  12 (>= 1.0 mm)  2 (>= 10.0 mm)
Heat Base: 18.3  Cool Base: 18.3  Method: Integration
:now: :gauges: :today/yesterday: :month/year: :records: :monthly records: :graphs: :Metar reports: :NOAA reports: :Rain/ET: :GDD MetOffice: :GDD NOAA: :season averages: :data summary: :system info: ::forum:


Page updated 14/01/2018 13:25:01
powered by Cumulus v1.9.4 (1099)