Hemel Hempstead (Grovehill) weather

 Latitude N 51° 46' 21"    Longitude W 00° 27' 08"    Elevation 142 m

NOAA Style Reports

Select a Year or Month report
V/Λ2018 > Jan Feb Mar Apr May Jun Jul Aug Sep Oct Nov Dec
V/Λ2017 > Jan Feb Mar Apr May Jun Jul Aug Sep Oct Nov Dec
V/Λ2016 > Jan Feb Mar Apr May Jun Jul Aug Sep Oct Nov Dec
V/Λ2015 > Jan Feb Mar Apr May Jun Jul Aug Sep Oct Nov Dec
V/Λ2014 > Jan Feb Mar Apr May Jun Jul Aug Sep Oct Nov Dec
V/Λ2013 > Jan Feb Mar Apr May Jun Jul Aug Sep Oct Nov Dec
V/Λ2012 > Jan Feb Mar Apr May Jun Jul Aug Sep Oct Nov Dec

Report for 2015 Jun
                   Monthly Climatological Summary for Jun 2015

Name: Grovehill   City: Hemel Hempstead   State: UK
Elevation: 142 m  Lat: N 51° 46' 21"   Lon: W 000° 27' 08"

                  Temperature (°C), Rain (mm), Wind Speed (mph)

                                      Heat  Cool        Avg
    Mean                              Deg   Deg         Wind                 Dom
Day Temp  High   Time   Low    Time   Days  Days  Rain  Speed High   Time    Dir
----------------------------------------------------------------------------------
 1  10.4  15.7   12:08   6.1   05:27   7.9   0.0   1.0   3.7  23.0   16:58   SSW
 2  13.8  18.3   16:58   9.7   00:00   4.5   0.0   1.6   5.9  33.0   17:44    SW
 3  14.0  19.2   16:54   9.7   23:57   4.3   0.0   0.0   2.7  19.0   00:56   WSW
 4  15.8  23.7   16:34   6.1   04:59   3.8   1.3   0.0   1.6  16.0   12:38     E
 5  16.1  23.4   15:22  10.1   23:56   3.1   0.9   1.0   2.2  21.0   18:39    SW
 6  12.9  18.6   16:28   6.8   05:40   5.4   0.0   0.0   3.8  22.0   12:42   WSW
 7  13.7  20.1   15:54   7.3   05:06   4.7   0.1   0.0   1.9  14.0   16:33    NW
 8  12.2  19.7   15:15   6.6   05:03   6.1   0.0   0.0   2.1  17.0   15:20    NE
 9  10.3  15.1   13:51   5.1   05:03   8.0   0.0   0.0   3.4  19.0   09:29   ENE
10  12.0  18.4   16:31   6.8   01:19   6.3   0.0   0.0   4.3  19.0   15:59   ENE
11  15.7  24.0   15:07   6.8   03:50   4.0   1.5   0.0   4.7  21.0   11:54   ENE
12  17.4  24.5   15:40  10.0   04:43   2.6   1.7   0.0   2.0  14.0   07:20   ENE
13  14.5  15.7   19:14  13.8   06:31   3.8   0.0  19.8   1.4  15.0   12:28     S
14  13.4  16.8   13:24  10.6   23:53   4.9   0.0   0.2   1.8  17.0   21:32   NNW
15  13.6  19.8   15:37   9.1   05:13   4.8   0.0   0.0   2.4  15.0   00:37    NE
16  16.1  23.2   15:55   9.4   00:48   3.3   1.1   0.0   1.1  12.0   13:45   WSW
17  17.5  24.1   15:47  11.1   05:03   2.1   1.3   0.4   3.6  21.0   14:14   WSW
18  15.7  20.2   15:56  11.7   23:56   2.8   0.2   0.2   2.8  15.0   09:50    NW
19  14.1  20.2   16:58   9.5   05:38   4.3   0.2   0.0   2.4  16.0   16:18    NW
20  14.7  18.6   14:59  10.6   04:04   3.6   0.0   7.4   0.8   9.0   00:00   WSW
21  15.6  19.5   16:30  13.1   04:52   2.8   0.0   0.0   3.6  19.0   09:45     W
22  13.9  17.6   14:58  11.2   04:16   4.4   0.0   0.0   4.2  22.0   16:30     W
23  14.8  20.7   16:42  10.9   03:24   3.7   0.2   0.0   1.6  14.0   00:25   NNW
24  16.8  23.2   15:10  10.5   04:46   2.7   1.2   0.0   1.7  15.0   16:47     W
25  18.2  24.5   16:10  10.7   05:05   1.9   1.8   0.0   1.2  14.0   10:29   WSW
26  17.9  26.2   15:01  12.6   05:23   1.9   1.5   0.2   2.0  17.0   16:35    SW
27  17.4  23.8   15:46  11.4   04:18   2.1   1.2   0.0   2.4  15.0   05:41   WSW
28  16.2  19.2   14:53  13.6   23:45   2.1   0.1   1.2   1.7  17.0   14:24    SW
29  18.3  24.8   17:51  11.8   05:34   1.9   1.9   0.0   1.4  15.0   14:37   WSW
30  21.6  30.8   16:17  12.1   05:03   1.5   4.8   0.0   1.7  14.0   18:19   ESE
----------------------------------------------------------------------------------
    15.2  30.8    30     5.1     9   115.3  21.0  33.0   2.5  33.0     2       W

Max >=  25.0:  2
Max <=   0.0:  0
Min <=   0.0:  0
Min <=  -5.0:  0
Max Rain: 19.8 on day 13
Days of Rain: 10 (>= 0.2 mm)  6 (>= 1.0 mm)  1 (>= 10.0 mm)
Heat Base: 18.3  Cool Base: 18.3  Method: Integration
:now: :gauges: :today/yesterday: :month/year: :records: :monthly records: :graphs: :Metar reports: :NOAA reports: :Rain/ET: :GDD MetOffice: :GDD NOAA: :season averages: :data summary: :system info: ::forum:


Page updated 14/01/2018 13:25:01
powered by Cumulus v1.9.4 (1099)