Hemel Hempstead (Grovehill) weather

 Latitude N 51° 46' 21"    Longitude W 00° 27' 08"    Elevation 142 m

NOAA Style Reports

Select a Year or Month report
V/Λ2018 > Jan Feb Mar Apr May Jun Jul Aug Sep Oct Nov Dec
V/Λ2017 > Jan Feb Mar Apr May Jun Jul Aug Sep Oct Nov Dec
V/Λ2016 > Jan Feb Mar Apr May Jun Jul Aug Sep Oct Nov Dec
V/Λ2015 > Jan Feb Mar Apr May Jun Jul Aug Sep Oct Nov Dec
V/Λ2014 > Jan Feb Mar Apr May Jun Jul Aug Sep Oct Nov Dec
V/Λ2013 > Jan Feb Mar Apr May Jun Jul Aug Sep Oct Nov Dec
V/Λ2012 > Jan Feb Mar Apr May Jun Jul Aug Sep Oct Nov Dec

Report for 2015 May
                   Monthly Climatological Summary for May 2015

Name: Grovehill   City: Hemel Hempstead   State: UK
Elevation: 142 m  Lat: N 51° 46' 21"   Lon: W 000° 27' 08"

                  Temperature (°C), Rain (mm), Wind Speed (mph)

                                      Heat  Cool        Avg
    Mean                              Deg   Deg         Wind                 Dom
Day Temp  High   Time   Low    Time   Days  Days  Rain  Speed High   Time    Dir
----------------------------------------------------------------------------------
 1   7.9  13.4   14:54   3.4   05:47  10.4   0.0   0.0   3.6  17.0   09:01   ENE
 2   8.2  15.5   14:50   2.3   03:35  10.1   0.0   0.0   3.8  19.0   15:57     E
 3  12.7  20.0   14:32   8.0   00:00   5.6   0.0  10.4   3.6  22.0   13:04   SSW
 4  13.2  18.9   14:19   9.4   06:29   5.1   0.0   4.8   2.9  19.0   00:32   SSW
 5  12.7  15.2   13:20  10.4   22:06   5.6   0.0   3.0   5.9  34.0   10:43    SW
 6  10.5  13.6   15:53   8.0   06:27   7.8   0.0   5.4   5.9  35.0   16:46    SW
 7  11.3  15.8   17:01   7.8   05:39   7.0   0.0   0.6   2.1  19.0   12:21   WSW
 8  11.5  16.3   14:26   6.8   05:06   6.8   0.0   0.4   1.5  20.0   23:14   SSE
 9  12.4  16.2   14:27   9.1   23:55   5.9   0.0   0.2   4.2  27.0   10:51   WSW
10  12.8  19.3   14:49   5.9   03:43   5.5   0.0   0.0   1.6  24.0   11:48    SW
11  14.9  20.7   16:56  10.3   03:45   3.7   0.3   0.0   2.0  17.0   13:15    SW
12  12.6  16.9   16:50   8.7   23:55   5.7   0.0   0.4   4.2  28.0   14:44   WSW
13  12.2  19.2   15:21   4.9   05:58   6.1   0.0   0.0   1.4  15.0   20:36   NNE
14   7.8   9.9   10:36   5.6   04:36  10.5   0.0  13.2   3.7  23.0   11:40   ENE
15  10.3  15.1   16:32   6.1   06:09   8.0   0.0   0.2   2.0  15.0   18:25    NW
16  13.4  17.9   15:15   7.9   23:57   4.9   0.0   0.0   3.8  19.0   09:06     W
17  11.3  16.4   13:32   6.2   05:05   7.0   0.0   0.0   2.7  21.0   12:56   WSW
18  10.0  14.1   15:53   7.2   23:47   8.3   0.0  12.4   3.5  27.0   19:47   WSW
19   8.9  14.2   14:24   5.6   03:28   9.4   0.0   0.8   4.0  24.0   14:39   WSW
20   9.3  14.9   16:05   4.3   05:17   9.0   0.0   0.2   3.6  23.0   15:58   WNW
21  12.6  19.7   16:15   4.2   04:13   5.8   0.1   0.0   2.1  17.0   12:40   WSW
22  14.0  20.0   16:51   7.1   04:30   4.4   0.1   0.0   1.5  13.0   00:09   WSW
23  13.1  14.9   00:00  10.7   05:48   5.2   0.0   0.0   1.3  12.0   14:32   WNW
24  14.1  18.1   17:54  10.6   05:57   4.2   0.0   0.0   1.7  15.0   09:38     W
25  11.9  16.2   15:30   6.8   04:56   6.4   0.0   0.0   2.3  16.0   08:30   WNW
26  12.8  18.4   14:12   7.7   03:35   5.5   0.0   0.0   2.6  17.0   08:28   WNW
27  12.5  18.8   15:09   5.2   05:00   5.8   0.0   0.0   2.6  20.0   22:48     W
28  13.1  17.6   16:34   9.6   23:24   5.2   0.0   0.0   4.0  20.0   13:24     W
29   9.8  14.0   15:01   7.1   23:55   8.5   0.0   4.4   2.5  23.0   16:45   WSW
30  11.4  17.6   16:34   5.4   02:11   6.9   0.0   0.0   1.9  14.0   12:04   WSW
31  11.7  15.8   13:09   7.3   22:43   6.6   0.0   3.6   3.1  24.0   14:30   WSW
----------------------------------------------------------------------------------
    11.6  20.7    11     2.3     2   206.9   0.5  60.0   3.0  35.0     6     WSW

Max >=  25.0:  0
Max <=   0.0:  0
Min <=   0.0:  0
Min <=  -5.0:  0
Max Rain: 13.2 on day 14
Days of Rain: 15 (>= 0.2 mm)  8 (>= 1.0 mm)  3 (>= 10.0 mm)
Heat Base: 18.3  Cool Base: 18.3  Method: Integration
:now: :gauges: :today/yesterday: :month/year: :records: :monthly records: :graphs: :Metar reports: :NOAA reports: :Rain/ET: :GDD MetOffice: :GDD NOAA: :season averages: :data summary: :system info: ::forum:


Page updated 14/01/2018 13:25:01
powered by Cumulus v1.9.4 (1099)