Hemel Hempstead (Grovehill) weather

 Latitude N 51° 46' 21"    Longitude W 00° 27' 08"    Elevation 142 m

NOAA Style Reports

Select a Year or Month report
V/Λ2018 > Jan Feb Mar Apr May Jun Jul Aug Sep Oct Nov Dec
V/Λ2017 > Jan Feb Mar Apr May Jun Jul Aug Sep Oct Nov Dec
V/Λ2016 > Jan Feb Mar Apr May Jun Jul Aug Sep Oct Nov Dec
V/Λ2015 > Jan Feb Mar Apr May Jun Jul Aug Sep Oct Nov Dec
V/Λ2014 > Jan Feb Mar Apr May Jun Jul Aug Sep Oct Nov Dec
V/Λ2013 > Jan Feb Mar Apr May Jun Jul Aug Sep Oct Nov Dec
V/Λ2012 > Jan Feb Mar Apr May Jun Jul Aug Sep Oct Nov Dec

Report for 2015 Apr
                   Monthly Climatological Summary for Apr 2015

Name: Grovehill   City: Hemel Hempstead   State: UK
Elevation: 142 m  Lat: N 51° 46' 21"   Lon: W 000° 27' 08"

                  Temperature (°C), Rain (mm), Wind Speed (mph)

                                      Heat  Cool        Avg
    Mean                              Deg   Deg         Wind                 Dom
Day Temp  High   Time   Low    Time   Days  Days  Rain  Speed High   Time    Dir
----------------------------------------------------------------------------------
 1   6.6  10.3   13:42   3.3   05:16  11.7   0.0   0.6   7.9  30.0   03:56     W
 2   8.1  11.6   15:38   4.9   06:30  10.2   0.0   3.6   2.4  26.0   02:00   WNW
 3   8.6  11.8   16:07   6.2   02:19   9.7   0.0   7.4   1.0  12.0   02:55    SW
 4   7.3   9.1   00:00   5.1   23:49  11.0   0.0   1.0   1.6  17.0   08:20   NNE
 5   8.1  13.0   14:07   4.4   23:51  10.2   0.0   0.0   0.7  10.0   13:04   ENE
 6   8.8  16.6   13:08   2.7   03:48   9.5   0.0   0.0   1.7  16.0   12:27    NE
 7  10.0  17.7   15:57   1.7   06:23   8.3   0.0   0.0   0.9  10.0   14:16   WNW
 8  11.1  18.2   15:44   5.3   06:40   7.2   0.0   0.0   1.4  13.0   16:43    NE
 9  10.8  17.6   16:31   4.8   06:41   7.5   0.0   0.0   0.9  10.0   13:37     E
10  12.9  21.2   14:22   4.3   05:51   5.8   0.4   0.0   1.6  16.0   15:46   SSE
11  10.0  13.4   16:25   5.7   23:57   8.3   0.0   0.8   4.9  31.0   10:59   WSW
12   9.3  17.3   14:52   2.7   05:39   9.0   0.0   0.2   4.0  33.0   17:18   WSW
13   9.6  15.8   17:41   2.9   06:31   8.7   0.0   0.0   1.0  12.0   16:43    SW
14  13.7  21.7   15:27   5.6   05:58   5.2   0.6   0.0   2.7  19.0   15:30   WSW
15  15.4  23.5   15:10   7.4   06:26   4.3   1.4   0.0   2.6  19.0   12:04     W
16  11.1  17.9   14:54   6.2   06:21   7.2   0.0   0.0   4.0  17.0   11:35   ENE
17   9.6  14.7   14:18   5.7   05:56   8.7   0.0   0.0   5.9  20.0   11:23   ENE
18   9.1  15.4   15:46   2.8   06:20   9.2   0.0   0.0   6.1  24.0   14:38   ENE
19   6.8  11.2   18:04   2.9   02:39  11.5   0.0   0.0   1.5  14.0   12:03    NE
20   9.8  18.6   15:27   1.4   05:11   8.5   0.0   0.0   2.2  15.0   13:59   ENE
21  11.0  18.8   15:52   3.5   05:58   7.4   0.0   0.0   2.8  15.0   09:37   ENE
22   9.9  16.0   15:25   3.2   06:01   8.4   0.0   0.0   3.3  20.0   12:38   ENE
23  10.2  17.6   16:57   4.9   01:24   8.1   0.0   0.0   1.0  10.0   14:18   ENE
24  11.3  17.1   14:57   4.6   06:22   7.0   0.0   0.2   2.2  19.0   14:31    SW
25  12.7  18.3   14:51   9.8   23:56   5.6   0.0   7.4   2.5  19.0   12:45   WSW
26   8.1  11.1   18:24   5.4   23:57  10.2   0.0   3.6   1.4  13.0   09:22    NE
27   7.3  11.7   12:44   1.8   06:02  11.0   0.0   0.0   1.4  13.0   19:55   NNW
28   7.9  13.2   16:00   2.4   05:47  10.4   0.0   0.0   4.0  23.0   18:20     W
29   8.4  13.9   16:37   5.4   04:05   9.9   0.0   5.0   3.2  21.0   16:26   WSW
30   8.6  14.4   15:43   3.4   05:50   9.7   0.0   0.0   2.9  21.0   16:43     W
----------------------------------------------------------------------------------
     9.7  23.5    15     1.4    20   259.4   2.4  29.8   2.7  33.0    12     WNW

Max >=  25.0:  0
Max <=   0.0:  0
Min <=   0.0:  0
Min <=  -5.0:  0
Max Rain: 7.4 on day 3
Days of Rain: 10 (>= 0.2 mm)  6 (>= 1.0 mm)  0 (>= 10.0 mm)
Heat Base: 18.3  Cool Base: 18.3  Method: Integration
:now: :gauges: :today/yesterday: :month/year: :records: :monthly records: :graphs: :Metar reports: :NOAA reports: :Rain/ET: :GDD MetOffice: :GDD NOAA: :season averages: :data summary: :system info: ::forum:


Page updated 14/01/2018 13:25:01
powered by Cumulus v1.9.4 (1099)