Hemel Hempstead (Grovehill) weather

 Latitude N 51° 46' 21"    Longitude W 00° 27' 08"    Elevation 142 m

NOAA Style Reports

Select a Year or Month report
V/Λ2018 > Jan Feb Mar Apr May Jun Jul Aug Sep Oct Nov Dec
V/Λ2017 > Jan Feb Mar Apr May Jun Jul Aug Sep Oct Nov Dec
V/Λ2016 > Jan Feb Mar Apr May Jun Jul Aug Sep Oct Nov Dec
V/Λ2015 > Jan Feb Mar Apr May Jun Jul Aug Sep Oct Nov Dec
V/Λ2014 > Jan Feb Mar Apr May Jun Jul Aug Sep Oct Nov Dec
V/Λ2013 > Jan Feb Mar Apr May Jun Jul Aug Sep Oct Nov Dec
V/Λ2012 > Jan Feb Mar Apr May Jun Jul Aug Sep Oct Nov Dec

Report for 2015 Mar
                   Monthly Climatological Summary for Mar 2015

Name: Grovehill   City: Hemel Hempstead   State: UK
Elevation: 142 m  Lat: N 51° 46' 21"   Lon: W 000° 27' 08"

                  Temperature (°C), Rain (mm), Wind Speed (mph)

                                      Heat  Cool        Avg
    Mean                              Deg   Deg         Wind                 Dom
Day Temp  High   Time   Low    Time   Days  Days  Rain  Speed High   Time    Dir
----------------------------------------------------------------------------------
 1   7.2  10.7   15:08   3.2   23:47  11.0   0.0   1.8   7.1  38.0   16:52   WSW
 2   4.5   8.6   15:14   2.5   04:57  13.8   0.0   0.0   7.1  31.0   12:08     W
 3   4.3   8.3   12:46   1.7   01:37  14.0   0.0   0.2   4.4  24.0   10:38   WSW
 4   5.1  10.2   14:51   2.0   23:49  13.2   0.0   0.0   5.4  26.0   11:06     W
 5   5.8  10.8   14:01  -0.2   05:29  12.5   0.0   0.0   3.0  21.0   12:28     W
 6   7.9  12.8   14:19   5.3   23:43  10.4   0.0   0.0   3.7  24.0   13:24    SW
 7   9.2  15.7   15:03   5.2   01:12   9.1   0.0   0.0   4.4  21.0   09:26   SSW
 8   8.0  11.4   12:52   2.8   23:53  10.3   0.0   0.0   3.1  20.0   05:27    SW
 9   5.8   9.1   21:10  -0.1   04:09  12.5   0.0   0.0   2.3  19.0   18:43   SSW
10   6.8  12.2   14:39   2.9   06:30  11.5   0.0   0.2   1.1  12.0   01:21   WNW
11   7.6  13.4   13:57   2.5   02:34  10.7   0.0   0.0   2.1  16.0   11:23    SE
12   9.7  15.3   13:59   5.2   06:43   8.6   0.0   0.0   2.4  19.0   12:30    SE
13   7.5  11.4   14:33   3.1   23:51  10.8   0.0   0.0   3.4  21.0   23:36   ENE
14   4.7   8.2   15:20   2.5   01:38  13.5   0.0   0.0   4.0  19.0   09:53    NE
15   5.0   6.3   12:38   3.9   02:13  13.3   0.0   0.2   3.7  17.0   06:00   ENE
16   5.4   7.6   12:16   3.8   23:48  12.9   0.0   0.6   2.6  13.0   10:51   ENE
17   6.4  11.2   14:35   3.5   00:36  11.9   0.0   0.2   1.0   8.0   04:47   ENE
18   5.7   9.8   13:09   2.6   05:32  12.6   0.0   0.0   1.7  15.0   12:57    NE
19   5.5   6.7   15:09   4.5   05:03  12.8   0.0   0.0   2.2  17.0   03:08    NE
20   7.6  13.3   15:39   3.6   07:17  10.7   0.0   0.0   1.6  19.0   22:23    NW
21   6.0   7.2   11:29   3.6   23:17  12.4   0.0   0.0   2.6  19.0   13:04   NNE
22   5.2  10.2   14:13   1.5   23:57  13.1   0.0   0.0   2.5  15.0   02:36   ENE
23   5.8  10.5   11:34   0.1   04:55  12.5   0.0   0.4   1.7  15.0   09:44     W
24   5.9  11.1   14:21   1.2   23:45  12.4   0.0   0.2   2.7  16.0   10:37   WNW
25   4.1  10.6   15:22  -0.3   05:53  14.2   0.0   0.2   0.8  12.0   10:09    NW
26   6.6  12.1   14:57   2.7   00:31  11.7   0.0   6.8   5.1  29.0   13:19     W
27   7.1  12.6   15:23   2.8   04:33  11.2   0.0   0.0   2.8  20.0   13:30     W
28   9.9  13.3   11:23   5.8   00:00   8.4   0.0   0.2   5.4  30.0   17:11   WSW
29   9.5  12.6   14:42   7.2   23:54   8.4   0.0  11.8   8.9  45.0   13:37     W
30   7.7  10.9   23:30   4.7   05:28  10.6   0.0   1.8   6.6  35.0   22:27     W
31   9.1  12.2   14:38   4.7   23:27   9.2   0.0   1.8  12.8  48.0   17:39     W
----------------------------------------------------------------------------------
     6.7  15.7     7    -0.3    25   360.2   0.0  26.4   3.8  48.0    31       W

Max >=  25.0:  0
Max <=   0.0:  0
Min <=   0.0:  3
Min <=  -5.0:  0
Max Rain: 11.8 on day 29
Days of Rain: 14 (>= 0.2 mm)  5 (>= 1.0 mm)  1 (>= 10.0 mm)
Heat Base: 18.3  Cool Base: 18.3  Method: Integration
:now: :gauges: :today/yesterday: :month/year: :records: :monthly records: :graphs: :Metar reports: :NOAA reports: :Rain/ET: :GDD MetOffice: :GDD NOAA: :season averages: :data summary: :system info: ::forum:


Page updated 14/01/2018 13:25:01
powered by Cumulus v1.9.4 (1099)