Hemel Hempstead (Grovehill) weather

 Latitude N 51° 46' 21"    Longitude W 00° 27' 08"    Elevation 142 m

NOAA Style Reports

Select a Year or Month report
V/Λ2018 > Jan Feb Mar Apr May Jun Jul Aug Sep Oct Nov Dec
V/Λ2017 > Jan Feb Mar Apr May Jun Jul Aug Sep Oct Nov Dec
V/Λ2016 > Jan Feb Mar Apr May Jun Jul Aug Sep Oct Nov Dec
V/Λ2015 > Jan Feb Mar Apr May Jun Jul Aug Sep Oct Nov Dec
V/Λ2014 > Jan Feb Mar Apr May Jun Jul Aug Sep Oct Nov Dec
V/Λ2013 > Jan Feb Mar Apr May Jun Jul Aug Sep Oct Nov Dec
V/Λ2012 > Jan Feb Mar Apr May Jun Jul Aug Sep Oct Nov Dec

Report for 2015 Feb
                   Monthly Climatological Summary for Feb 2015

Name: Grovehill   City: Hemel Hempstead   State: UK
Elevation: 142 m  Lat: N 51° 46' 21"   Lon: W 000° 27' 08"

                  Temperature (°C), Rain (mm), Wind Speed (mph)

                                      Heat  Cool        Avg
    Mean                              Deg   Deg         Wind                 Dom
Day Temp  High   Time   Low    Time   Days  Days  Rain  Speed High   Time    Dir
----------------------------------------------------------------------------------
 1   2.1   4.8   12:52  -1.2   23:19  16.2   0.0   1.2   7.9  30.0   08:30   WNW
 2  -0.7   1.8   13:35  -2.9   05:55  19.0   0.0   0.0   2.7  13.0   02:20   WNW
 3   0.6   3.0   14:07  -0.8   00:00  17.7   0.0   1.4   1.2  13.0   14:38   NNE
 4   1.5   3.7   12:35  -0.3   02:40  16.8   0.0   0.0   2.1  15.0   19:09    NW
 5   1.2   3.6   14:57  -0.8   23:42  17.0   0.0   1.2   2.2  15.0   15:27   NNE
 6   0.7   4.4   14:33  -1.3   05:48  17.6   0.0   0.0   4.4  20.0   15:06   ENE
 7   2.2   4.3   14:08  -0.4   04:31  16.1   0.0   0.0   1.4  14.0   02:02   NNE
 8   4.0   8.1   13:39   1.3   07:40  14.3   0.0   0.2   2.3  16.0   04:23    NW
 9   4.8   9.4   14:27   1.8   00:00  13.5   0.0   0.0   2.3  15.0   01:30   WNW
10   2.9   5.4   14:14  -0.3   03:34  15.4   0.0   0.0   0.3   7.0   21:59   SSW
11   3.8   4.3   12:27   3.1   23:33  14.5   0.0   0.0   0.3  12.0   00:21   SSE
12   2.8   3.4   14:42   1.6   22:45  15.5   0.0   0.0   0.4   7.0   14:55     S
13   5.5   8.1   11:03   1.5   02:15  12.8   0.0   5.8   3.6  24.0   13:14   SSE
14   5.8   7.9   12:04   3.9   07:35  12.4   0.0   0.8   2.0  14.0   12:59   ENE
15   4.7   7.7   15:19  -0.2   23:55  13.6   0.0   0.0   0.7  12.0   15:09    NE
16   4.4   6.5   12:48  -0.3   00:22  13.9   0.0   6.4   1.7  19.0   17:36     W
17   3.6   8.6   14:24   0.5   23:40  14.7   0.0   0.2   3.6  19.0   01:16   WNW
18   4.6  10.0   14:32  -0.4   02:39  13.7   0.0   0.0   2.6  19.0   12:02    SW
19   5.9   7.8   10:37   3.9   07:43  12.4   0.0   8.2   3.4  20.0   11:01   SSW
20   4.6   6.6   13:27   1.7   23:50  13.7   0.0   1.8   1.2  14.0   00:02   WNW
21   2.8   6.3   15:38   0.8   06:00  15.5   0.0   1.8   3.8  22.0   17:05   WNW
22   2.8   8.2   22:26  -2.1   06:59  15.5   0.0  11.6   3.6  31.0   15:39   SSW
23   4.3   7.8   00:00   2.5   07:20  14.0   0.0   0.6   5.2  24.0   00:10   WSW
24   5.5   9.2   14:30   3.1   23:21  12.8   0.0   0.0   6.4  34.0   02:43     W
25   7.7  12.1   14:12   3.3   00:00  10.6   0.0   0.6   1.5  14.0   12:17   WSW
26   7.6  10.4   12:49   1.8   23:44  10.7   0.0   6.0   3.3  23.0   13:41     W
27   4.2   9.2   14:58   0.4   05:52  14.1   0.0   0.0   3.1  19.0   12:19     W
28   7.2  10.2   23:32   3.9   00:00  11.1   0.0   2.8   4.3  29.0   23:24   SSW
----------------------------------------------------------------------------------
     3.8  12.1    25    -2.9     2   405.1   0.0  50.6   2.8  34.0    24       W

Max >=  25.0:  0
Max <=   0.0:  0
Min <=   0.0: 12
Min <=  -5.0:  0
Max Rain: 11.6 on day 22
Days of Rain: 16 (>= 0.2 mm)  11 (>= 1.0 mm)  1 (>= 10.0 mm)
Heat Base: 18.3  Cool Base: 18.3  Method: Integration
:now: :gauges: :today/yesterday: :month/year: :records: :monthly records: :graphs: :Metar reports: :NOAA reports: :Rain/ET: :GDD MetOffice: :GDD NOAA: :season averages: :data summary: :system info: ::forum:


Page updated 14/01/2018 13:25:01
powered by Cumulus v1.9.4 (1099)