Hemel Hempstead (Grovehill) weather

 Latitude N 51° 46' 21"    Longitude W 00° 27' 08"    Elevation 142 m

NOAA Style Reports

Select a Year or Month report
V/Λ2018 > Jan Feb Mar Apr May Jun Jul Aug Sep Oct Nov Dec
V/Λ2017 > Jan Feb Mar Apr May Jun Jul Aug Sep Oct Nov Dec
V/Λ2016 > Jan Feb Mar Apr May Jun Jul Aug Sep Oct Nov Dec
V/Λ2015 > Jan Feb Mar Apr May Jun Jul Aug Sep Oct Nov Dec
V/Λ2014 > Jan Feb Mar Apr May Jun Jul Aug Sep Oct Nov Dec
V/Λ2013 > Jan Feb Mar Apr May Jun Jul Aug Sep Oct Nov Dec
V/Λ2012 > Jan Feb Mar Apr May Jun Jul Aug Sep Oct Nov Dec

Report for 2014 Dec
                   Monthly Climatological Summary for Dec 2014

Name: Grovehill   City: Hemel Hempstead   State: UK
Elevation: 142 m  Lat: N 51° 46' 21"   Lon: W 000° 27' 08"

                  Temperature (°C), Rain (mm), Wind Speed (mph)

                                      Heat  Cool        Avg
    Mean                              Deg   Deg         Wind                 Dom
Day Temp  High   Time   Low    Time   Days  Days  Rain  Speed High   Time    Dir
----------------------------------------------------------------------------------
 1   6.2   8.3   00:00   5.2   20:58  12.1   0.0   0.0   2.1  16.0   05:40    NE
 2   5.7   6.8   08:00   4.1   23:40  12.6   0.0   1.8   3.4  21.0   08:40   NNW
 3   4.7   7.4   13:30   2.4   08:00  13.6   0.0   0.2   1.9  16.0   13:30   NNE
 4   3.3   4.8   00:00   2.8   16:50  14.9   0.0   0.6   1.6  14.0   05:10   ENE
 5   3.2   5.5   14:33   1.7   08:23  15.1   0.0   0.2   2.7  16.0   14:08   WNW
 6   1.4   5.2   13:22  -1.6   07:17  16.9   0.0   0.2   1.2  13.0   00:40     W
 7   5.5   8.9   12:18   1.8   00:00  12.8   0.0   1.0   4.2  29.0   13:27   WSW
 8   3.3   5.8   13:25   1.4   00:00  15.0   0.0   0.0   4.7  20.0   17:50     W
 9   4.2  10.7   23:40  -0.4   06:10  14.1   0.0   2.4   2.9  31.0   22:35    SW
10   6.5  10.7   00:10   4.6   21:25  11.7   0.0   0.6   5.9  33.0   02:15   WSW
11   5.8   7.5   23:57   4.1   10:20  12.5   0.0   2.6   6.0  29.0   09:15   WSW
12   5.5   9.1   04:56   0.9   23:55  12.8   0.0  14.4   4.2  34.0   03:51   WSW
13   1.2   4.8   13:25  -1.7   23:53  17.1   0.0   0.0   1.0  10.0   10:52   WNW
14   4.7   8.7   23:35  -1.7   00:00  13.7   0.0   0.4   2.9  19.0   13:47    SW
15   5.4   8.6   00:00   2.0   23:45  12.9   0.0   1.0   1.8  23.0   00:35     W
16   3.6   6.6   13:25   0.3   06:05  14.6   0.0   4.4   1.7  17.0   12:40   WSW
17  10.4  12.3   13:20   5.3   00:00   7.9   0.0   5.8   4.6  19.0   23:50   WSW
18  12.1  12.9   11:50  11.4   00:00   6.1   0.0   0.0   7.9  34.0   14:15   WSW
19   8.1  11.6   00:00   4.8   22:10  10.2   0.0   3.0   6.1  24.0   12:52     W
20   6.3   8.7   13:20   3.8   23:55  12.0   0.0   0.0   4.6  24.0   11:52     W
21   7.5  11.5   23:50   3.5   00:27  10.8   0.0   0.8   5.0  27.0   21:38    SW
22  11.6  12.6   06:35  10.6   19:12   6.7   0.0   0.0   8.7  33.0   08:00   WSW
23  10.6  12.3   13:45   9.5   07:50   7.6   0.0   0.0   7.6  30.0   02:15    SW
24   7.3  11.1   04:45   3.5   22:13  11.0   0.0   0.8   5.3  26.0   02:04     W
25   4.1   7.1   13:21   1.9   23:41  14.2   0.0   0.2   3.0  19.0   03:28     W
26   2.5   8.0   23:34  -0.1   06:46  15.8   0.0  12.2   1.7  34.0   23:59     S
27   2.0   7.8   00:00   0.9   02:02  16.3   0.0   1.8   5.8  31.0   02:46    NW
28   0.7   4.3   13:32  -1.7   20:50  17.6   0.0   0.2   1.2  14.0   11:48    NE
29   0.6   3.8   13:32  -1.1   00:00  17.7   0.0   0.2   2.5  15.0   04:11   WNW
30   0.8   6.7   13:35  -2.4   04:32  17.5   0.0   0.2   0.7  12.0   14:38   WSW
31   1.8   5.5   21:32  -2.7   06:38  16.5   0.0   0.4   1.2  15.0   21:37   SSW
----------------------------------------------------------------------------------
     5.1  12.9    18    -2.7    31   410.3   0.0  55.4   3.7  34.0    12     WSW

Max >=  25.0:  0
Max <=   0.0:  0
Min <=   0.0:  9
Min <=  -5.0:  0
Max Rain: 14.4 on day 12
Days of Rain: 24 (>= 0.2 mm)  11 (>= 1.0 mm)  2 (>= 10.0 mm)
Heat Base: 18.3  Cool Base: 18.3  Method: Integration
:now: :gauges: :today/yesterday: :month/year: :records: :monthly records: :graphs: :Metar reports: :NOAA reports: :Rain/ET: :GDD MetOffice: :GDD NOAA: :season averages: :data summary: :system info: ::forum:


Page updated 14/01/2018 13:25:01
powered by Cumulus v1.9.4 (1099)