Hemel Hempstead (Grovehill) weather

 Latitude N 51° 46' 21"    Longitude W 00° 27' 08"    Elevation 142 m

NOAA Style Reports

Select a Year or Month report
V/Λ2018 > Jan Feb Mar Apr May Jun Jul Aug Sep Oct Nov Dec
V/Λ2017 > Jan Feb Mar Apr May Jun Jul Aug Sep Oct Nov Dec
V/Λ2016 > Jan Feb Mar Apr May Jun Jul Aug Sep Oct Nov Dec
V/Λ2015 > Jan Feb Mar Apr May Jun Jul Aug Sep Oct Nov Dec
V/Λ2014 > Jan Feb Mar Apr May Jun Jul Aug Sep Oct Nov Dec
V/Λ2013 > Jan Feb Mar Apr May Jun Jul Aug Sep Oct Nov Dec
V/Λ2012 > Jan Feb Mar Apr May Jun Jul Aug Sep Oct Nov Dec

Report for 2014 Nov
                   Monthly Climatological Summary for Nov 2014

Name: Grovehill   City: Hemel Hempstead   State: UK
Elevation: 142 m  Lat: N 51° 46' 21"   Lon: W 000° 27' 08"

                  Temperature (°C), Rain (mm), Wind Speed (mph)

                                      Heat  Cool        Avg
    Mean                              Deg   Deg         Wind                 Dom
Day Temp  High   Time   Low    Time   Days  Days  Rain  Speed High   Time    Dir
----------------------------------------------------------------------------------
 1  13.9  17.0   12:40  11.5   20:36   4.3   0.0   0.2   2.0  16.0   20:44   SSW
 2  12.6  14.8   14:29   8.7   23:45   5.7   0.0   7.6   2.7  17.0   00:55   SSW
 3   7.6   9.2   06:45   3.9   00:00  10.7   0.0   2.4   1.0  16.0   05:45   SSW
 4   6.4  12.1   13:05   2.1   07:35  11.9   0.0   1.2   0.4  12.0   15:10   NNW
 5   5.9  10.0   13:05   2.1   00:00  12.3   0.0   0.0   1.8  16.0   14:15    NW
 6   6.2  11.0   12:45  -0.5   05:55  12.0   0.0   2.2   2.3  22.0   22:43   SSE
 7   9.6  11.9   05:24   6.5   21:21   8.7   0.0   8.8   3.8  28.0   14:01   SSW
 8   9.1  12.9   12:51   5.4   05:45   9.2   0.0  10.2   2.1  24.0   12:30     S
 9   8.0  12.3   13:21   5.6   23:55  10.3   0.0   0.2   0.3  10.0   13:29   SSW
10   8.6  11.8   11:45   5.2   03:30   9.7   0.0   0.2   1.4  17.0   23:35   SSE
11  10.6  12.7   12:00   9.2   07:25   7.6   0.0   1.8   3.6  19.0   00:40    SE
12  10.3  12.2   13:55   8.8   18:43   8.0   0.0   3.4   2.0  16.0   11:50   SSE
13  10.8  12.2   18:24   9.0   06:35   7.5   0.0   0.4   2.9  20.0   10:35    SE
14   9.7  13.6   13:22   4.4   23:42   8.5   0.0  14.0   1.5  14.0   02:45    SE
15   7.8  11.3   14:05   4.3   01:56  10.5   0.0   1.6   0.1   7.0   11:11     S
16   8.4   9.8   11:52   6.6   00:00   9.9   0.0   2.0   0.8   9.0   22:35    NE
17   7.5   8.6   15:45   6.4   21:39  10.8   0.0   5.0   2.4  15.0   12:30    NE
18   8.3  11.8   13:45   5.8   07:25  10.0   0.0   0.4   1.4  10.0   16:05    NE
19   7.6  11.2   13:25   4.9   23:55  10.6   0.0   0.0   0.7   9.0   13:15   ENE
20   6.0  10.2   14:25   3.7   21:33  12.3   0.0   0.2   0.8  12.0   11:35   ENE
21   6.2   8.2   23:54   2.8   01:34  12.1   0.0   1.6   1.8  14.0   13:50   ESE
22  11.7  13.2   13:52   8.2   00:00   6.6   0.0   1.2   0.7   9.0   07:47     S
23   7.5  11.4   00:00   3.6   00:00  10.8   0.0  12.8   1.5  14.0   06:19    NW
24   2.8   6.9   13:55   0.2   21:12  15.5   0.0   0.2   0.4   8.0   00:50   WSW
25   3.9   6.6   13:40  -0.7   03:35  14.4   0.0   2.8   1.4  10.0   11:55   ENE
26   7.6   8.7   14:25   6.5   00:05  10.6   0.0   3.4   0.2   8.0   00:10    NE
27   8.4   9.4   20:29   7.8   06:50   9.9   0.0   3.8   0.6  10.0   22:38   SSE
28   9.7  10.6   11:01   8.9   18:43   8.6   0.0   0.4   4.4  20.0   14:43   ENE
29   8.7  11.9   13:21   5.1   23:03   9.6   0.0   0.0   1.3  12.0   08:30     E
30   8.4  11.2   13:37   4.3   01:38  10.0   0.0   0.2   2.6  15.0   18:58    NW
----------------------------------------------------------------------------------
     8.3  17.0     1    -0.7    25   298.6   0.0  88.2   1.6  28.0     7      SE

Max >=  25.0:  0
Max <=   0.0:  0
Min <=   0.0:  2
Min <=  -5.0:  0
Max Rain: 14.0 on day 14
Days of Rain: 27 (>= 0.2 mm)  18 (>= 1.0 mm)  3 (>= 10.0 mm)
Heat Base: 18.3  Cool Base: 18.3  Method: Integration
:now: :gauges: :today/yesterday: :month/year: :records: :monthly records: :graphs: :Metar reports: :NOAA reports: :Rain/ET: :GDD MetOffice: :GDD NOAA: :season averages: :data summary: :system info: ::forum:


Page updated 14/01/2018 13:25:01
powered by Cumulus v1.9.4 (1099)