Hemel Hempstead (Grovehill) weather

 Latitude N 51° 46' 21"    Longitude W 00° 27' 08"    Elevation 142 m

NOAA Style Reports

Select a Year or Month report
V/Λ2018 > Jan Feb Mar Apr May Jun Jul Aug Sep Oct Nov Dec
V/Λ2017 > Jan Feb Mar Apr May Jun Jul Aug Sep Oct Nov Dec
V/Λ2016 > Jan Feb Mar Apr May Jun Jul Aug Sep Oct Nov Dec
V/Λ2015 > Jan Feb Mar Apr May Jun Jul Aug Sep Oct Nov Dec
V/Λ2014 > Jan Feb Mar Apr May Jun Jul Aug Sep Oct Nov Dec
V/Λ2013 > Jan Feb Mar Apr May Jun Jul Aug Sep Oct Nov Dec
V/Λ2012 > Jan Feb Mar Apr May Jun Jul Aug Sep Oct Nov Dec

Report for 2014 Oct
                   Monthly Climatological Summary for Oct 2014

Name: Grovehill   City: Hemel Hempstead   State: UK
Elevation: 142 m  Lat: N 51° 46' 21"   Lon: W 000° 27' 08"

                  Temperature (°C), Rain (mm), Wind Speed (mph)

                                      Heat  Cool        Avg
    Mean                              Deg   Deg         Wind                 Dom
Day Temp  High   Time   Low    Time   Days  Days  Rain  Speed High   Time    Dir
----------------------------------------------------------------------------------
 1  16.3  19.9   14:40  13.9   00:15   2.1   0.1   0.2   1.4  15.0   13:10   WSW
 2  16.0  21.2   15:20  12.3   07:45   2.7   0.4   0.0   0.3   8.0   13:20     E
 3  15.2  21.5   15:30  11.7   07:30   3.5   0.4   0.2   1.1  14.0   11:26   SSW
 4  12.1  16.4   09:31   5.7   00:00   6.2   0.0   6.6   1.7  21.0   15:59   WSW
 5   9.0  15.8   15:46   2.9   06:55   9.2   0.0   0.2   0.4  10.0   16:07   SSW
 6   9.9  11.4   10:20   7.0   03:40   8.4   0.0  11.2   1.8  21.0   11:50    SE
 7   9.6  14.4   14:55   6.6   00:00   8.7   0.0   1.8   2.4  21.0   12:40   WSW
 8  10.6  17.2   14:35   5.3   04:05   7.7   0.0   4.6   1.4  23.0   17:05   SSW
 9  12.1  15.9   13:55   9.3   05:05   6.2   0.0   0.8   2.9  23.0   13:20    SW
10  12.5  18.0   13:58   7.7   07:35   5.8   0.0   0.4   1.0  16.0   14:18    SW
11  11.6  17.3   14:20   7.4   23:55   6.7   0.0   0.6   0.6  13.0   15:45    SW
12   9.1  13.3   14:11   4.4   06:20   9.2   0.0   2.2   1.7  15.0   23:45   ENE
13  11.6  13.2   22:35  10.1   05:30   6.7   0.0  19.8   3.6  23.0   06:20   NNE
14  12.2  13.1   16:15  11.4   08:35   6.1   0.0   0.2   1.4  14.0   02:55    NW
15  12.3  13.8   14:30  10.5   06:15   6.0   0.0  10.0   1.0  12.0   12:55   ESE
16  13.6  17.1   14:50  10.8   07:00   4.7   0.0   0.4   0.8  12.0   13:45    SW
17  14.9  18.6   13:55  12.3   03:20   3.4   0.0   1.0   1.3  14.0   12:40     S
18  16.5  18.1   15:19  15.0   00:00   1.8   0.0   0.8   2.2  19.0   03:55     S
19  15.9  19.1   15:18  13.4   22:35   2.5   0.0   4.4   3.5  29.0   14:14   WSW
20  12.8  15.9   15:05  11.3   00:00   5.5   0.0   0.2   2.9  19.0   12:15   WSW
21  10.6  13.3   09:10   6.2   23:55   7.7   0.0   2.4   8.2  37.0   13:50     W
22   9.3  12.7   14:40   6.1   02:50   9.0   0.0   0.0   3.8  17.0   00:25     W
23  12.7  16.3   12:55   9.6   00:10   5.6   0.0   0.0   1.7  14.0   11:45    SW
24  13.7  15.8   14:34   8.9   00:00   4.5   0.0   2.8   1.3  12.0   03:00   WSW
25  10.2  14.8   14:09   5.0   07:30   8.0   0.0   0.2   1.3  17.0   13:55   WSW
26  12.3  14.0   13:51  10.3   03:00   5.7   0.0   0.0   2.3  22.0   13:34    SW
27  14.2  18.8   13:15  12.2   00:00   4.1   0.0   0.0   1.8  19.0   10:05   SSW
28  14.1  18.3   14:00  11.1   05:00   4.2   0.0   0.2   1.5  16.0   12:50   SSW
29  11.6  14.6   00:20  10.6   05:40   6.7   0.0   2.6   1.8  13.0   11:15   ENE
30  14.4  17.1   12:20  12.2   00:00   3.9   0.0   0.2   0.7  10.0   03:50     S
31  15.6  21.6   14:30  12.7   01:15   3.1   0.4   0.2   1.2  21.0   16:00   SSE
----------------------------------------------------------------------------------
    12.7  21.6    31     2.9     5   175.6   1.3  74.2   1.9  37.0    21      SW

Max >=  25.0:  0
Max <=   0.0:  0
Min <=   0.0:  0
Min <=  -5.0:  0
Max Rain: 19.8 on day 13
Days of Rain: 26 (>= 0.2 mm)  12 (>= 1.0 mm)  3 (>= 10.0 mm)
Heat Base: 18.3  Cool Base: 18.3  Method: Integration
:now: :gauges: :today/yesterday: :month/year: :records: :monthly records: :graphs: :Metar reports: :NOAA reports: :Rain/ET: :GDD MetOffice: :GDD NOAA: :season averages: :data summary: :system info: ::forum:


Page updated 14/01/2018 13:25:01
powered by Cumulus v1.9.4 (1099)