Hemel Hempstead (Grovehill) weather

 Latitude N 51° 46' 21"    Longitude W 00° 27' 08"    Elevation 142 m

NOAA Style Reports

Select a Year or Month report
V/Λ2018 > Jan Feb Mar Apr May Jun Jul Aug Sep Oct Nov Dec
V/Λ2017 > Jan Feb Mar Apr May Jun Jul Aug Sep Oct Nov Dec
V/Λ2016 > Jan Feb Mar Apr May Jun Jul Aug Sep Oct Nov Dec
V/Λ2015 > Jan Feb Mar Apr May Jun Jul Aug Sep Oct Nov Dec
V/Λ2014 > Jan Feb Mar Apr May Jun Jul Aug Sep Oct Nov Dec
V/Λ2013 > Jan Feb Mar Apr May Jun Jul Aug Sep Oct Nov Dec
V/Λ2012 > Jan Feb Mar Apr May Jun Jul Aug Sep Oct Nov Dec

Report for 2014 Aug
                   Monthly Climatological Summary for Aug 2014

Name: Grovehill   City: Hemel Hempstead   State: UK
Elevation: 142 m  Lat: N 51° 46' 21"   Lon: W 000° 27' 08"

                  Temperature (°C), Rain (mm), Wind Speed (mph)

                                      Heat  Cool        Avg
    Mean                              Deg   Deg         Wind                 Dom
Day Temp  High   Time   Low    Time   Days  Days  Rain  Speed High   Time    Dir
----------------------------------------------------------------------------------
 1  19.1  24.2   15:41  15.2   04:10   0.8   1.7   0.0   1.0  15.0   16:21   SSW
 2  18.4  24.2   13:26  14.0   00:00   1.0   1.1   9.8   1.5  16.0   14:23   SSW
 3  17.6  24.7   14:55  11.4   05:05   2.3   1.6   0.2   2.0  16.0   10:10    SW
 4  18.7  24.8   14:25  13.3   05:40   1.4   1.7   0.0   1.7  15.0   15:20     W
 5  18.1  24.1   14:00  12.8   05:25   1.5   1.3   0.0   1.2  20.0   16:30   SSW
 6  20.1  25.5   15:55  16.9   00:00   0.4   2.2   8.0   1.9  17.0   13:50   WSW
 7  20.0  26.3   15:15  15.1   06:00   0.8   2.5   0.0   1.0  10.0   14:05     N
 8  19.5  23.4   13:08  16.1   23:45   0.5   1.7  10.0   1.1  12.0   21:03   ESE
 9  17.9  22.8   14:33  13.1   06:00   1.4   1.1   5.6   2.3  16.0   13:09   WSW
10  16.4  21.9   13:15  13.3   00:00   2.1   0.2  11.6   3.7  29.0   17:21    SW
11  15.4  20.4   13:30  11.5   05:40   3.0   0.1   0.8   4.2  27.0   17:50   WSW
12  15.1  20.2   15:50  11.8   05:50   3.3   0.1   0.2   3.6  21.0   17:30   WSW
13  16.1  22.3   16:10  11.1   05:45   2.7   0.5   0.2   2.8  20.0   16:55     W
14  15.3  20.3   12:45  12.4   05:00   3.2   0.1   9.8   1.3  15.0   15:50   WSW
15  15.4  21.2   15:09  12.3   01:45   3.0   0.1   0.2   1.4  14.0   11:43    NW
16  15.3  20.7   13:49  10.6   04:45   3.1   0.2   0.0   3.1  23.0   17:59   WSW
17  15.4  20.2   15:23  12.5   00:00   3.0   0.1   0.8   4.1  23.0   14:15   WSW
18  13.9  19.4   12:50  10.9   00:00   4.4   0.0   3.8   3.2  19.0   05:55     W
19  12.9  18.2   14:30   9.3   05:10   5.4   0.0   0.4   3.2  19.0   13:20     W
20  13.3  18.8   14:20   7.8   06:05   5.0   0.0   0.0   2.1  22.0   13:55   WNW
21  13.0  18.0   12:00   7.4   05:30   5.3   0.0   0.0   2.0  20.0   14:30   WSW
22  14.7  19.3   14:16  11.5   03:50   3.6   0.0   0.6   2.4  17.0   16:32     W
23  13.1  19.2   16:11   7.4   06:10   5.2   0.0   0.0   2.2  15.0   10:35     W
24  13.5  18.3   16:28   7.9   05:35   4.8   0.0   0.0   1.2  15.0   14:57   WSW
25  15.0  16.9   15:19  12.4   03:00   3.3   0.0  21.6   0.7  12.0   10:53   ESE
26  15.3  17.4   15:05  11.6   23:55   3.0   0.0   2.8   4.0  20.0   11:45   ENE
27  15.2  19.2   13:20   9.9   04:45   3.2   0.1   0.0   2.1  19.0   11:30     E
28  17.9  21.7   15:45  14.3   00:00   0.9   0.5   1.2   2.2  17.0   14:50    SW
29  16.6  20.6   14:43  14.3   00:00   1.9   0.1   0.2   3.3  21.0   13:08   WSW
30  16.2  18.8   15:32  13.8   07:38   2.1   0.0   0.4   2.8  20.0   00:50   WSW
31  16.1  22.1   14:50  12.7   07:00   2.6   0.5   0.0   2.2  20.0   14:06   WNW
----------------------------------------------------------------------------------
    16.1  26.3     7     7.4    21    84.2  17.5  88.2   2.3  29.0    10     WSW

Max >=  25.0:  2
Max <=   0.0:  0
Min <=   0.0:  0
Min <=  -5.0:  0
Max Rain: 21.6 on day 25
Days of Rain: 20 (>= 0.2 mm)  10 (>= 1.0 mm)  3 (>= 10.0 mm)
Heat Base: 18.3  Cool Base: 18.3  Method: Integration
:now: :gauges: :today/yesterday: :month/year: :records: :monthly records: :graphs: :Metar reports: :NOAA reports: :Rain/ET: :GDD MetOffice: :GDD NOAA: :season averages: :data summary: :system info: ::forum:


Page updated 14/01/2018 13:25:01
powered by Cumulus v1.9.4 (1099)