Hemel Hempstead (Grovehill) weather

 Latitude N 51° 46' 21"    Longitude W 00° 27' 08"    Elevation 142 m

NOAA Style Reports

Select a Year or Month report
V/Λ2018 > Jan Feb Mar Apr May Jun Jul Aug Sep Oct Nov Dec
V/Λ2017 > Jan Feb Mar Apr May Jun Jul Aug Sep Oct Nov Dec
V/Λ2016 > Jan Feb Mar Apr May Jun Jul Aug Sep Oct Nov Dec
V/Λ2015 > Jan Feb Mar Apr May Jun Jul Aug Sep Oct Nov Dec
V/Λ2014 > Jan Feb Mar Apr May Jun Jul Aug Sep Oct Nov Dec
V/Λ2013 > Jan Feb Mar Apr May Jun Jul Aug Sep Oct Nov Dec
V/Λ2012 > Jan Feb Mar Apr May Jun Jul Aug Sep Oct Nov Dec

Report for 2014 Jul
                   Monthly Climatological Summary for Jul 2014

Name: Grovehill   City: Hemel Hempstead   State: UK
Elevation: 142 m  Lat: N 51° 46' 21"   Lon: W 000° 27' 08"

                  Temperature (°C), Rain (mm), Wind Speed (mph)

                                      Heat  Cool        Avg
    Mean                              Deg   Deg         Wind                 Dom
Day Temp  High   Time   Low    Time   Days  Days  Rain  Speed High   Time    Dir
----------------------------------------------------------------------------------
 1  16.9  23.4   13:50  10.9   05:25   2.5   1.1   0.0   1.8  14.0   14:15   ENE
 2  17.8  24.7   15:45   9.5   05:05   2.5   2.0   0.0   1.0  12.0   13:40   WSW
 3  20.2  27.2   16:20  12.8   05:20   1.2   3.1   0.0   2.3  19.0   20:10   WSW
 4  19.3  26.5   14:18  13.7   03:40   1.2   2.2   0.2   2.7  22.0   13:37    SW
 5  17.4  20.1   17:31  15.8   00:00   1.0   0.1   5.2   1.8  19.0   02:10    SW
 6  16.4  22.2   15:50  12.8   00:00   2.4   0.5   0.0   1.7  16.0   13:20     W
 7  15.8  22.6   13:30  10.3   05:00   3.2   0.7   0.0   1.1  15.0   14:10    SW
 8  15.8  22.4   16:10  10.9   05:15   3.0   0.5   2.0   1.4  13.0   19:15   WNW
 9  17.4  23.8   15:55  12.3   05:15   2.1   1.2   0.2   4.4  26.0   13:50    NW
10  16.6  22.5   14:25  13.2   23:55   2.3   0.6   0.0   3.4  22.0   06:55    NW
11  16.1  20.7   19:55  12.7   02:55   2.6   0.4   2.8   1.6  15.0   06:00    NW
12  20.5  26.8   13:52  15.3   04:50   0.9   3.1   0.0   1.2  13.0   12:11   WNW
13  18.9  22.9   12:45  12.7   23:55   0.6   1.2   4.6   2.5  17.0   15:07   WNW
14  17.9  24.9   17:05  10.9   05:35   2.2   1.8   0.0   2.8  17.0   16:25   WSW
15  19.8  24.9   16:50  16.1   06:00   0.5   2.0   0.0   1.6  15.0   10:30     W
16  20.1  26.3   13:25  12.8   05:15   1.3   3.1   0.0   1.1  13.0   10:25   WSW
17  22.0  27.9   14:55  16.4   05:30   0.2   3.9   0.0   1.5  13.0   18:15     E
18  23.3  31.3   14:15  17.5   01:35   0.2   5.2   6.0   2.3  17.0   08:30     E
19  22.3  28.9   16:20  18.9   03:55   0.0   4.0   2.6   1.0  13.0   16:55   ESE
20  20.9  25.7   16:38  17.8   06:05   0.0   2.6   0.2   1.6  13.0   12:48   WNW
21  20.5  26.6   16:55  15.8   05:30   0.4   2.7   0.0   1.8  13.0   10:35   WNW
22  20.2  27.2   15:20  15.0   05:15   0.9   2.8   0.0   1.6  16.0   13:45    NE
23  21.2  29.6   15:35  15.3   04:35   0.8   3.7   0.0   3.1  19.0   15:10   ENE
24  21.8  29.7   15:05  15.8   02:55   0.5   4.0   0.0   3.1  21.0   15:30   ENE
25  20.4  27.6   12:46  16.3   03:55   0.5   2.6   1.2   1.5  20.0   14:09    NE
26  22.6  30.1   16:39  16.2   06:15   0.3   4.6   0.0   1.4  13.0   09:05    NW
27  20.7  24.9   14:05  17.7   07:00   0.1   2.4   0.0   1.7  15.0   07:10   WNW
28  18.1  24.0   13:25  14.4   05:40   1.1   0.9   1.4   1.2  15.0   12:25   NNE
29  20.3  27.4   16:20  14.4   05:40   1.0   2.9   0.0   2.1  16.0   12:55   WNW
30  19.2  25.9   16:50  12.3   05:55   1.3   2.3   0.0   2.1  19.0   12:05   WNW
31  19.6  24.9   12:40  14.1   05:10   1.0   2.3   0.0   1.6  17.0   18:25   WSW
----------------------------------------------------------------------------------
    19.4  31.3    18     9.5     2    37.8  70.5  26.4   1.9  26.0     9     WNW

Max >=  25.0: 16
Max <=   0.0:  0
Min <=   0.0:  0
Min <=  -5.0:  0
Max Rain: 6.0 on day 18
Days of Rain: 11 (>= 0.2 mm)  8 (>= 1.0 mm)  0 (>= 10.0 mm)
Heat Base: 18.3  Cool Base: 18.3  Method: Integration
:now: :gauges: :today/yesterday: :month/year: :records: :monthly records: :graphs: :Metar reports: :NOAA reports: :Rain/ET: :GDD MetOffice: :GDD NOAA: :season averages: :data summary: :system info: ::forum:


Page updated 14/01/2018 13:25:01
powered by Cumulus v1.9.4 (1099)