Hemel Hempstead (Grovehill) weather

 Latitude N 51° 46' 21"    Longitude W 00° 27' 08"    Elevation 142 m

NOAA Style Reports

Select a Year or Month report
V/Λ2018 > Jan Feb Mar Apr May Jun Jul Aug Sep Oct Nov Dec
V/Λ2017 > Jan Feb Mar Apr May Jun Jul Aug Sep Oct Nov Dec
V/Λ2016 > Jan Feb Mar Apr May Jun Jul Aug Sep Oct Nov Dec
V/Λ2015 > Jan Feb Mar Apr May Jun Jul Aug Sep Oct Nov Dec
V/Λ2014 > Jan Feb Mar Apr May Jun Jul Aug Sep Oct Nov Dec
V/Λ2013 > Jan Feb Mar Apr May Jun Jul Aug Sep Oct Nov Dec
V/Λ2012 > Jan Feb Mar Apr May Jun Jul Aug Sep Oct Nov Dec

Report for 2014 Jun
                   Monthly Climatological Summary for Jun 2014

Name: Grovehill   City: Hemel Hempstead   State: UK
Elevation: 142 m  Lat: N 51° 46' 21"   Lon: W 000° 27' 08"

                  Temperature (°C), Rain (mm), Wind Speed (mph)

                                      Heat  Cool        Avg
    Mean                              Deg   Deg         Wind                 Dom
Day Temp  High   Time   Low    Time   Days  Days  Rain  Speed High   Time    Dir
----------------------------------------------------------------------------------
 1  16.0  21.6   14:20   9.6   05:05   2.8   0.6   0.0   0.8  12.0   13:13    NE
 2  15.8  20.5   13:05  12.7   04:40   2.7   0.1   0.2   1.1  13.0   10:05   WSW
 3  14.8  20.0   14:50  12.4   02:50   3.5   0.1   0.6   1.1  14.0   01:50   WSW
 4  11.7  13.6   15:00   7.7   22:45   6.6   0.0   3.0   2.0  19.0   18:10   WSW
 5  14.0  19.3   16:15   8.7   00:00   4.4   0.1   0.8   3.7  21.0   15:40     W
 6  15.8  23.8   16:11   6.8   05:05   3.6   1.2   0.0   2.6  16.0   16:27     E
 7  16.9  22.1   15:05  12.9   04:20   2.0   0.6   2.8   1.9  16.0   13:10   SSW
 8  18.3  23.9   16:26  13.0   04:20   1.8   1.8   0.0   1.3  19.0   15:49    SW
 9  18.9  26.0   15:35  12.7   05:35   1.4   2.0   3.8   1.3  14.0   14:25   SSE
10  17.5  22.2   14:50  13.0   00:00   1.7   0.9   0.0   2.2  20.0   14:30    SW
11  16.5  21.6   14:15  11.2   05:00   2.5   0.7   0.0   1.6  15.0   12:15   WSW
12  18.4  25.1   15:35  10.9   05:20   2.0   2.1   0.0   0.8  10.0   13:40   WNW
13  19.3  25.7   16:47  12.0   04:55   1.5   2.5   0.0   0.9  12.0   14:50   NNW
14  17.3  22.2   14:35  13.3   23:35   1.4   0.5   4.8   1.7  17.0   15:40    NE
15  14.9  18.7   15:31  12.8   03:25   3.4   0.0   0.0   1.7  17.0   14:43    NE
16  14.0  17.6   12:55  10.9   04:30   4.3   0.0   0.0   1.5  16.0   13:55   NNE
17  15.9  21.2   16:15  11.9   05:20   2.9   0.5   0.0   2.7  19.0   15:30    NE
18  17.2  22.3   16:30  13.3   00:00   2.0   0.9   0.0   1.7  16.0   12:10    NE
19  15.1  19.1   12:05  11.3   00:00   3.2   0.0   0.0   1.5  15.0   19:00    NE
20  16.4  22.8   17:13  10.2   03:20   2.8   0.9   0.0   0.5   8.0   13:59     W
21  17.8  23.6   16:59  11.2   05:25   1.9   1.5   0.0   2.0  15.0   13:12   WNW
22  18.7  25.3   16:35  12.0   04:55   1.7   2.0   0.0   0.9  10.0   11:10     E
23  18.8  26.1   16:25  14.8   05:25   1.3   1.7   0.0   0.8  15.0   18:30     W
24  17.9  24.1   15:13  13.4   00:00   1.9   1.5   0.2   1.9  19.0   19:05   NNW
25  15.4  21.5   15:35  10.0   04:50   3.3   0.4   0.0   1.5  14.0   00:15   ENE
26  15.8  22.0   16:06   9.2   04:30   3.0   0.5   1.0   1.5  14.0   10:33     E
27  16.7  21.6   15:30  13.4   00:00   2.0   0.3   1.4   1.9  23.0   17:50    SW
28  14.8  20.2   10:57  12.1   05:05   3.5   0.0   0.8   1.0  14.0   18:21   ENE
29  14.2  18.7   11:15  10.8   23:45   4.1   0.0   0.4   1.6  16.0   10:30   NNW
30  15.2  22.7   15:25   9.6   04:55   3.6   0.6   0.4   1.3  12.0   15:15     E
----------------------------------------------------------------------------------
    16.3  26.1    23     6.8     6    82.8  24.0  20.2   1.6  23.0    27     NNW

Max >=  25.0:  5
Max <=   0.0:  0
Min <=   0.0:  0
Min <=  -5.0:  0
Max Rain: 4.8 on day 14
Days of Rain: 13 (>= 0.2 mm)  6 (>= 1.0 mm)  0 (>= 10.0 mm)
Heat Base: 18.3  Cool Base: 18.3  Method: Integration
:now: :gauges: :today/yesterday: :month/year: :records: :monthly records: :graphs: :Metar reports: :NOAA reports: :Rain/ET: :GDD MetOffice: :GDD NOAA: :season averages: :data summary: :system info: ::forum:


Page updated 14/01/2018 13:25:01
powered by Cumulus v1.9.4 (1099)