Hemel Hempstead (Grovehill) weather

 Latitude N 51° 46' 21"    Longitude W 00° 27' 08"    Elevation 142 m

NOAA Style Reports

Select a Year or Month report
V/Λ2018 > Jan Feb Mar Apr May Jun Jul Aug Sep Oct Nov Dec
V/Λ2017 > Jan Feb Mar Apr May Jun Jul Aug Sep Oct Nov Dec
V/Λ2016 > Jan Feb Mar Apr May Jun Jul Aug Sep Oct Nov Dec
V/Λ2015 > Jan Feb Mar Apr May Jun Jul Aug Sep Oct Nov Dec
V/Λ2014 > Jan Feb Mar Apr May Jun Jul Aug Sep Oct Nov Dec
V/Λ2013 > Jan Feb Mar Apr May Jun Jul Aug Sep Oct Nov Dec
V/Λ2012 > Jan Feb Mar Apr May Jun Jul Aug Sep Oct Nov Dec

Report for 2014 May
                   Monthly Climatological Summary for May 2014

Name: Grovehill   City: Hemel Hempstead   State: UK
Elevation: 142 m  Lat: N 51° 46' 21"   Lon: W 000° 27' 08"

                  Temperature (°C), Rain (mm), Wind Speed (mph)

                                      Heat  Cool        Avg
    Mean                              Deg   Deg         Wind                 Dom
Day Temp  High   Time   Low    Time   Days  Days  Rain  Speed High   Time    Dir
----------------------------------------------------------------------------------
 1  11.5  14.3   14:50   9.7   01:10   6.8   0.0   3.6   0.6  13.0   21:00    NE
 2   9.0  12.7   12:47   3.8   00:00   9.2   0.0   0.0   2.1  17.0   12:45    NE
 3   7.8  14.4   15:19   0.9   06:10  10.5   0.0   0.0   0.9  12.0   09:40    NE
 4  10.9  17.9   15:42   4.4   03:45   7.4   0.0   0.0   0.9  12.0   17:59    SW
 5  12.7  18.8   12:58   5.7   03:25   5.6   0.0   0.0   1.6  17.0   11:01   SSE
 6  13.7  18.7   16:00  10.5   00:00   4.6   0.0   3.2   2.4  20.0   19:40   WSW
 7  12.1  16.4   15:25   9.7   05:35   6.2   0.0   0.8   4.5  28.0   16:00   WSW
 8  12.3  15.4   16:15   9.9   04:10   6.0   0.0   6.0   3.2  23.0   17:00   WSW
 9  13.0  17.2   15:19  10.4   08:35   5.2   0.0   1.2   6.1  29.0   14:41   WSW
10  12.3  17.1   11:55   9.4   00:00   6.0   0.0   9.4   5.4  34.0   17:40   WSW
11  10.4  13.8   17:00   8.5   04:50   7.8   0.0   1.0   6.5  31.0   16:10   WSW
12  11.1  16.0   14:05   8.3   00:00   7.2   0.0   6.4   3.0  17.0   07:55     W
13  10.7  16.4   15:40   7.2   01:45   7.6   0.0   3.6   0.9  16.0   15:55   WNW
14  12.7  18.8   17:25   6.7   04:55   5.6   0.0   0.0   2.0  17.0   10:00   WNW
15  14.5  20.7   15:45   7.6   04:10   4.2   0.4   0.0   0.7  12.0   12:00     N
16  15.8  21.6   14:58   8.9   05:20   3.3   0.9   0.0   0.5   9.0   14:56    NW
17  17.4  24.2   16:35  11.1   04:35   2.4   1.5   0.0   0.8  13.0   16:40   WSW
18  17.8  24.7   15:46  11.1   04:05   2.3   1.8   0.0   1.2  14.0   10:48     S
19  18.2  26.3   14:40  10.8   03:25   2.5   2.4   0.0   2.3  17.0   12:15     E
20  16.0  20.4   12:55  12.0   00:00   2.5   0.2   0.0   1.4  14.0   07:35   SSE
21  14.4  19.4   14:35   8.7   04:55   3.9   0.1   0.0   1.8  14.0   18:20   ENE
22  14.0  18.1   11:25  11.3   15:15   4.3   0.0  17.0   1.4  16.0   14:55   SSE
23  12.4  18.2   12:58   9.7   22:25   5.8   0.0   2.4   1.9  22.0   12:11    SE
24  12.0  16.6   14:00   9.8   02:15   6.3   0.0   8.2   1.1  16.0   18:25   SSE
25  13.4  18.6   16:50   9.3   00:00   4.9   0.0   0.4   2.0  20.0   15:15     S
26  10.8  12.8   16:00   6.8   03:45   7.5   0.0   4.4   1.0  12.0   15:50    NW
27  11.9  12.9   08:20   9.7   23:45   6.4   0.0   5.4   3.3  20.0   20:00    NW
28  12.6  14.4   17:30   9.6   00:05   5.7   0.0   3.8   2.2  19.0   00:40   WNW
29  15.3  20.5   14:45  12.8   23:55   3.1   0.1   0.4   2.4  15.0   17:10   ENE
30  13.1  15.7   15:27   9.7   22:55   5.1   0.0   0.0   2.1  13.0   10:29   ENE
31  13.6  18.2   12:40   7.7   05:15   4.7   0.0   0.0   0.6  12.0   12:50   WNW
----------------------------------------------------------------------------------
    13.0  26.3    19     0.9     3   170.6   7.4  77.2   2.2  34.0    10     WSW

Max >=  25.0:  1
Max <=   0.0:  0
Min <=   0.0:  0
Min <=  -5.0:  0
Max Rain: 17.0 on day 22
Days of Rain: 17 (>= 0.2 mm)  14 (>= 1.0 mm)  1 (>= 10.0 mm)
Heat Base: 18.3  Cool Base: 18.3  Method: Integration
:now: :gauges: :today/yesterday: :month/year: :records: :monthly records: :graphs: :Metar reports: :NOAA reports: :Rain/ET: :GDD MetOffice: :GDD NOAA: :season averages: :data summary: :system info: ::forum:


Page updated 14/01/2018 13:25:01
powered by Cumulus v1.9.4 (1099)