Hemel Hempstead (Grovehill) weather

 Latitude N 51° 46' 21"    Longitude W 00° 27' 08"    Elevation 142 m

NOAA Style Reports

Select a Year or Month report
V/Λ2018 > Jan Feb Mar Apr May Jun Jul Aug Sep Oct Nov Dec
V/Λ2017 > Jan Feb Mar Apr May Jun Jul Aug Sep Oct Nov Dec
V/Λ2016 > Jan Feb Mar Apr May Jun Jul Aug Sep Oct Nov Dec
V/Λ2015 > Jan Feb Mar Apr May Jun Jul Aug Sep Oct Nov Dec
V/Λ2014 > Jan Feb Mar Apr May Jun Jul Aug Sep Oct Nov Dec
V/Λ2013 > Jan Feb Mar Apr May Jun Jul Aug Sep Oct Nov Dec
V/Λ2012 > Jan Feb Mar Apr May Jun Jul Aug Sep Oct Nov Dec

Report for 2014 Apr
                   Monthly Climatological Summary for Apr 2014

Name: Grovehill   City: Hemel Hempstead   State: UK
Elevation: 142 m  Lat: N 51° 46' 21"   Lon: W 000° 27' 08"

                  Temperature (°C), Rain (mm), Wind Speed (mph)

                                      Heat  Cool        Avg
    Mean                              Deg   Deg         Wind                 Dom
Day Temp  High   Time   Low    Time   Days  Days  Rain  Speed High   Time    Dir
----------------------------------------------------------------------------------
 1  11.7  17.4   17:10   7.2   07:15   6.6   0.0   1.0   0.6   9.0   14:50     N
 2  12.8  18.4   12:15   8.5   01:15   5.5   0.0   0.0   3.2  17.0   18:10   ENE
 3  13.5  19.6   15:00  10.5   05:50   4.8   0.0   0.0   1.9  19.0   14:30     E
 4  11.8  14.3   14:01   9.0   00:00   6.4   0.0   0.0   2.5  17.0   17:15     W
 5  11.1  14.6   12:35   6.8   02:10   7.2   0.0   0.0   1.9  16.0   15:30   SSW
 6  13.4  14.4   14:25  12.9   06:50   4.9   0.0   1.2   3.9  23.0   18:40   SSW
 7  12.4  13.7   12:50   7.6   00:00   5.9   0.0   8.2   3.6  26.0   09:40   SSW
 8   8.7  13.1   14:35   5.1   23:45   9.6   0.0   0.0   5.6  34.0   13:35     W
 9  10.5  16.8   16:30   4.9   01:20   7.8   0.0   0.0   2.4  15.0   11:20     W
10  10.9  15.8   14:05   5.6   06:30   7.4   0.0   0.0   1.4  12.0   13:25     W
11  11.2  16.1   16:00   6.9   00:00   7.1   0.0   0.0   0.9  13.0   17:12    NW
12   9.3  13.5   17:10   5.2   02:20   9.0   0.0   0.0   2.7  21.0   15:15   WSW
13  11.0  15.9   15:38   5.7   06:40   7.2   0.0   0.0   3.3  19.0   17:36     W
14  10.3  15.6   16:15   5.8   00:00   8.0   0.0   0.0   3.3  19.0   09:55   WNW
15   8.3  15.1   17:00   1.9   06:10  10.0   0.0   0.0   2.0  15.0   14:25   ENE
16   9.8  17.9   15:55   1.3   06:30   8.5   0.0   0.0   1.2  13.0   15:25   SSE
17  10.8  16.0   12:05   6.1   06:45   7.5   0.0   0.0   3.1  22.0   17:30     W
18   8.0  12.8   15:24   3.9   00:00  10.2   0.0   0.0   2.1  20.0   11:56   NNE
19   7.8  14.3   16:40   1.8   04:25  10.5   0.0   0.0   3.7  20.0   19:35   ENE
20  10.0  13.6   14:05   5.9   00:05   8.3   0.0   4.2   3.1  21.0   14:05   ENE
21  12.2  20.3   15:30   4.9   04:40   6.2   0.1   3.0   1.7  17.0   17:25   ENE
22  11.5  14.7   16:45  10.0   00:20   6.8   0.0   0.6   1.2  14.0   14:40    SW
23  12.3  16.3   13:35   8.7   06:45   6.0   0.0   3.8   1.8  15.0   10:25   SSE
24  12.7  16.4   12:00  10.0   00:00   5.6   0.0   1.4   0.4   9.0   15:05     N
25  10.3  12.3   16:00   8.6   03:25   8.0   0.0   3.0   1.2  14.0   08:05     N
26  11.4  17.0   15:56   8.5   02:10   6.8   0.0   1.0   3.3  24.0   17:18    SE
27  10.8  15.6   12:52   7.4   03:25   7.4   0.0   0.2   3.7  17.0   12:55   ENE
28  12.0  17.4   16:15   9.1   02:45   6.3   0.0   0.4   2.2  16.0   17:00   ENE
29  11.7  17.7   15:00   7.7   05:20   6.6   0.0   0.0   1.5  13.0   15:10   ENE
30  12.9  20.4   15:15   5.9   05:45   5.5   0.1   0.0   0.9  14.0   19:15    SW
----------------------------------------------------------------------------------
    11.0  20.4    30     1.3    16   217.6   0.2  28.0   2.3  34.0     8     WSW

Max >=  25.0:  0
Max <=   0.0:  0
Min <=   0.0:  0
Min <=  -5.0:  0
Max Rain: 8.2 on day 7
Days of Rain: 12 (>= 0.2 mm)  9 (>= 1.0 mm)  0 (>= 10.0 mm)
Heat Base: 18.3  Cool Base: 18.3  Method: Integration
:now: :gauges: :today/yesterday: :month/year: :records: :monthly records: :graphs: :Metar reports: :NOAA reports: :Rain/ET: :GDD MetOffice: :GDD NOAA: :season averages: :data summary: :system info: ::forum:


Page updated 14/01/2018 13:25:01
powered by Cumulus v1.9.4 (1099)