Hemel Hempstead (Grovehill) weather

 Latitude N 51° 46' 21"    Longitude W 00° 27' 08"    Elevation 142 m

NOAA Style Reports

Select a Year or Month report
V/Λ2018 > Jan Feb Mar Apr May Jun Jul Aug Sep Oct Nov Dec
V/Λ2017 > Jan Feb Mar Apr May Jun Jul Aug Sep Oct Nov Dec
V/Λ2016 > Jan Feb Mar Apr May Jun Jul Aug Sep Oct Nov Dec
V/Λ2015 > Jan Feb Mar Apr May Jun Jul Aug Sep Oct Nov Dec
V/Λ2014 > Jan Feb Mar Apr May Jun Jul Aug Sep Oct Nov Dec
V/Λ2013 > Jan Feb Mar Apr May Jun Jul Aug Sep Oct Nov Dec
V/Λ2012 > Jan Feb Mar Apr May Jun Jul Aug Sep Oct Nov Dec

Report for 2014 Mar
                   Monthly Climatological Summary for Mar 2014

Name: Grovehill   City: Hemel Hempstead   State: UK
Elevation: 142 m  Lat: N 51° 46' 21"   Lon: W 000° 27' 08"

                  Temperature (°C), Rain (mm), Wind Speed (mph)

                                      Heat  Cool        Avg
    Mean                              Deg   Deg         Wind                 Dom
Day Temp  High   Time   Low    Time   Days  Days  Rain  Speed High   Time    Dir
----------------------------------------------------------------------------------
 1   4.6   9.1   13:50   1.4   06:45  13.7   0.0   0.2   1.2  12.0   08:20     W
 2   6.4   9.4   11:09   1.4   00:40  11.8   0.0   8.8   3.7  24.0   14:05   SSE
 3   5.2   8.7   13:20   2.7   23:15  13.1   0.0   1.8   0.9  12.0   11:55   SSE
 4   5.1  10.1   13:10   0.6   07:15  13.2   0.0   0.2   1.5  13.0   09:40     W
 5   6.7  12.3   13:35   1.1   06:05  11.6   0.0   0.2   1.3  13.0   14:05    SW
 6   8.4  12.6   14:25   5.4   05:05   9.9   0.0   0.0   3.3  22.0   15:10   SSW
 7  10.1  16.4   14:33   5.6   23:40   8.1   0.0   0.0   3.1  19.0   08:33   WSW
 8   9.9  16.1   14:35   5.6   00:00   8.4   0.0   0.0   2.9  19.0   06:10   SSE
 9  11.7  19.5   15:13   5.5   07:15   6.6   0.1   0.0   1.3  17.0   15:00     S
10   7.4  10.8   09:10   4.3   05:10  10.9   0.0   0.0   3.2  20.0   11:55   ENE
11   7.0  10.0   16:30   4.6   23:55  11.3   0.0   0.0   4.6  16.0   01:30   ENE
12   6.9  12.6   16:50   2.3   04:45  11.4   0.0   0.0   0.8  12.0   14:45    NE
13   8.9  16.4   14:15   2.6   06:05   9.4   0.0   0.2   0.3   8.0   13:10    NE
14   9.3  16.3   14:02   2.0   05:50   8.9   0.0   0.2   2.8  19.0   20:15     W
15  11.2  17.3   14:35   7.4   00:00   7.1   0.0   0.0   6.2  24.0   13:25     W
16  12.4  18.6   15:14   8.6   04:20   5.8   0.0   0.0   4.9  22.0   12:49     W
17   9.7  14.4   15:55   6.6   06:50   8.6   0.0   0.0   2.8  15.0   17:35   WSW
18   9.8  13.4   15:25   7.1   05:45   8.5   0.0   0.0   5.6  30.0   16:05     W
19  10.5  15.4   16:40   6.9   23:15   7.8   0.0   0.0   4.5  22.0   11:25   WSW
20   9.9  13.9   14:00   7.2   00:00   8.4   0.0   3.8   5.7  30.0   12:55    SW
21   8.0  11.9   14:03   5.4   06:15  10.2   0.0   0.4   4.3  26.0   16:33    SW
22   6.6  11.2   15:10   3.6   06:15  11.7   0.0   1.0   4.2  23.0   11:30   WSW
23   5.5   9.9   11:27   1.8   05:50  12.7   0.0   0.2   4.4  26.0   13:34   WNW
24   5.5  11.6   13:35  -1.0   06:15  12.8   0.0   0.2   2.6  19.0   11:35    SE
25   6.1   8.7   16:50   2.8   23:00  12.2   0.0   4.4   2.3  14.0   13:05   ESE
26   4.4   9.7   13:45   2.1   02:15  13.9   0.0   0.8   1.2  15.0   14:10     N
27   4.9   9.9   11:50   2.1   05:35  13.4   0.0   3.8   2.2  23.0   14:55   ENE
28   7.3  13.3   14:25   2.9   04:25  10.9   0.0   0.0   3.1  19.0   12:52   ENE
29  12.1  19.7   14:00   6.3   00:35   6.3   0.1   0.0   3.5  22.0   13:25     E
30  12.7  20.3   14:40   5.6   05:45   5.5   0.2   0.0   1.2  13.0   13:46   ESE
31  13.1  17.6   12:20   9.4   07:15   5.2   0.0   0.0   0.8  14.0   12:25    SE
----------------------------------------------------------------------------------
     8.3  20.3    30    -1.0    24   309.3   0.4  26.2   2.9  30.0    18      SW

Max >=  25.0:  0
Max <=   0.0:  0
Min <=   0.0:  1
Min <=  -5.0:  0
Max Rain: 8.8 on day 2
Days of Rain: 15 (>= 0.2 mm)  6 (>= 1.0 mm)  0 (>= 10.0 mm)
Heat Base: 18.3  Cool Base: 18.3  Method: Integration
:now: :gauges: :today/yesterday: :month/year: :records: :monthly records: :graphs: :Metar reports: :NOAA reports: :Rain/ET: :GDD MetOffice: :GDD NOAA: :season averages: :data summary: :system info: ::forum:


Page updated 14/01/2018 13:25:01
powered by Cumulus v1.9.4 (1099)