Hemel Hempstead (Grovehill) weather

 Latitude N 51° 46' 21"    Longitude W 00° 27' 08"    Elevation 142 m

NOAA Style Reports

Select a Year or Month report
V/Λ2018 > Jan Feb Mar Apr May Jun Jul Aug Sep Oct Nov Dec
V/Λ2017 > Jan Feb Mar Apr May Jun Jul Aug Sep Oct Nov Dec
V/Λ2016 > Jan Feb Mar Apr May Jun Jul Aug Sep Oct Nov Dec
V/Λ2015 > Jan Feb Mar Apr May Jun Jul Aug Sep Oct Nov Dec
V/Λ2014 > Jan Feb Mar Apr May Jun Jul Aug Sep Oct Nov Dec
V/Λ2013 > Jan Feb Mar Apr May Jun Jul Aug Sep Oct Nov Dec
V/Λ2012 > Jan Feb Mar Apr May Jun Jul Aug Sep Oct Nov Dec

Report for 2014 Feb
                   Monthly Climatological Summary for Feb 2014

Name: Grovehill   City: Hemel Hempstead   State: UK
Elevation: 142 m  Lat: N 51° 46' 21"   Lon: W 000° 27' 08"

                  Temperature (°C), Rain (mm), Wind Speed (mph)

                                      Heat  Cool        Avg
    Mean                              Deg   Deg         Wind                 Dom
Day Temp  High   Time   Low    Time   Days  Days  Rain  Speed High   Time    Dir
----------------------------------------------------------------------------------
 1   6.6   9.3   00:10   3.4   07:40  11.7   0.0   4.8   5.7  29.0   10:00    SW
 2   6.5   9.3   13:28   4.8   08:00  11.7   0.0   0.0   3.7  22.0   00:20    SW
 3   5.8   7.8   13:45   4.2   19:45  12.5   0.0   0.2   4.4  21.0   10:55    SE
 4   5.9   8.3   13:45   3.1   07:10  12.4   0.0   4.2   4.7  28.0   19:30    SE
 5   7.1   8.7   16:05   5.2   02:35  11.2   0.0  15.4   7.4  33.0   10:50     S
 6   7.1   9.4   19:40   5.4   15:05  11.2   0.0  10.6   4.1  24.0   02:00     S
 7   6.5   8.9   00:00   3.1   07:40  11.6   0.0  23.0   4.7  27.0   07:40   WSW
 8   7.2   8.9   03:55   5.9   10:25  11.1   0.0   7.4   6.5  33.0   21:20   SSW
 9   5.7   7.3   12:50   3.1   21:35  12.5   0.0   0.2   7.0  33.0   00:25    SW
10   4.6   8.6   12:55   2.4   23:25  13.7   0.0   4.4   1.9  19.0   14:15   WSW
11   4.4   7.6   15:05   2.2   23:55  13.9   0.0   3.8   4.7  34.0   12:00    SW
12   5.1   7.9   16:05   2.0   00:25  13.2   0.0   8.8   5.7  34.0   21:55   SSW
13   4.4   6.9   13:00   2.6   23:50  13.9   0.0   0.0   5.3  28.0   19:35   WSW
14   6.0  11.1   17:07   1.9   02:30  12.1   0.0  12.2   5.8  38.0   22:55   SSE
15   7.6  10.4   12:40   4.7   00:00  10.6   0.0   1.6   9.1  42.0   01:20   WSW
16   5.6   9.9   14:16   2.2   08:05  12.6   0.0   0.0   2.4  16.0   00:35   WSW
17   7.6  10.8   13:10   5.3   00:00  10.7   0.0   2.6   2.9  21.0   13:30   SSE
18   8.0  10.4   13:25   4.6   23:25  10.3   0.0   4.2   1.4  14.0   00:35   SSW
19   7.6  10.8   13:00   4.8   00:00  10.7   0.0   0.2   1.8  16.0   21:45    SW
20   9.0  12.2   14:45   4.7   00:00   9.3   0.0   4.6   4.0  24.0   09:20    SW
21   5.5   9.4   14:07   2.4   05:40  12.7   0.0   0.2   3.5  23.0   12:21    SW
22   7.0  11.1   13:10   3.1   06:35  11.3   0.0   0.0   3.3  17.0   00:20    SW
23   9.6  11.4   15:13   7.9   01:30   8.7   0.0   1.0   5.2  30.0   14:17   SSW
24   9.5  13.3   12:40   6.7   06:40   8.8   0.0   1.6   3.4  23.0   23:15   SSE
25   7.5  10.4   00:00   5.1   23:55  10.8   0.0   6.4   3.1  24.0   00:10     S
26   6.5  11.3   12:40   3.4   06:25  11.8   0.0   0.4   2.4  20.0   12:45    SW
27   6.8  11.2   14:15   2.8   23:50  11.5   0.0   8.4   4.0  22.0   04:00    SW
28   4.6   6.3   12:05   2.6   02:10  13.6   0.0   7.4   3.0  19.0   09:56   ENE
----------------------------------------------------------------------------------
     6.6  13.3    24     1.9    14   326.1   0.0 133.6   4.3  42.0    15     SSW

Max >=  25.0:  0
Max <=   0.0:  0
Min <=   0.0:  0
Min <=  -5.0:  0
Max Rain: 23.0 on day 7
Days of Rain: 24 (>= 0.2 mm)  19 (>= 1.0 mm)  4 (>= 10.0 mm)
Heat Base: 18.3  Cool Base: 18.3  Method: Integration
:now: :gauges: :today/yesterday: :month/year: :records: :monthly records: :graphs: :Metar reports: :NOAA reports: :Rain/ET: :GDD MetOffice: :GDD NOAA: :season averages: :data summary: :system info: ::forum:


Page updated 14/01/2018 13:25:01
powered by Cumulus v1.9.4 (1099)