Hemel Hempstead (Grovehill) weather

 Latitude N 51° 46' 21"    Longitude W 00° 27' 08"    Elevation 142 m

NOAA Style Reports

Select a Year or Month report
V/Λ2018 > Jan Feb Mar Apr May Jun Jul Aug Sep Oct Nov Dec
V/Λ2017 > Jan Feb Mar Apr May Jun Jul Aug Sep Oct Nov Dec
V/Λ2016 > Jan Feb Mar Apr May Jun Jul Aug Sep Oct Nov Dec
V/Λ2015 > Jan Feb Mar Apr May Jun Jul Aug Sep Oct Nov Dec
V/Λ2014 > Jan Feb Mar Apr May Jun Jul Aug Sep Oct Nov Dec
V/Λ2013 > Jan Feb Mar Apr May Jun Jul Aug Sep Oct Nov Dec
V/Λ2012 > Jan Feb Mar Apr May Jun Jul Aug Sep Oct Nov Dec

Report for 2014 Jan
                   Monthly Climatological Summary for Jan 2014

Name: Grovehill   City: Hemel Hempstead   State: UK
Elevation: 142 m  Lat: N 51° 46' 21"   Lon: W 000° 27' 08"

                  Temperature (°C), Rain (mm), Wind Speed (mph)

                                      Heat  Cool        Avg
    Mean                              Deg   Deg         Wind                 Dom
Day Temp  High   Time   Low    Time   Days  Days  Rain  Speed High   Time    Dir
----------------------------------------------------------------------------------
 1   8.3  10.4   20:10   5.7   03:20   9.9   0.0  14.2   4.9  29.0   11:10   SSE
 2   8.0   9.8   23:15   5.9   07:25  10.3   0.0   3.2   3.6  22.0   23:35   SSW
 3   7.4  10.4   02:10   4.6   12:05  10.9   0.0   7.0   5.3  29.0   08:05    SW
 4   6.6   8.4   09:40   2.4   00:00  11.7   0.0  19.6   2.8  22.0   06:20   SSW
 5   5.2  12.1   23:50   0.3   06:55  12.9   0.0   4.6   3.1  30.0   18:50   SSE
 6  10.2  12.4   01:05   7.3   23:25   8.2   0.0   9.6   6.4  31.0   05:50    SW
 7   8.8  10.2   13:55   6.8   10:05   9.5   0.0  11.8   4.8  27.0   07:30    SW
 8   8.8  11.4   23:55   7.2   07:05   9.5   0.0   1.2   2.7  19.0   23:35   SSW
 9   7.6  11.6   01:30   2.7   00:00  10.7   0.0   4.0   5.5  29.0   09:35   WSW
10   5.3   9.7   13:46  -0.1   07:50  12.9   0.0   1.0   1.2  14.0   11:29   SSW
11   4.9   8.2   04:00  -0.6   00:00  13.4   0.0   1.2   2.8  16.0   04:15     W
12   3.4   9.2   23:55  -2.0   03:45  14.8   0.0   3.0   2.3  19.0   17:30    SE
13   6.1   9.1   00:00   4.3   08:25  12.2   0.0   3.2   2.4  27.0   00:20   SSW
14   3.9   6.2   13:40   1.6   08:30  14.4   0.0   2.4   2.2  15.0   22:15   WSW
15   9.2  10.8   12:55   5.7   00:00   9.1   0.0   3.2   2.4  19.0   01:05     S
16   8.0   9.9   00:00   6.4   22:35  10.3   0.0   4.6   3.0  20.0   00:25   SSE
17   7.0   8.4   12:25   6.0   22:15  11.3   0.0   1.2   2.4  19.0   05:05     S
18   8.0   9.6   14:25   6.7   00:00  10.3   0.0   1.2   3.5  16.0   10:20    SE
19   5.8   8.1   02:45   1.7   21:25  12.3   0.0   1.4   1.6  14.0   14:18    SW
20   3.4   8.2   14:25  -0.4   09:05  14.9   0.0   0.0   0.2   7.0   12:45     W
21   4.1   6.9   14:45   1.4   00:00  14.2   0.0   0.4   1.7  17.0   22:45    SE
22   7.3   9.8   13:00   5.8   00:00  11.0   0.0   5.8   1.6  14.0   00:15     S
23   4.9   7.7   12:35   3.1   07:20  13.4   0.0   2.0   3.9  23.0   14:45     W
24   5.2   7.2   15:10   2.1   01:45  13.0   0.0   5.2   1.6  14.0   12:51   SSE
25   7.4  10.6   13:55   4.0   23:50  10.9   0.0   2.6   4.8  46.0   16:15     W
26   4.9   8.9   15:00   2.4   20:55  13.3   0.0  11.4   4.6  30.0   18:35   WSW
27   4.0   7.4   12:20   1.5   04:50  14.3   0.0   0.4   3.7  22.0   14:15    SW
28   5.9   9.6   12:50   4.5   07:35  12.4   0.0   2.8   3.0  20.0   16:40   SSE
29   4.7   5.5   00:05   3.7   00:00  13.6   0.0  10.8   4.9  19.0   21:50     E
30   4.2   5.7   14:55   2.7   03:30  14.1   0.0   2.8   1.5  14.0   00:25   ENE
31   5.5   9.3   00:00   3.0   05:10  12.7   0.0  11.2   3.8  30.0   21:10   SSE
----------------------------------------------------------------------------------
     6.3  12.4     6    -2.0    12   372.4   0.0 153.0   3.2  46.0    25     SSW

Max >=  25.0:  0
Max <=   0.0:  0
Min <=   0.0:  4
Min <=  -5.0:  0
Max Rain: 19.6 on day 4
Days of Rain: 30 (>= 0.2 mm)  28 (>= 1.0 mm)  6 (>= 10.0 mm)
Heat Base: 18.3  Cool Base: 18.3  Method: Integration
:now: :gauges: :today/yesterday: :month/year: :records: :monthly records: :graphs: :Metar reports: :NOAA reports: :Rain/ET: :GDD MetOffice: :GDD NOAA: :season averages: :data summary: :system info: ::forum:


Page updated 14/01/2018 13:25:01
powered by Cumulus v1.9.4 (1099)