Hemel Hempstead (Grovehill) weather

 Latitude N 51° 46' 21"    Longitude W 00° 27' 08"    Elevation 142 m

NOAA Style Reports

Select a Year or Month report
V/Λ2018 > Jan Feb Mar Apr May Jun Jul Aug Sep Oct Nov Dec
V/Λ2017 > Jan Feb Mar Apr May Jun Jul Aug Sep Oct Nov Dec
V/Λ2016 > Jan Feb Mar Apr May Jun Jul Aug Sep Oct Nov Dec
V/Λ2015 > Jan Feb Mar Apr May Jun Jul Aug Sep Oct Nov Dec
V/Λ2014 > Jan Feb Mar Apr May Jun Jul Aug Sep Oct Nov Dec
V/Λ2013 > Jan Feb Mar Apr May Jun Jul Aug Sep Oct Nov Dec
V/Λ2012 > Jan Feb Mar Apr May Jun Jul Aug Sep Oct Nov Dec

Report for 2014
                   Annual Climatological Summary for 2014

Name: Grovehill   City: Hemel Hempstead   State: UK
Elevation: 142 m  Lat: N 51° 46' 21"   Lon: W 000° 27' 08"

                  Temperature (°C), Heat Base: 18.3  Cool Base: 18.3
                          Dep.  Heat  Cool                       Max  Max  Min  Min
        Mean  Mean        From  Deg   Deg                        >=   <=   <=   <=
 YR MO  Max   Min   Mean  Norm  Days  Days  Hi  Date  Low  Date 25.0  0.0  0.0  -5.0
------------------------------------------------------------------------------------
 14  1   9.1   3.4   6.3   2.3   372     0  12.4   6  -2.0   12    0    0    4    0
 14  2   9.6   3.9   6.6   2.6   326     0  13.3  24   1.9   14    0    0    0    0
 14  3  13.5   4.2   8.3   2.0   309     0  20.3  30  -1.0   24    0    0    1    0
 14  4  15.9   6.8  11.0   2.6   217     0  20.4  30   1.3   16    0    0    0    0
 14  5  17.8   8.8  13.0   1.5   170     7  26.3  19   0.9    3    1    0    0    0
 14  6  21.8  11.5  16.3   1.8    82    24  26.1  23   6.8    6    5    0    0    0
 14  7  25.6  14.2  19.4   2.5    37    70  31.3  18   9.5    2   16    0    0    0
 14  8  21.1  12.1  16.1  -0.6    84    17  26.3   7   7.4   21    2    0    0    0
 14  9  20.9  11.2  15.5   1.4    96    12  24.5  18   6.0   22    0    0    0    0
 14 10  16.4   9.5  12.7   2.1   175     1  21.6  31   2.9    5    0    0    0    0
 14 11  11.2   5.3   8.3   1.5   298     0  17.0   1  -0.7   25    0    0    2    0
 14 12   8.2   2.4   5.1   0.8   410     0  12.9  18  -2.7   31    0    0    9    0
------------------------------------------------------------------------------------
        15.9   7.8  11.6   1.7  2581   133  31.3 Jul  -2.7  Dec   24    0   16    0

                                Precipitation (mm)

              Dep.   Max        Days of Rain
              From   Obs.           >=
 YR MO Total  Norm   Day Date  0.2  1.0 10.0
---------------------------------------------
 14  1 153.0  86.0  19.6   4    30   28    6
 14  2 133.6  85.9  23.0   7    24   19    4
 14  3  26.2 -22.9   8.8   2    15    6    0
 14  4  28.0 -26.1   8.2   7    12    9    0
 14  5  77.2  25.2  17.0  22    17   14    1
 14  6  20.2 -32.5   4.8  14    13    6    0
 14  7  26.4 -22.4   6.0  18    11    8    0
 14  8  88.2  25.7  21.6  25    20   10    3
 14  9  15.2 -42.0   8.8  20     9    4    0
 14 10  74.2  -6.9  19.8  13    26   12    3
 14 11  88.2  13.2  14.0  14    27   18    3
 14 12  55.4  -9.7  14.4  12    24   11    2
---------------------------------------------
       785.8  73.5  23.0  Feb  228  145   22

                                Wind Speed (mph)
                          Dom
 YR MO   Avg.  Hi   Date  Dir
------------------------------
 14  1   3.2  46.0   25   SSW
 14  2   4.3  42.0   15   SSW
 14  3   2.9  30.0   18    SW
 14  4   2.3  34.0    8    SW
 14  5   2.2  34.0   10   WSW
 14  6   1.6  23.0   27   NNW
 14  7   1.9  26.0    9   WNW
 14  8   2.3  29.0   10   WSW
 14  9   1.2  20.0   14    NE
 14 10   1.9  37.0   21   WSW
 14 11   1.6  28.0    7    SE
 14 12   3.7  34.0   12   WSW
------------------------------
         2.4  46.0  Jan   WSW
:now: :gauges: :today/yesterday: :month/year: :records: :monthly records: :graphs: :Metar reports: :NOAA reports: :Rain/ET: :GDD MetOffice: :GDD NOAA: :season averages: :data summary: :system info: ::forum:


Page updated 14/01/2018 13:25:01
powered by Cumulus v1.9.4 (1099)