Hemel Hempstead (Grovehill) weather

 Latitude N 51° 46' 21"    Longitude W 00° 27' 08"    Elevation 142 m

NOAA Style Reports

Select a Year or Month report
V/Λ2018 > Jan Feb Mar Apr May Jun Jul Aug Sep Oct Nov Dec
V/Λ2017 > Jan Feb Mar Apr May Jun Jul Aug Sep Oct Nov Dec
V/Λ2016 > Jan Feb Mar Apr May Jun Jul Aug Sep Oct Nov Dec
V/Λ2015 > Jan Feb Mar Apr May Jun Jul Aug Sep Oct Nov Dec
V/Λ2014 > Jan Feb Mar Apr May Jun Jul Aug Sep Oct Nov Dec
V/Λ2013 > Jan Feb Mar Apr May Jun Jul Aug Sep Oct Nov Dec
V/Λ2012 > Jan Feb Mar Apr May Jun Jul Aug Sep Oct Nov Dec

Report for 2013 Dec
                   Monthly Climatological Summary for Dec 2013

Name: Grovehill   City: Hemel Hempstead   State: UK
Elevation: 142 m  Lat: N 51° 46' 21"   Lon: W 000° 27' 08"

                  Temperature (°C), Rain (mm), Wind Speed (mph)

                                      Heat  Cool        Avg
    Mean                              Deg   Deg         Wind                 Dom
Day Temp  High   Time   Low    Time   Days  Days  Rain  Speed High   Time    Dir
----------------------------------------------------------------------------------
 1   6.2   9.0   12:51   1.2   00:45  12.0   0.0   0.0   1.2   9.0   04:45    NW
 2   7.0   9.2   12:45   5.4   21:00  11.3   0.0   0.0   0.3   5.0   03:15   ENE
 3   5.2   5.8   03:40   4.6   20:05  13.1   0.0   0.0   1.0  10.0   14:40   WSW
 4   5.5   8.1   11:55   1.3   00:00  12.8   0.0   0.0   2.5  15.0   09:00     W
 5   4.9  10.4   15:20   0.7   06:10  13.4   0.0   1.2   6.4  35.0   12:30     W
 6   4.8   7.2   13:25   1.8   06:15  13.3   0.0   0.0   2.9  20.0   00:50     W
 7   7.1   9.1   12:08   5.3   00:25  11.1   0.0   0.0   2.1  15.0   13:30   WSW
 8   7.5  10.5   13:45   4.6   04:40  10.7   0.0   0.2   2.4  19.0   13:19   WSW
 9   6.8  10.7   12:30   4.3   07:20  11.5   0.0   0.4   1.1  14.0   14:10    SW
10   5.3   7.8   14:10   2.9   06:50  13.0   0.0   0.2   0.4   7.0   01:35     S
11   2.7   5.9   00:00   0.2   20:35  15.6   0.0   0.0   0.2   7.0   08:35     S
12   5.6   8.7   23:55  -0.3   01:25  12.7   0.0   0.4   1.0  12.0   10:30   SSW
13   9.6  11.2   13:25   6.9   00:00   8.6   0.0   1.0   1.7  16.0   17:45   SSW
14   7.4  10.6   14:50   3.3   08:20  10.8   0.0   1.0   3.9  26.0   20:25   SSW
15  10.7  12.6   21:00   7.2   08:30   7.6   0.0   5.6   4.3  23.0   13:20   SSW
16  11.1  12.9   13:25   6.1   00:00   7.2   0.0   8.0   4.3  26.0   05:55    SW
17   5.1   6.2   23:10   4.3   08:35  13.2   0.0   4.2   0.6  13.0   00:30    NE
18   7.8   9.9   22:35   5.1   04:55  10.4   0.0   9.0   4.4  34.0   20:40   SSE
19   5.3   8.5   00:00   2.3   23:20  13.0   0.0   1.6   2.6  22.0   00:20    SW
20   5.8   9.9   22:55   2.1   06:50  12.5   0.0   0.2   4.0  35.0   00:00   SSW
21  10.4  11.6   18:05   7.6   00:00   7.9   0.0  13.0   6.6  35.0   00:00   SSW
22   6.4   8.8   07:20   3.2   23:40  11.9   0.0   4.0   5.0  28.0   07:15    SW
23   8.2  11.6   22:10   3.2   01:35  10.1   0.0  24.2   5.5  36.0   23:10     S
24   7.3  11.6   02:05   4.7   22:50  11.0   0.0  13.6   5.0  33.0   00:10   SSW
25   3.8   5.8   13:10   2.2   08:15  14.5   0.0   1.0   1.1  14.0   13:50     S
26   4.3   6.6   22:55   3.2   01:00  14.0   0.0   0.8   2.0  24.0   23:00   SSW
27   8.2  10.6   04:30   4.8   00:00  10.1   0.0   4.2   6.6  36.0   13:40    SW
28   3.8   7.6   14:05   0.4   23:50  14.5   0.0   0.0   1.3  13.0   10:35    SW
29   3.4   7.1   13:35   0.4   03:40  14.9   0.0   0.2   1.6  14.0   23:50    SW
30   7.8  10.0   12:51   5.0   22:50  10.4   0.0   8.6   5.1  29.0   10:13   SSW
31   7.2   9.8   10:40   4.6   20:30  11.1   0.0   7.4   3.0  21.0   07:15   SSE
----------------------------------------------------------------------------------
     6.5  12.9    16    -0.3    12   364.2   0.0 110.0   2.9  36.0    23      SW

Max >=  25.0:  0
Max <=   0.0:  0
Min <=   0.0:  1
Min <=  -5.0:  0
Max Rain: 24.2 on day 23
Days of Rain: 23 (>= 0.2 mm)  16 (>= 1.0 mm)  3 (>= 10.0 mm)
Heat Base: 18.3  Cool Base: 18.3  Method: Integration
:now: :gauges: :today/yesterday: :month/year: :records: :monthly records: :graphs: :Metar reports: :NOAA reports: :Rain/ET: :GDD MetOffice: :GDD NOAA: :season averages: :data summary: :system info: ::forum:


Page updated 14/01/2018 13:25:01
powered by Cumulus v1.9.4 (1099)