Hemel Hempstead (Grovehill) weather

 Latitude N 51° 46' 21"    Longitude W 00° 27' 08"    Elevation 142 m

NOAA Style Reports

Select a Year or Month report
V/Λ2018 > Jan Feb Mar Apr May Jun Jul Aug Sep Oct Nov Dec
V/Λ2017 > Jan Feb Mar Apr May Jun Jul Aug Sep Oct Nov Dec
V/Λ2016 > Jan Feb Mar Apr May Jun Jul Aug Sep Oct Nov Dec
V/Λ2015 > Jan Feb Mar Apr May Jun Jul Aug Sep Oct Nov Dec
V/Λ2014 > Jan Feb Mar Apr May Jun Jul Aug Sep Oct Nov Dec
V/Λ2013 > Jan Feb Mar Apr May Jun Jul Aug Sep Oct Nov Dec
V/Λ2012 > Jan Feb Mar Apr May Jun Jul Aug Sep Oct Nov Dec

Report for 2013 Nov
                   Monthly Climatological Summary for Nov 2013

Name: Grovehill   City: Hemel Hempstead   State: UK
Elevation: 142 m  Lat: N 51° 46' 21"   Lon: W 000° 27' 08"

                  Temperature (°C), Rain (mm), Wind Speed (mph)

                                      Heat  Cool        Avg
    Mean                              Deg   Deg         Wind                 Dom
Day Temp  High   Time   Low    Time   Days  Days  Rain  Speed High   Time    Dir
----------------------------------------------------------------------------------
 1  11.4  12.8   11:15  10.1   06:50   6.8   0.0   1.8   0.9  12.0   00:20   SSW
 2  10.5  14.2   12:50   8.5   23:55   7.8   0.0   1.8   3.9  34.0   19:30    SW
 3   8.2  12.3   13:15   6.3   23:15  10.0   0.0  11.4   5.5  27.0   01:45   WSW
 4   6.0   9.9   13:00   2.6   22:30  12.3   0.0   7.8   4.0  23.0   01:15    NW
 5   7.5  11.7   12:50   2.9   02:10  10.8   0.0   5.4   4.0  26.0   14:20     W
 6  11.0  14.1   21:45   8.1   04:25   7.3   0.0   4.6   2.9  23.0   23:40   WSW
 7   8.6  13.8   00:00   5.2   23:25   9.7   0.0   0.2   1.1  26.0   00:05     W
 8   6.1   8.9   13:05   3.3   06:10  12.2   0.0   4.4   1.2  14.0   17:25     W
 9   4.7   7.0   13:45   2.4   07:15  13.6   0.0   0.8   0.8  13.0   00:45   WSW
10   5.0   9.3   13:39   1.7   21:50  13.1   0.0   0.2   3.1  19.0   10:46   WNW
11   8.9  12.6   23:55   2.4   00:00   9.4   0.0   4.4   1.6  16.0   09:40     S
12   9.4  12.7   00:35   5.3   21:40   8.9   0.0   1.4   2.0  16.0   12:25   WNW
13   5.7  10.1   12:25   1.8   07:10  12.6   0.0   0.2   1.3  15.0   13:00    SW
14   6.9   9.1   13:50   3.8   22:00  11.4   0.0   0.0   6.1  34.0   09:45   WNW
15   4.8   9.4   13:00   1.8   23:25  13.5   0.0   0.0   1.6  15.0   00:40    NW
16   5.2   7.7   14:15   1.3   03:20  13.1   0.0   0.2   0.6  10.0   10:50   WSW
17   8.0   9.1   13:22   5.9   03:15  10.1   0.0   0.2   0.3   8.0   09:45   ENE
18   7.8   8.5   00:10   5.1   00:00  10.5   0.0   0.6   1.7  15.0   17:00   WNW
19   2.4   5.7   13:50  -1.6   00:00  15.9   0.0   0.2   3.6  20.0   09:40   WNW
20   2.3   5.5   11:20  -1.9   02:30  16.0   0.0   9.0   3.7  26.0   08:20     W
21   4.7   7.6   13:55   2.8   02:30  13.6   0.0   0.2   4.0  22.0   12:20   NNE
22   4.4   7.3   12:35   2.4   00:45  13.9   0.0   0.2   2.3  19.0   12:40     N
23   4.5   6.6   12:05   2.1   06:00  13.6   0.0   0.2   1.4  14.0   14:10   NNW
24   5.4   7.3   13:19   3.7   23:35  12.8   0.0   0.2   1.4  13.0   10:25   NNW
25   4.7   5.9   13:50   3.4   02:05  13.6   0.0   0.0   1.4  13.0   09:55    NW
26   3.5   5.9   13:35  -0.4   07:05  14.8   0.0   0.2   1.6  10.0   11:15     W
27   8.2  10.9   13:20   5.6   00:00  10.1   0.0   0.2   1.6  10.0   12:55   WNW
28   8.1   9.2   13:20   7.3   23:25  10.2   0.0   0.0   0.5   7.0   16:15    NW
29   7.5   9.5   13:05   5.3   23:25  10.7   0.0   0.0   5.5  29.0   14:15     W
30   5.0   7.4   13:05   1.5   00:00  13.3   0.0   0.0   3.1  20.0   06:00   WNW
----------------------------------------------------------------------------------
     6.5  14.2     2    -1.9    20   351.6   0.0  55.8   2.4  34.0     2     WNW

Max >=  25.0:  0
Max <=   0.0:  0
Min <=   0.0:  3
Min <=  -5.0:  0
Max Rain: 11.4 on day 3
Days of Rain: 24 (>= 0.2 mm)  10 (>= 1.0 mm)  1 (>= 10.0 mm)
Heat Base: 18.3  Cool Base: 18.3  Method: Integration
:now: :gauges: :today/yesterday: :month/year: :records: :monthly records: :graphs: :Metar reports: :NOAA reports: :Rain/ET: :GDD MetOffice: :GDD NOAA: :season averages: :data summary: :system info: ::forum:


Page updated 14/01/2018 13:25:01
powered by Cumulus v1.9.4 (1099)