Hemel Hempstead (Grovehill) weather

 Latitude N 51° 46' 21"    Longitude W 00° 27' 08"    Elevation 142 m

NOAA Style Reports

Select a Year or Month report
V/Λ2018 > Jan Feb Mar Apr May Jun Jul Aug Sep Oct Nov Dec
V/Λ2017 > Jan Feb Mar Apr May Jun Jul Aug Sep Oct Nov Dec
V/Λ2016 > Jan Feb Mar Apr May Jun Jul Aug Sep Oct Nov Dec
V/Λ2015 > Jan Feb Mar Apr May Jun Jul Aug Sep Oct Nov Dec
V/Λ2014 > Jan Feb Mar Apr May Jun Jul Aug Sep Oct Nov Dec
V/Λ2013 > Jan Feb Mar Apr May Jun Jul Aug Sep Oct Nov Dec
V/Λ2012 > Jan Feb Mar Apr May Jun Jul Aug Sep Oct Nov Dec

Report for 2013 Oct
                   Monthly Climatological Summary for Oct 2013

Name: Grovehill   City: Hemel Hempstead   State: UK
Elevation: 142 m  Lat: N 51° 46' 21"   Lon: W 000° 27' 08"

                  Temperature (°C), Rain (mm), Wind Speed (mph)

                                      Heat  Cool        Avg
    Mean                              Deg   Deg         Wind                 Dom
Day Temp  High   Time   Low    Time   Days  Days  Rain  Speed High   Time    Dir
----------------------------------------------------------------------------------
 1  13.1  17.3   14:30   9.7   03:20   5.2   0.0   0.0   2.9  17.0   12:15     E
 2  14.9  17.7   15:15  12.5   06:45   3.4   0.0   1.4   1.7  14.0   02:55   ESE
 3  15.5  17.7   00:00  13.2   07:55   2.8   0.0   1.6   1.7  14.0   12:45   ESE
 4  17.3  21.3   14:45  15.1   20:45   1.3   0.3   0.6   2.2  21.0   14:15    SW
 5  14.3  18.7   13:00   9.8   00:00   4.0   0.0   0.0   0.6  12.0   10:10   WNW
 6  12.8  19.8   15:20   7.1   06:30   5.6   0.2   0.0   0.5  10.0   12:01    SW
 7  13.0  18.8   16:15   8.9   05:35   5.3   0.0   0.2   0.6  10.0   11:05   WSW
 8  15.7  19.7   12:00  12.7   01:10   2.7   0.1   0.0   1.6  15.0   13:15   WSW
 9  12.3  16.6   13:00   6.9   23:35   6.0   0.0   0.2   3.2  19.0   13:45     W
10   8.2  11.6   15:30   5.7   07:50  10.1   0.0   0.4   6.1  26.0   16:10   WNW
11  10.5  12.5   17:15   7.4   00:00   7.8   0.0   3.4   5.1  24.0   22:20   NNE
12  11.2  13.9   14:05   9.0   09:05   7.1   0.0   4.0   2.5  23.0   00:45   ENE
13   9.8  11.2   07:15   8.3   20:15   8.4   0.0  14.8   3.1  20.0   10:26   WNW
14   8.7  10.3   14:55   8.1   00:50   9.6   0.0   4.4   1.8  17.0   01:50   WSW
15   9.4  13.1   16:10   7.7   02:45   8.9   0.0   0.2   1.8  13.0   10:45   WNW
16   9.3  13.6   16:20   4.8   03:25   9.0   0.0   5.6   2.2  19.0   22:15   SSW
17  12.9  16.9   15:00   9.6   23:45   5.4   0.0   0.0   1.9  17.0   00:00   WSW
18  13.2  16.0   14:55   9.6   00:00   5.1   0.0   0.2   1.3  15.0   22:05   ESE
19  13.9  16.6   13:00  11.8   23:55   4.4   0.0   1.6   1.0  15.0   15:40     S
20  12.6  16.1   12:45  11.1   18:35   5.7   0.0  21.0   1.5  17.0   08:00   SSW
21  14.3  16.3   15:15  11.9   04:15   4.0   0.0   1.8   2.1  20.0   13:50     S
22  15.3  17.1   15:55  12.6   23:45   3.0   0.0   7.2   2.4  20.0   21:10   SSE
23  13.0  16.8   13:50   6.6   00:00   5.3   0.0   4.0   3.9  24.0   12:40    SW
24  10.8  17.2   15:35   5.0   05:00   7.5   0.0   0.0   0.9  13.0   21:45   ESE
25  14.7  17.4   15:20  12.5   00:00   3.6   0.0   3.6   3.2  20.0   12:30     S
26  14.5  16.3   11:00  13.4   04:10   3.8   0.0   2.8   3.7  24.0   11:10    SW
27  12.5  15.8   12:42  10.0   07:15   5.4   0.0  10.6   4.4  30.0   12:44   WSW
28  11.1  15.3   03:55   7.4   23:00   7.2   0.0  13.2   5.7  51.0   06:55   WSW
29   8.6  12.8   12:30   6.5   00:00   9.7   0.0   0.0   4.3  23.0   13:05     W
30   9.0  14.2   13:35   2.9   07:05   9.3   0.0   0.0   1.7  17.0   14:05    SW
31  11.7  12.5   12:50  11.0   17:45   6.6   0.0   1.8   2.0  16.0   04:10    SW
----------------------------------------------------------------------------------
    12.4  21.3     4     2.9    30   183.2   0.6 104.6   2.5  51.0    28     WSW

Max >=  25.0:  0
Max <=   0.0:  0
Min <=   0.0:  0
Min <=  -5.0:  0
Max Rain: 21.0 on day 20
Days of Rain: 23 (>= 0.2 mm)  17 (>= 1.0 mm)  4 (>= 10.0 mm)
Heat Base: 18.3  Cool Base: 18.3  Method: Integration
:now: :gauges: :today/yesterday: :month/year: :records: :monthly records: :graphs: :Metar reports: :NOAA reports: :Rain/ET: :GDD MetOffice: :GDD NOAA: :season averages: :data summary: :system info: ::forum:


Page updated 14/01/2018 13:25:01
powered by Cumulus v1.9.4 (1099)