Hemel Hempstead (Grovehill) weather

 Latitude N 51° 46' 21"    Longitude W 00° 27' 08"    Elevation 142 m

NOAA Style Reports

Select a Year or Month report
V/Λ2018 > Jan Feb Mar Apr May Jun Jul Aug Sep Oct Nov Dec
V/Λ2017 > Jan Feb Mar Apr May Jun Jul Aug Sep Oct Nov Dec
V/Λ2016 > Jan Feb Mar Apr May Jun Jul Aug Sep Oct Nov Dec
V/Λ2015 > Jan Feb Mar Apr May Jun Jul Aug Sep Oct Nov Dec
V/Λ2014 > Jan Feb Mar Apr May Jun Jul Aug Sep Oct Nov Dec
V/Λ2013 > Jan Feb Mar Apr May Jun Jul Aug Sep Oct Nov Dec
V/Λ2012 > Jan Feb Mar Apr May Jun Jul Aug Sep Oct Nov Dec

Report for 2013 Sep
                   Monthly Climatological Summary for Sep 2013

Name: Grovehill   City: Hemel Hempstead   State: UK
Elevation: 142 m  Lat: N 51° 46' 21"   Lon: W 000° 27' 08"

                  Temperature (°C), Rain (mm), Wind Speed (mph)

                                      Heat  Cool        Avg
    Mean                              Deg   Deg         Wind                 Dom
Day Temp  High   Time   Low    Time   Days  Days  Rain  Speed High   Time    Dir
----------------------------------------------------------------------------------
 1  14.7  21.4   15:40   8.7   05:35   4.0   0.5   0.0   2.1  15.0   14:10     W
 2  17.6  25.1   16:05  10.6   06:05   2.5   1.8   0.0   2.0  15.0   09:10     W
 3  18.2  24.1   12:50  12.7   06:40   1.8   1.7   0.0   0.2   8.0   12:55    SW
 4  19.6  28.0   16:15  11.7   06:50   1.9   3.1   0.0   0.9  12.0   14:00   ESE
 5  20.2  28.8   16:25  12.9   06:00   1.6   3.5   0.0   0.9  12.0   19:10   WNW
 6  14.2  17.3   13:35  11.0   21:10   4.1   0.0   0.0   1.2  13.0   15:30     W
 7  13.1  18.5   13:15   9.4   00:00   5.2   0.0   0.2   1.0  15.0   17:15     S
 8  11.5  17.4   16:25   6.4   03:50   6.7   0.0   0.2   0.9  15.0   11:26    SW
 9  10.3  13.9   13:50   7.9   01:35   8.0   0.0  11.4   0.9  21.0   18:55    NE
10  11.7  16.6   15:10   8.1   06:00   6.6   0.0   1.0   3.1  17.0   12:20   WNW
11  13.0  16.2   12:20  11.1   05:30   5.3   0.0   2.4   3.1  22.0   01:20   WNW
12  14.7  18.9   15:00  11.9   03:45   3.6   0.0   1.0   0.4   9.0   13:50   WSW
13  15.2  16.8   09:15  10.3   00:00   3.1   0.0  15.8   0.7  13.0   22:10   NNE
14  10.4  13.4   15:35   7.3   00:00   7.9   0.0   3.0   1.7  17.0   01:35    NW
15  10.4  14.6   20:00   5.4   06:20   7.7   0.0   3.0   2.6  22.0   18:15   WSW
16  10.4  14.9   14:20   7.5   05:30   7.9   0.0   0.4   4.5  24.0   10:15     W
17  10.3  12.3   12:15   7.7   01:00   8.0   0.0   4.2   1.8  17.0   04:35   WSW
18  11.3  14.4   15:00   8.6   00:00   7.0   0.0   0.8   2.1  14.0   13:20   WNW
19  11.3  15.7   17:45   7.3   05:45   7.0   0.0   1.8   1.7  16.0   12:10   WSW
20  13.2  18.8   14:45   9.7   00:00   5.0   0.0   1.0   1.4  13.0   10:30     W
21  13.4  17.9   17:10   8.3   02:20   4.9   0.0   0.0   0.7  13.0   12:55    SW
22  16.6  21.9   16:05  13.1   00:00   2.1   0.4   0.2   0.7   9.0   03:35   WSW
23  14.8  17.8   15:10  11.7   23:55   3.5   0.0   0.0   0.2   8.0   13:50    SE
24  14.4  22.2   15:55   8.7   06:10   4.5   0.6   0.2   0.3   8.0   16:15   SSW
25  15.6  20.1   15:25  12.4   00:40   3.0   0.2   0.0   0.4   7.0   12:00     N
26  14.3  18.8   15:20  10.6   00:00   4.0   0.0   0.0   2.4  14.0   12:35   ENE
27  12.4  18.5   14:35   7.5   06:10   5.9   0.0   0.0   2.3  14.0   10:10   ENE
28  13.8  18.7   12:00  10.5   06:35   4.5   0.0   0.0   4.2  19.0   12:45   ENE
29  14.6  19.6   15:00  11.6   07:30   3.8   0.1   0.0   4.9  17.0   01:05   ENE
30  14.5  20.2   14:40  10.6   23:45   3.9   0.1   0.0   3.2  17.0   16:00   ENE
----------------------------------------------------------------------------------
    13.9  28.8     5     5.4    15   145.0  12.0  46.6   1.7  24.0    16     WNW

Max >=  25.0:  3
Max <=   0.0:  0
Min <=   0.0:  0
Min <=  -5.0:  0
Max Rain: 15.8 on day 13
Days of Rain: 16 (>= 0.2 mm)  10 (>= 1.0 mm)  2 (>= 10.0 mm)
Heat Base: 18.3  Cool Base: 18.3  Method: Integration
:now: :gauges: :today/yesterday: :month/year: :records: :monthly records: :graphs: :Metar reports: :NOAA reports: :Rain/ET: :GDD MetOffice: :GDD NOAA: :season averages: :data summary: :system info: ::forum:


Page updated 14/01/2018 13:25:01
powered by Cumulus v1.9.4 (1099)