Hemel Hempstead (Grovehill) weather

 Latitude N 51° 46' 21"    Longitude W 00° 27' 08"    Elevation 142 m

NOAA Style Reports

Select a Year or Month report
V/Λ2018 > Jan Feb Mar Apr May Jun Jul Aug Sep Oct Nov Dec
V/Λ2017 > Jan Feb Mar Apr May Jun Jul Aug Sep Oct Nov Dec
V/Λ2016 > Jan Feb Mar Apr May Jun Jul Aug Sep Oct Nov Dec
V/Λ2015 > Jan Feb Mar Apr May Jun Jul Aug Sep Oct Nov Dec
V/Λ2014 > Jan Feb Mar Apr May Jun Jul Aug Sep Oct Nov Dec
V/Λ2013 > Jan Feb Mar Apr May Jun Jul Aug Sep Oct Nov Dec
V/Λ2012 > Jan Feb Mar Apr May Jun Jul Aug Sep Oct Nov Dec

Report for 2013 Aug
                   Monthly Climatological Summary for Aug 2013

Name: Grovehill   City: Hemel Hempstead   State: UK
Elevation: 142 m  Lat: N 51° 46' 21"   Lon: W 000° 27' 08"

                  Temperature (°C), Rain (mm), Wind Speed (mph)

                                      Heat  Cool        Avg
    Mean                              Deg   Deg         Wind                 Dom
Day Temp  High   Time   Low    Time   Days  Days  Rain  Speed High   Time    Dir
----------------------------------------------------------------------------------
 1  24.8  32.7   17:05  16.6   06:05   0.2   6.7   0.0   2.1  20.0   16:15    SE
 2  20.0  26.1   15:40  15.7   05:15   0.5   2.1   0.0   1.8  19.0   17:15    SW
 3  17.9  24.1   14:40  14.8   06:05   1.3   0.9   4.6   2.5  19.0   08:20   WSW
 4  18.1  23.2   15:30  13.9   04:40   1.4   1.3   0.0   2.0  17.0   13:23    SW
 5  17.7  22.9   14:50  14.3   00:00   1.3   0.8  17.0   1.8  21.0   12:05     S
 6  16.3  22.1   16:05  10.9   05:00   2.7   0.6   0.2   1.2  14.0   00:15     W
 7  16.8  22.4   14:30  12.0   06:35   2.5   1.0   0.0   1.7  16.0   16:30   ENE
 8  17.6  24.7   16:30   9.3   05:40   2.6   1.8   0.0   0.8  13.0   18:50    SW
 9  18.1  23.8   15:25  14.9   06:00   1.3   1.1   1.0   2.4  17.0   15:30     W
10  16.4  21.8   14:10  12.3   03:00   2.5   0.6   0.0   1.5  15.0   13:10     W
11  17.4  22.8   14:05  13.4   00:25   1.8   0.9   0.0   2.2  19.0   14:35     W
12  15.9  21.2   16:00  12.4   05:00   2.6   0.3   0.0   2.4  19.0   17:40     W
13  14.7  19.6   11:35   9.7   05:55   3.7   0.0   0.0   2.3  17.0   11:05     W
14  16.4  22.5   14:30   9.8   06:10   2.9   1.0   0.4   1.3  16.0   18:40    SW
15  18.2  22.3   13:45  15.9   00:00   0.9   0.8   0.4   2.0  20.0   14:35   WSW
16  18.6  24.2   16:10  16.1   04:25   0.9   1.2   0.8   1.7  14.0   09:45    SW
17  16.1  19.7   12:40  13.1   05:25   2.2   0.1   0.0   2.8  24.0   17:50    SW
18  18.4  24.4   15:20  14.9   05:30   1.0   1.2   0.0   2.6  15.0   15:35   WSW
19  17.1  22.7   15:40  11.9   06:35   2.1   0.9   0.0   2.1  15.0   11:15   WNW
20  17.5  25.1   16:00  10.9   04:15   2.5   1.7   0.0   0.7  14.0   14:25   WSW
21  18.5  26.5   15:10  10.8   06:05   2.1   2.3   0.2   1.0  13.0   10:20   WSW
22  18.3  22.1   15:15  15.9   07:00   0.9   0.9   5.8   0.7   9.0   17:45   ESE
23  19.8  26.0   12:35  15.0   02:50   0.9   2.5   0.0   2.0  14.0   11:20     E
24  16.5  18.4   14:15  13.2   00:00   1.8   0.0   6.8   1.8  15.0   16:40   WNW
25  17.0  23.7   15:25  12.0   02:50   2.4   1.1  15.0   2.8  17.0   01:10     N
26  18.9  26.1   16:05  14.1   23:20   1.5   2.0   0.0   1.6  13.0   01:25   ENE
27  16.8  23.4   16:15  12.9   23:15   2.5   1.0   0.0   0.8  13.0   16:55     N
28  17.3  24.1   15:05  11.2   03:50   2.4   1.5   0.0   0.6  10.0   14:40     N
29  18.6  24.5   15:55  13.3   06:20   1.5   1.8   0.0   1.6  15.0   13:45   WSW
30  18.4  24.0   15:55  14.2   05:35   1.2   1.3   0.0   2.2  17.0   15:10   WSW
31  15.9  20.2   15:45  11.6   00:00   2.7   0.2   0.0   2.5  17.0   07:40    NW
----------------------------------------------------------------------------------
    17.7  32.7     1     9.3     8    56.8  39.6  52.2   1.8  24.0    17     WSW

Max >=  25.0:  6
Max <=   0.0:  0
Min <=   0.0:  0
Min <=  -5.0:  0
Max Rain: 17.0 on day 5
Days of Rain: 11 (>= 0.2 mm)  6 (>= 1.0 mm)  2 (>= 10.0 mm)
Heat Base: 18.3  Cool Base: 18.3  Method: Integration
:now: :gauges: :today/yesterday: :month/year: :records: :monthly records: :graphs: :Metar reports: :NOAA reports: :Rain/ET: :GDD MetOffice: :GDD NOAA: :season averages: :data summary: :system info: ::forum:


Page updated 14/01/2018 13:25:01
powered by Cumulus v1.9.4 (1099)