Hemel Hempstead (Grovehill) weather

 Latitude N 51° 46' 21"    Longitude W 00° 27' 08"    Elevation 142 m

NOAA Style Reports

Select a Year or Month report
V/Λ2018 > Jan Feb Mar Apr May Jun Jul Aug Sep Oct Nov Dec
V/Λ2017 > Jan Feb Mar Apr May Jun Jul Aug Sep Oct Nov Dec
V/Λ2016 > Jan Feb Mar Apr May Jun Jul Aug Sep Oct Nov Dec
V/Λ2015 > Jan Feb Mar Apr May Jun Jul Aug Sep Oct Nov Dec
V/Λ2014 > Jan Feb Mar Apr May Jun Jul Aug Sep Oct Nov Dec
V/Λ2013 > Jan Feb Mar Apr May Jun Jul Aug Sep Oct Nov Dec
V/Λ2012 > Jan Feb Mar Apr May Jun Jul Aug Sep Oct Nov Dec

Report for 2013 Jul
                   Monthly Climatological Summary for Jul 2013

Name: Grovehill   City: Hemel Hempstead   State: UK
Elevation: 142 m  Lat: N 51° 46' 21"   Lon: W 000° 27' 08"

                  Temperature (°C), Rain (mm), Wind Speed (mph)

                                      Heat  Cool        Avg
    Mean                              Deg   Deg         Wind                 Dom
Day Temp  High   Time   Low    Time   Days  Days  Rain  Speed High   Time    Dir
----------------------------------------------------------------------------------
 1  15.7  19.6   16:30  11.9   05:20   2.6   0.1   0.0   2.4  14.0   10:45   WSW
 2  13.6  16.4   12:50  10.1   05:25   4.7   0.0   1.0   1.3  12.0   22:30   SSW
 3  16.1  20.4   13:30  13.7   03:50   2.3   0.1   2.0   2.1  14.0   00:05   WSW
 4  17.0  23.3   16:30  11.4   03:00   2.5   1.2   0.2   2.7  17.0   13:50   WSW
 5  18.8  25.6   17:30  11.4   06:00   1.8   2.3   0.0   1.0   9.0   15:20   ENE
 6  20.2  27.4   15:25  11.5   05:45   1.5   3.4   0.0   0.7   8.0   10:55   WNW
 7  21.8  28.8   15:30  14.1   05:25   0.9   4.4   0.0   1.4  13.0   16:30   ENE
 8  19.4  26.4   15:55  13.6   05:10   1.3   2.4   0.0   2.1  14.0   15:30   ENE
 9  18.4  26.5   15:20   9.9   05:15   2.3   2.4   0.0   1.5  16.0   15:55   ENE
10  16.8  22.8   14:05  10.3   00:00   2.7   1.2   0.0   2.3  16.0   10:25   ENE
11  15.6  22.4   16:15  10.1   00:10   3.5   0.8   0.0   2.5  13.0   09:00   ENE
12  16.7  25.4   16:20   9.1   05:30   3.4   1.8   0.0   0.7   8.0   09:10   ENE
13  22.9  30.8   16:05  14.8   04:45   0.8   5.4   0.0   1.0  12.0   14:05   NNE
14  22.1  28.3   16:30  16.7   05:35   0.2   3.9   0.0   1.2  15.0   15:40   WNW
15  22.0  29.5   15:40  14.1   05:50   0.7   4.3   0.0   0.9   9.0   16:55    NW
16  22.7  30.1   16:25  15.0   05:30   0.6   5.0   0.0   0.6   9.0   15:45     W
17  23.5  30.9   17:30  15.8   05:50   0.3   5.5   0.0   0.6  10.0   20:20    NE
18  22.1  28.7   15:15  15.1   05:35   0.5   4.3   0.0   2.2  19.0   15:15   ENE
19  21.5  29.3   15:20  13.7   05:25   1.0   4.3   0.0   3.6  17.0   11:20   ENE
20  18.9  24.0   15:40  14.8   04:50   0.8   1.4   0.0   3.3  14.0   23:00   ENE
21  19.6  26.4   16:30  15.4   05:30   0.9   2.2   0.0   2.9  14.0   01:05   ENE
22  23.4  32.8   15:20  14.8   05:05   0.9   5.9   0.0   1.5  12.0   10:15   ESE
23  22.6  29.0   15:45  18.5   06:50   0.0   4.3   2.6   1.2  11.0   16:00    SE
24  20.6  27.1   15:55  15.2   05:35   0.6   2.9   0.0   1.6  12.0   16:00    SW
25  20.0  26.4   15:40  16.3   05:35   0.5   2.2   7.0   1.3  14.0   16:20    SW
26  20.0  26.5   17:10  13.2   05:40   1.3   3.0   0.0   0.8   9.0   17:20    SW
27  20.0  28.4   13:55  12.9   05:35   1.5   3.1  14.8   1.2  12.0   16:30     E
28  18.6  24.6   14:00  14.3   06:05   1.1   1.4   0.8   3.4  22.0   14:25    SW
29  18.0  23.1   16:00  14.7   23:10   1.3   0.9   1.2   2.7  19.0   16:00    SW
30  16.7  21.2   17:45  14.4   05:30   1.9   0.4   7.6   1.3  13.0   04:25    SW
31  18.5  23.2   15:05  15.6   05:05   1.0   1.2   1.0   2.1  16.0   13:40    SW
----------------------------------------------------------------------------------
    19.5  32.8    22     9.1    12    45.4  81.7  38.2   1.7  22.0    28       E

Max >=  25.0: 20
Max <=   0.0:  0
Min <=   0.0:  0
Min <=  -5.0:  0
Max Rain: 14.8 on day 27
Days of Rain: 10 (>= 0.2 mm)  8 (>= 1.0 mm)  1 (>= 10.0 mm)
Heat Base: 18.3  Cool Base: 18.3  Method: Integration
:now: :gauges: :today/yesterday: :month/year: :records: :monthly records: :graphs: :Metar reports: :NOAA reports: :Rain/ET: :GDD MetOffice: :GDD NOAA: :season averages: :data summary: :system info: ::forum:


Page updated 14/01/2018 13:25:01
powered by Cumulus v1.9.4 (1099)